{"id":16775,"date":"2025-06-20T19:13:43","date_gmt":"2025-06-20T23:13:43","guid":{"rendered":"https:\/\/www.multicasa.com.br\/inicio\/?post_type=product&#038;p=16775"},"modified":"2026-01-30T09:50:17","modified_gmt":"2026-01-30T13:50:17","slug":"organizador-de-pia-para-sabao-e-detergente-em-aco-future","status":"publish","type":"product","link":"https:\/\/www.multicasa.com.br\/inicio\/produto\/organizador-de-pia-para-sabao-e-detergente-em-aco-future\/","title":{"rendered":"Organizador de Pia para Sab\u00e3o e Detergente em A\u00e7o Future"},"content":{"rendered":"<p>Organize os produtos da sua pia com o Organizador de Pia Future para Sab\u00e3o, esponja e Detergente. Buchas e parafusos s\u00e3o inclusos para prend\u00ea-lo \u00e0 parede, otimizando o espa\u00e7o da sua cozinha. Com design moderno, mant\u00e9m aspecto brilhante por muito tempo. Conta com a tecnologia Rust Free que consiste emu ma camada extra de protetivo especial aplicado sobre as pe\u00e7as cromadas, resultando em maior resist\u00eancia contra ferrugem. Ideal para quem busca ter sempre \u00e0s m\u00e3os os produtos que precisa no dia-a-dia.<\/p>\n","protected":false},"excerpt":{"rendered":"<h4 style=\"margin: 0px;padding: 0px 0px 16px;font-family: Lato, sans-serif;font-weight: bold;line-height: 3rem;color: var(--dark-grey3);font-size: 22px;font-style: normal;letter-spacing: normal;text-align: start;text-indent: 0px;text-transform: none\">Informa\u00e7\u00f5es t\u00e9cnicas<\/h4>\n<p><span style=\"margin: 0px;padding: 0px;font-weight: 450;font-size: 14px;line-height: 21px;color: var(--dark-grey2);font-family: Lato, sans-serif;font-style: normal;letter-spacing: normal;text-align: start;text-indent: 0px;text-transform: none\">Produto: Organizador de Pia<br \/>\nMarca: Future<br \/>\nMaterial: A\u00e7o Cromado<br \/>\nCaracter\u00edstica: Resist\u00eancia contra ferrugem<br \/>\nAspecto brilhante por muito tempo<br \/>\nTecnologia rust free<br \/>\nAnti ferrugem<br \/>\nItens Inclusos: 1 Organizador de pia<br \/>\nDimens\u00f5es do produto (A x L x P): 16 x 16,5 x 15cm<\/span><\/p>\n","protected":false},"featured_media":16859,"template":"","meta":{"_joinchat":[]},"product_brand":[],"product_cat":[138],"product_tag":[],"class_list":{"0":"post-16775","1":"product","2":"type-product","3":"status-publish","4":"has-post-thumbnail","6":"product_cat-telefones-e-cia","8":"first","9":"instock","10":"shipping-taxable","11":"purchasable","12":"product-type-simple"},"_links":{"self":[{"href":"https:\/\/www.multicasa.com.br\/inicio\/wp-json\/wp\/v2\/product\/16775","targetHints":{"allow":["GET"]}}],"collection":[{"href":"https:\/\/www.multicasa.com.br\/inicio\/wp-json\/wp\/v2\/product"}],"about":[{"href":"https:\/\/www.multicasa.com.br\/inicio\/wp-json\/wp\/v2\/types\/product"}],"wp:featuredmedia":[{"embeddable":true,"href":"https:\/\/www.multicasa.com.br\/inicio\/wp-json\/wp\/v2\/media\/16859"}],"wp:attachment":[{"href":"https:\/\/www.multicasa.com.br\/inicio\/wp-json\/wp\/v2\/media?parent=16775"}],"wp:term":[{"taxonomy":"product_brand","embeddable":true,"href":"https:\/\/www.multicasa.com.br\/inicio\/wp-json\/wp\/v2\/product_brand?post=16775"},{"taxonomy":"product_cat","embeddable":true,"href":"https:\/\/www.multicasa.com.br\/inicio\/wp-json\/wp\/v2\/product_cat?post=16775"},{"taxonomy":"product_tag","embeddable":true,"href":"https:\/\/www.multicasa.com.br\/inicio\/wp-json\/wp\/v2\/product_tag?post=16775"}],"curies":[{"name":"wp","href":"https:\/\/api.w.org\/{rel}","templated":true}]}}