{"id":16829,"date":"2025-06-20T19:14:30","date_gmt":"2025-06-20T23:14:30","guid":{"rendered":"https:\/\/www.multicasa.com.br\/inicio\/?post_type=product&#038;p=16829"},"modified":"2025-08-17T18:58:40","modified_gmt":"2025-08-17T22:58:40","slug":"ducha-topjet-turbo-6400w-220v-bc-lorenzetti","status":"publish","type":"product","link":"https:\/\/www.multicasa.com.br\/inicio\/produto\/ducha-topjet-turbo-6400w-220v-bc-lorenzetti\/","title":{"rendered":"Ducha Topjet Turbo 6400W 220V Bc Lorenzetti"},"content":{"rendered":"<p>O Chuveiro Top Jet da Lorenzetti \u00e9 muito f\u00e1cil de ser instalado. N\u00e3o \u00e9 necess\u00e1rio cano para conectar o chuveiro na sa\u00edda hidr\u00e1ulica. Basta colocar o corpo do chuveiro na parede e rosquear de forma suave. Lembrando sempre de colocar a fita veda rosca nas instala\u00e7\u00f5es hidr\u00e1ulicas para uma melhor veda\u00e7\u00e3o. Com um grande espalhador e de simples instala\u00e7\u00e3o, o chuveiro Top Jet da Lorenzetti possui 4 temperaturas predefinidas e uma haste prolongada que permite a troca de temperatura de forma mais f\u00e1cil, ao alcance das m\u00e3os.<\/p>\n","protected":false},"excerpt":{"rendered":"<h4 style=\"margin: 0px;padding: 0px 0px 16px;font-family: Lato, sans-serif;font-weight: bold;line-height: 3rem;color: var(--dark-grey3);font-size: 22px;font-style: normal;letter-spacing: normal;text-align: start;text-indent: 0px;text-transform: none\">Informa\u00e7\u00f5es t\u00e9cnicas<\/h4>\n<p><span style=\"margin: 0px;padding: 0px;font-weight: 450;font-size: 14px;line-height: 21px;color: var(--dark-grey2);font-family: Lato, sans-serif;font-style: normal;letter-spacing: normal;text-align: start;text-indent: 0px;text-transform: none\">Produto:DUCHA TOPJET TURBO 6400W 220V<br \/>\nMarca: LORENZETTI<br \/>\nMaterial: PL\u00c1STICO<br \/>\nCor: BRANCA<br \/>\nCaracter\u00edsticas:<br \/>\n&#8211; Alta Press\u00e3o<br \/>\n&#8211; Direto na Parede<br \/>\n&#8211; Compat\u00edvel com Dispositivo DR<br \/>\n&#8211; 4 Temperaturas<br \/>\nDimens\u00f5es:<br \/>\nAltura:        12,1 cm<br \/>\nLargura: 16,1 cm<br \/>\nProfundidade: 28,4 cm<\/span><\/p>\n","protected":false},"featured_media":25088,"template":"","meta":{"_joinchat":[]},"product_brand":[],"product_cat":[71],"product_tag":[],"class_list":{"0":"post-16829","1":"product","2":"type-product","3":"status-publish","4":"has-post-thumbnail","6":"product_cat-chuveiros","8":"first","9":"outofstock","10":"shipping-taxable","11":"purchasable","12":"product-type-simple"},"_links":{"self":[{"href":"https:\/\/www.multicasa.com.br\/inicio\/wp-json\/wp\/v2\/product\/16829","targetHints":{"allow":["GET"]}}],"collection":[{"href":"https:\/\/www.multicasa.com.br\/inicio\/wp-json\/wp\/v2\/product"}],"about":[{"href":"https:\/\/www.multicasa.com.br\/inicio\/wp-json\/wp\/v2\/types\/product"}],"wp:featuredmedia":[{"embeddable":true,"href":"https:\/\/www.multicasa.com.br\/inicio\/wp-json\/wp\/v2\/media\/25088"}],"wp:attachment":[{"href":"https:\/\/www.multicasa.com.br\/inicio\/wp-json\/wp\/v2\/media?parent=16829"}],"wp:term":[{"taxonomy":"product_brand","embeddable":true,"href":"https:\/\/www.multicasa.com.br\/inicio\/wp-json\/wp\/v2\/product_brand?post=16829"},{"taxonomy":"product_cat","embeddable":true,"href":"https:\/\/www.multicasa.com.br\/inicio\/wp-json\/wp\/v2\/product_cat?post=16829"},{"taxonomy":"product_tag","embeddable":true,"href":"https:\/\/www.multicasa.com.br\/inicio\/wp-json\/wp\/v2\/product_tag?post=16829"}],"curies":[{"name":"wp","href":"https:\/\/api.w.org\/{rel}","templated":true}]}}