{"id":16858,"date":"2025-06-20T19:14:53","date_gmt":"2025-06-20T23:14:53","guid":{"rendered":"https:\/\/www.multicasa.com.br\/inicio\/?post_type=product&#038;p=16858"},"modified":"2026-04-18T10:00:25","modified_gmt":"2026-04-18T14:00:25","slug":"quadro-distribuicao-56-disjuntores-225a-cemar","status":"publish","type":"product","link":"https:\/\/www.multicasa.com.br\/inicio\/produto\/quadro-distribuicao-56-disjuntores-225a-cemar\/","title":{"rendered":"Quadro Distribui\u00e7\u00e3o 56 Disjuntores 225A Cemar"},"content":{"rendered":"<p>O Quadro de Distribui\u00e7\u00e3o para Disjuntores da Cemar \u00e9 produzido em Chapa de A\u00e7o. Modelo Universal rojetado, projetado para comportar disjuntores din e Bolt-on de todas as marcas do mercado, para disjuntor geral tipo caixa moldada drx ou dpx.<\/p>\n","protected":false},"excerpt":{"rendered":"<h4 style=\"margin: 0px;padding: 0px 0px 16px;font-family: Lato, sans-serif;font-weight: bold;line-height: 3rem;color: var(--dark-grey3);font-size: 22px;font-style: normal;letter-spacing: normal;text-align: start;text-indent: 0px;text-transform: none\">Informa\u00e7\u00f5es t\u00e9cnicas<\/h4>\n<p><span style=\"margin: 0px;padding: 0px;font-weight: 450;font-size: 14px;line-height: 21px;color: var(--dark-grey2);font-family: Lato, sans-serif;font-style: normal;letter-spacing: normal;text-align: start;text-indent: 0px;text-transform: none\">Produto: QUADRO EMB.C\/B TF 56D 225A<br \/>\nMarca: Cemar<br \/>\nMaterial: A\u00e7o<br \/>\nCor: Branco<br \/>\nCaracter\u00edsticas:<br \/>\n&#8211; Capacidade de Disjuntores: 56 din \/ 40 Bolt-on;<br \/>\n&#8211; Circuito Corrente indicada: 225 A (barramento bif\u00e1sico ou trif\u00e1sico);<br \/>\n&#8211; Instala\u00e7\u00e3o: Embutir;<br \/>\n&#8211; Medidas:<br \/>\n&#8211; a: 520 mm;<br \/>\n&#8211; b: 996 mm;<br \/>\n&#8211; c: 446 mm;<br \/>\n&#8211; d: 922 mm;<br \/>\n&#8211; e: 117 mm;<br \/>\n&#8211; f: 338 mm;<br \/>\n&#8211; g: 657 mm;<br \/>\n&#8211; h: 257 mm;<br \/>\nDimens\u00f5es(mm): 520&#215;996 mm<\/span><\/p>\n","protected":false},"featured_media":25875,"template":"","meta":{"_joinchat":[]},"product_brand":[],"product_cat":[122],"product_tag":[],"class_list":{"0":"post-16858","1":"product","2":"type-product","3":"status-publish","4":"has-post-thumbnail","6":"product_cat-quadros-e-cia","8":"first","9":"outofstock","10":"shipping-taxable","11":"purchasable","12":"product-type-simple"},"_links":{"self":[{"href":"https:\/\/www.multicasa.com.br\/inicio\/wp-json\/wp\/v2\/product\/16858","targetHints":{"allow":["GET"]}}],"collection":[{"href":"https:\/\/www.multicasa.com.br\/inicio\/wp-json\/wp\/v2\/product"}],"about":[{"href":"https:\/\/www.multicasa.com.br\/inicio\/wp-json\/wp\/v2\/types\/product"}],"wp:featuredmedia":[{"embeddable":true,"href":"https:\/\/www.multicasa.com.br\/inicio\/wp-json\/wp\/v2\/media\/25875"}],"wp:attachment":[{"href":"https:\/\/www.multicasa.com.br\/inicio\/wp-json\/wp\/v2\/media?parent=16858"}],"wp:term":[{"taxonomy":"product_brand","embeddable":true,"href":"https:\/\/www.multicasa.com.br\/inicio\/wp-json\/wp\/v2\/product_brand?post=16858"},{"taxonomy":"product_cat","embeddable":true,"href":"https:\/\/www.multicasa.com.br\/inicio\/wp-json\/wp\/v2\/product_cat?post=16858"},{"taxonomy":"product_tag","embeddable":true,"href":"https:\/\/www.multicasa.com.br\/inicio\/wp-json\/wp\/v2\/product_tag?post=16858"}],"curies":[{"name":"wp","href":"https:\/\/api.w.org\/{rel}","templated":true}]}}