{"id":16891,"date":"2025-06-20T19:15:07","date_gmt":"2025-06-20T23:15:07","guid":{"rendered":"https:\/\/www.multicasa.com.br\/inicio\/?post_type=product&#038;p=16891"},"modified":"2025-08-18T01:04:31","modified_gmt":"2025-08-18T05:04:31","slug":"plafon-led-orion-40cm-24w-bivolt-3-0k","status":"publish","type":"product","link":"https:\/\/www.multicasa.com.br\/inicio\/produto\/plafon-led-orion-40cm-24w-bivolt-3-0k\/","title":{"rendered":"Plafon Led Orion 40Cm 24W Bivolt 3.0K"},"content":{"rendered":"<p>Plafon LED em acr\u00edlico com efeito c\u00e9u estelado.<\/p>\n","protected":false},"excerpt":{"rendered":"<h4 style=\"margin: 0px;padding: 0px 0px 16px;font-family: Lato, sans-serif;font-weight: bold;line-height: 3rem;color: var(--dark-grey3);font-size: 22px;font-style: normal;letter-spacing: normal;text-align: start;text-indent: 0px;text-transform: none\">Informa\u00e7\u00f5es t\u00e9cnicas<\/h4>\n<p><span style=\"margin: 0px;padding: 0px;font-weight: 450;font-size: 14px;line-height: 21px;color: var(--dark-grey2);font-family: Lato, sans-serif;font-style: normal;letter-spacing: normal;text-align: start;text-indent: 0px;text-transform: none\">Produto: PLAFON LED ORION 40CM 24W BIV.3.0K<br \/>\nMarca: Opus<br \/>\nMaterial: Acrilico<br \/>\nCor: Amarelo<br \/>\nCaracter\u00edsticas:<br \/>\nSobrepor<br \/>\nEfeito c\u00e9u estelado<br \/>\nDesign moderno<br \/>\nFLUXO LUMINOSO: 1920lm<br \/>\n\u00c2NGULO: 120\u00b0<br \/>\nIRC: &gt;80<br \/>\nPOT\u00caNCIA: 24W<br \/>\nTENS\u00c3O: 100 &#8211; 240V<br \/>\nFREQU\u00caNCIA: 60Hz<br \/>\nCORRENTE M\u00c1XIMA: 0.30A<br \/>\nTEMP. OPERA\u00c7\u00c3O: -10\u00b0C a 40\u00b0C<br \/>\nPESO: 1.3kg<br \/>\nGARANTIA: 1 ano<br \/>\nDimens\u00f5es<br \/>\n400 x 400 x 72mm<\/span><\/p>\n","protected":false},"featured_media":25749,"template":"","meta":{"_joinchat":[]},"product_brand":[],"product_cat":[157],"product_tag":[],"class_list":{"0":"post-16891","1":"product","2":"type-product","3":"status-publish","4":"has-post-thumbnail","6":"product_cat-leds-decorativos","8":"first","9":"outofstock","10":"shipping-taxable","11":"purchasable","12":"product-type-simple"},"_links":{"self":[{"href":"https:\/\/www.multicasa.com.br\/inicio\/wp-json\/wp\/v2\/product\/16891","targetHints":{"allow":["GET"]}}],"collection":[{"href":"https:\/\/www.multicasa.com.br\/inicio\/wp-json\/wp\/v2\/product"}],"about":[{"href":"https:\/\/www.multicasa.com.br\/inicio\/wp-json\/wp\/v2\/types\/product"}],"wp:featuredmedia":[{"embeddable":true,"href":"https:\/\/www.multicasa.com.br\/inicio\/wp-json\/wp\/v2\/media\/25749"}],"wp:attachment":[{"href":"https:\/\/www.multicasa.com.br\/inicio\/wp-json\/wp\/v2\/media?parent=16891"}],"wp:term":[{"taxonomy":"product_brand","embeddable":true,"href":"https:\/\/www.multicasa.com.br\/inicio\/wp-json\/wp\/v2\/product_brand?post=16891"},{"taxonomy":"product_cat","embeddable":true,"href":"https:\/\/www.multicasa.com.br\/inicio\/wp-json\/wp\/v2\/product_cat?post=16891"},{"taxonomy":"product_tag","embeddable":true,"href":"https:\/\/www.multicasa.com.br\/inicio\/wp-json\/wp\/v2\/product_tag?post=16891"}],"curies":[{"name":"wp","href":"https:\/\/api.w.org\/{rel}","templated":true}]}}