{"id":16913,"date":"2025-06-20T19:15:19","date_gmt":"2025-06-20T23:15:19","guid":{"rendered":"https:\/\/www.multicasa.com.br\/inicio\/?post_type=product&#038;p=16913"},"modified":"2025-08-18T01:23:46","modified_gmt":"2025-08-18T05:23:46","slug":"lampada-led-tubular-t8-18w-bivolt-3-0k-philips","status":"publish","type":"product","link":"https:\/\/www.multicasa.com.br\/inicio\/produto\/lampada-led-tubular-t8-18w-bivolt-3-0k-philips\/","title":{"rendered":"L\u00e2mpada Led Tubular T8 18W Bivolt 3.0K Philips"},"content":{"rendered":"<p>A L\u00e2mpada Tubular 18w Led Philips \u00e9 a op\u00e7\u00e3o certa para voc\u00ea, al\u00e9m de dur\u00e1vel pois conta com vida \u00fatil nominal de 25.000 horas. Ideal para \u00e1reas internas e externas como espa\u00e7os p\u00fablicos, escrit\u00f3rios, estacionamentos e dep\u00f3sitos. Com seu design exclusivo pode ser instalada diretamente em lumin\u00e1rias que funcionam com energia el\u00e9trica. Al\u00e9m de oferecer um efeito de ilumina\u00e7\u00e3o bem natural e economia de energia imediata, garantindo benef\u00edcios para seu or\u00e7amento e preservando a natureza. Vale ressaltar que esse produto conta com uma garantia de 5 anos pelo fabricante. Recomendamos que desligue a energia el\u00e9trica antes de qualquer procedimento, a fim de evitar qualquer problema e garantir sua seguran\u00e7a.<\/p>\n","protected":false},"excerpt":{"rendered":"<h4 style=\"margin: 0px;padding: 0px 0px 16px;font-family: Lato, sans-serif;font-weight: bold;line-height: 3rem;color: var(--dark-grey3);font-size: 22px;font-style: normal;letter-spacing: normal;text-align: start;text-indent: 0px;text-transform: none\">Informa\u00e7\u00f5es t\u00e9cnicas<\/h4>\n<p><span style=\"margin: 0px;padding: 0px;font-weight: 450;font-size: 14px;line-height: 21px;color: var(--dark-grey2);font-family: Lato, sans-serif;font-style: normal;letter-spacing: normal;text-align: start;text-indent: 0px;text-transform: none\">Produto: LAMPADA LED TUB.T8 18W BIV.3.0K PHI<br \/>\nMarca: Philips<br \/>\nMaterial: Vidro<br \/>\nCor: Branca<br \/>\nCaracter\u00edsticas:<br \/>\n-Economiza at\u00e9 50% no consumo de energia, quando comparada a uma L\u00e2mpada tubular fluorescente de 36w;<br \/>\n-Ideal para corredores, garagens, escrit\u00f3rios, ind\u00fastrias, e com\u00e9rcio em geral; substituem diretamente as L\u00e2mpadas fluorescentes tubulares;<br \/>\n-Vida util de 25.000 h<br \/>\n-Temperatura da l\u00e2mpada: 3000k<br \/>\n-Cor da l\u00e2mpada: amarela<\/span><\/p>\n","protected":false},"featured_media":25435,"template":"","meta":{"_joinchat":[]},"product_brand":[],"product_cat":[80],"product_tag":[],"class_list":{"0":"post-16913","1":"product","2":"type-product","3":"status-publish","4":"has-post-thumbnail","6":"product_cat-lampadas","8":"first","9":"outofstock","10":"shipping-taxable","11":"purchasable","12":"product-type-simple"},"_links":{"self":[{"href":"https:\/\/www.multicasa.com.br\/inicio\/wp-json\/wp\/v2\/product\/16913","targetHints":{"allow":["GET"]}}],"collection":[{"href":"https:\/\/www.multicasa.com.br\/inicio\/wp-json\/wp\/v2\/product"}],"about":[{"href":"https:\/\/www.multicasa.com.br\/inicio\/wp-json\/wp\/v2\/types\/product"}],"wp:featuredmedia":[{"embeddable":true,"href":"https:\/\/www.multicasa.com.br\/inicio\/wp-json\/wp\/v2\/media\/25435"}],"wp:attachment":[{"href":"https:\/\/www.multicasa.com.br\/inicio\/wp-json\/wp\/v2\/media?parent=16913"}],"wp:term":[{"taxonomy":"product_brand","embeddable":true,"href":"https:\/\/www.multicasa.com.br\/inicio\/wp-json\/wp\/v2\/product_brand?post=16913"},{"taxonomy":"product_cat","embeddable":true,"href":"https:\/\/www.multicasa.com.br\/inicio\/wp-json\/wp\/v2\/product_cat?post=16913"},{"taxonomy":"product_tag","embeddable":true,"href":"https:\/\/www.multicasa.com.br\/inicio\/wp-json\/wp\/v2\/product_tag?post=16913"}],"curies":[{"name":"wp","href":"https:\/\/api.w.org\/{rel}","templated":true}]}}