{"id":16919,"date":"2025-06-20T19:15:19","date_gmt":"2025-06-20T23:15:19","guid":{"rendered":"https:\/\/www.multicasa.com.br\/inicio\/?post_type=product&#038;p=16919"},"modified":"2025-09-15T11:33:51","modified_gmt":"2025-09-15T15:33:51","slug":"furadeira-de-impacto-1-2-700w-127v-dewalt","status":"publish","type":"product","link":"https:\/\/www.multicasa.com.br\/inicio\/produto\/furadeira-de-impacto-1-2-700w-127v-dewalt\/","title":{"rendered":"Furadeira De Impacto 1\/2 700W 127V Dewalt"},"content":{"rendered":"<p>A furadeira de impacto modelo DWD502BR da marca Dewalt, foi desenvolvida para trabalhos profissionais pesados de perfura\u00e7\u00e3o, por possuir velocidade vari\u00e1vel e revers\u00edvel. Este equipamento n\u00e3o devendo ser utilizada em locais \u00famidos ou com presen\u00e7a de gases ou l\u00edquidos inflam\u00e1veis. A furadeira de impacto DWD502BR da Dewalt possui tanto a fun\u00e7\u00e3o de perfura\u00e7\u00e3o simples, para aplica\u00e7\u00f5es em madeira, metal e pl\u00e1stico, quanto a perfura\u00e7\u00e3o martelete (com impacto), para aplica\u00e7\u00f5es em alvenaria, tijolos e concreto.<\/p>\n","protected":false},"excerpt":{"rendered":"<h4 style=\"margin: 0px;padding: 0px 0px 16px;font-family: Lato, sans-serif;font-weight: bold;line-height: 3rem;color: var(--dark-grey3);font-size: 22px;font-style: normal;letter-spacing: normal;text-align: start;text-indent: 0px;text-transform: none\">Informa\u00e7\u00f5es t\u00e9cnicas<\/h4>\n<p><span style=\"margin: 0px;padding: 0px;font-weight: 450;font-size: 14px;line-height: 21px;color: var(--dark-grey2);font-family: Lato, sans-serif;font-style: normal;letter-spacing: normal;text-align: start;text-indent: 0px;text-transform: none\">Produto: FURADEIRA DE IMPACTO 1\/2 700W 127V<br \/>\nMarca: Dewalt<br \/>\nMaterial: ABS<br \/>\nCor: Amarelo<br \/>\nCaracter\u00edsticas:<br \/>\n&#8211; Com motor de 710 watts, o mais potente da categoria;<br \/>\n&#8211; Alta performance;<br \/>\n&#8211; Maior vida \u00fatil;<br \/>\n&#8211; Empunhadura Lateral Texturizada Com segurador leve para maior conforto e controle 360\u00ba;<br \/>\n&#8211; Empunhadura Frontal Emborrachada Maior conforto;<br \/>\n&#8211; Interruptor eletr\u00f4nico com Seletor de Reverso para maior conforto ao usar a ferramenta;<br \/>\n&#8211; Acompanha guia de profundidade, empunhadura lateral e chave de mandril;<br \/>\n&#8211; Gatilho de dois dedos, ergonomia e praticidade;<br \/>\n&#8211; Porta chave no cabo el\u00e9trico, rapidez na troca de acess\u00f3rios;<br \/>\n&#8211; Seletor de Fun\u00e7\u00e3o Permite mudar f\u00e1cil e rapidamente conforme a aplica\u00e7\u00e3o;<br \/>\n&#8211; Entalhe para os Dedos Melhor controle e firmeza da furadeira;<br \/>\n&#8211; Aberturas de Ventila\u00e7\u00e3o de Ar Ajudam na refrigera\u00e7\u00e3o do motor para uma longa vida \u00fatil;<br \/>\n&#8211; Bot\u00e3o de Uso Cont\u00ednuo Permite manter a unidade em uma velocidade cont\u00ednua.<\/p>\n<p>Caracter\u00edsticas t\u00e9cnicas<br \/>\n&#8211; Di\u00e2metro do Mandril: 13 mm (1\/2\u0092\u0092);<br \/>\n&#8211; Pot\u00eancia: 710 Watts;<br \/>\n&#8211; Frequ\u00eancia: 50-60 Hz;<br \/>\n&#8211; Velocidade: 0 &#8211; 2.600 rpm;<br \/>\n&#8211; Impactos por Minuto: 0 \u0096 44200 IPM;<br \/>\n&#8211; Perfura\u00e7\u00e3o M\u00e1xima em A\u00e7o: 13 mm;<br \/>\n&#8211; Perfura\u00e7\u00e3o M\u00e1xima em Madeira: 25 mm;<br \/>\n&#8211; Perfura\u00e7\u00e3o M\u00e1xima em Alvenaria: 13 mm;<br \/>\n&#8211; Velocidade vari\u00e1vel: Sim;<br \/>\n&#8211; Seletor de Vel. var.: Sim;<br \/>\n&#8211; Comprimento do Cabo: 2,0m;<br \/>\n&#8211; Peso L\u00edquido: 1.7 kg.<\/span><\/p>\n","protected":false},"featured_media":25244,"template":"","meta":{"_joinchat":[]},"product_brand":[],"product_cat":[152],"product_tag":[],"class_list":{"0":"post-16919","1":"product","2":"type-product","3":"status-publish","4":"has-post-thumbnail","6":"product_cat-ferramentas-eletricas","8":"first","9":"outofstock","10":"shipping-taxable","11":"purchasable","12":"product-type-simple"},"_links":{"self":[{"href":"https:\/\/www.multicasa.com.br\/inicio\/wp-json\/wp\/v2\/product\/16919","targetHints":{"allow":["GET"]}}],"collection":[{"href":"https:\/\/www.multicasa.com.br\/inicio\/wp-json\/wp\/v2\/product"}],"about":[{"href":"https:\/\/www.multicasa.com.br\/inicio\/wp-json\/wp\/v2\/types\/product"}],"wp:featuredmedia":[{"embeddable":true,"href":"https:\/\/www.multicasa.com.br\/inicio\/wp-json\/wp\/v2\/media\/25244"}],"wp:attachment":[{"href":"https:\/\/www.multicasa.com.br\/inicio\/wp-json\/wp\/v2\/media?parent=16919"}],"wp:term":[{"taxonomy":"product_brand","embeddable":true,"href":"https:\/\/www.multicasa.com.br\/inicio\/wp-json\/wp\/v2\/product_brand?post=16919"},{"taxonomy":"product_cat","embeddable":true,"href":"https:\/\/www.multicasa.com.br\/inicio\/wp-json\/wp\/v2\/product_cat?post=16919"},{"taxonomy":"product_tag","embeddable":true,"href":"https:\/\/www.multicasa.com.br\/inicio\/wp-json\/wp\/v2\/product_tag?post=16919"}],"curies":[{"name":"wp","href":"https:\/\/api.w.org\/{rel}","templated":true}]}}