{"id":16920,"date":"2025-06-20T19:15:19","date_gmt":"2025-06-20T23:15:19","guid":{"rendered":"https:\/\/www.multicasa.com.br\/inicio\/?post_type=product&#038;p=16920"},"modified":"2025-08-18T01:24:23","modified_gmt":"2025-08-18T05:24:23","slug":"martelete-800w-127v-dewalt","status":"publish","type":"product","link":"https:\/\/www.multicasa.com.br\/inicio\/produto\/martelete-800w-127v-dewalt\/","title":{"rendered":"Martelete 800W 127V Dewalt"},"content":{"rendered":"<p>As ferramentas el\u00e9tricas s\u00e3o os acess\u00f3rios mais procurados por quem busca praticidade e seguran\u00e7a na hora realizar trabalhos espec\u00edficos de consertos, reparos ou at\u00e9 mesmo na confec\u00e7\u00e3o de novos m\u00f3veis e itens decorativos. Muito procuradas por profissionais da \u00e1rea, as ferramentas facilitam o dia a dia e garantem os melhores resultados. Entre os principais acess\u00f3ricos est\u00e3o: parafusadeiras, furadeiras, serras circulares, tupias, plainas, marteletes, serra sabre, motosserras, carregadores de bateria, al\u00e9m de soldas MIG, TIG e inversora.<\/p>\n","protected":false},"excerpt":{"rendered":"<h4 style=\"margin: 0px;padding: 0px 0px 16px;font-family: Lato, sans-serif;font-weight: bold;line-height: 3rem;color: var(--dark-grey3);font-size: 22px;font-style: normal;letter-spacing: normal;text-align: start;text-indent: 0px;text-transform: none\">Informa\u00e7\u00f5es t\u00e9cnicas<\/h4>\n<p><span style=\"margin: 0px;padding: 0px;font-weight: 450;font-size: 14px;line-height: 21px;color: var(--dark-grey2);font-family: Lato, sans-serif;font-style: normal;letter-spacing: normal;text-align: start;text-indent: 0px;text-transform: none\">Produto: MARTELETE 800W 127V DEWALT<br \/>\nMarca: Dewalt<br \/>\nMaterial: ABS<br \/>\nCor: Amarelo<br \/>\nCaracter\u00edsticas:<br \/>\nComprimento da Embalagem<br \/>\n35 cm<br \/>\nLargura da Embalagem<br \/>\n12 cm<br \/>\nAltura da Embalagem<br \/>\n35 cm<br \/>\nPeso Bruto<br \/>\n4,3 kg<br \/>\nPeso L\u00edquido<br \/>\n4,530 kg<br \/>\nVoltagem<br \/>\n127V<br \/>\nPot\u00eancia<br \/>\n800W<\/span><\/p>\n","protected":false},"featured_media":25548,"template":"","meta":{"_joinchat":[]},"product_brand":[],"product_cat":[152],"product_tag":[],"class_list":{"0":"post-16920","1":"product","2":"type-product","3":"status-publish","4":"has-post-thumbnail","6":"product_cat-ferramentas-eletricas","8":"first","9":"instock","10":"shipping-taxable","11":"purchasable","12":"product-type-simple"},"_links":{"self":[{"href":"https:\/\/www.multicasa.com.br\/inicio\/wp-json\/wp\/v2\/product\/16920","targetHints":{"allow":["GET"]}}],"collection":[{"href":"https:\/\/www.multicasa.com.br\/inicio\/wp-json\/wp\/v2\/product"}],"about":[{"href":"https:\/\/www.multicasa.com.br\/inicio\/wp-json\/wp\/v2\/types\/product"}],"wp:featuredmedia":[{"embeddable":true,"href":"https:\/\/www.multicasa.com.br\/inicio\/wp-json\/wp\/v2\/media\/25548"}],"wp:attachment":[{"href":"https:\/\/www.multicasa.com.br\/inicio\/wp-json\/wp\/v2\/media?parent=16920"}],"wp:term":[{"taxonomy":"product_brand","embeddable":true,"href":"https:\/\/www.multicasa.com.br\/inicio\/wp-json\/wp\/v2\/product_brand?post=16920"},{"taxonomy":"product_cat","embeddable":true,"href":"https:\/\/www.multicasa.com.br\/inicio\/wp-json\/wp\/v2\/product_cat?post=16920"},{"taxonomy":"product_tag","embeddable":true,"href":"https:\/\/www.multicasa.com.br\/inicio\/wp-json\/wp\/v2\/product_tag?post=16920"}],"curies":[{"name":"wp","href":"https:\/\/api.w.org\/{rel}","templated":true}]}}