{"id":16933,"date":"2025-06-20T19:15:27","date_gmt":"2025-06-20T23:15:27","guid":{"rendered":"https:\/\/www.multicasa.com.br\/inicio\/?post_type=product&#038;p=16933"},"modified":"2025-06-23T10:24:04","modified_gmt":"2025-06-23T14:24:04","slug":"parafusadeira-furadeira-20v-bivolt-dewalt","status":"publish","type":"product","link":"https:\/\/www.multicasa.com.br\/inicio\/produto\/parafusadeira-furadeira-20v-bivolt-dewalt\/","title":{"rendered":"Parafusadeira\/Furadeira 20V Bivolt Dewalt"},"content":{"rendered":"<p>A Furadeira de Impacto e Parafusadeira Dewalt DCD776C2-B2 possui duas velocidades, motor de auto rendimento e empunhadura ergon\u00f4mica. Apresenta uma luz de LED na ponta do equipamento que permite ao usu\u00e1rio maior visibilidade para locais com pouca ilumina\u00e7\u00e3o. \u00c9 ideal para Marceneiros e Profissionais de manuten\u00e7\u00e3o em geral, perfeita para realizar furos em alvenaria, madeira e metal, Trabalhos de parafusar e desparafusar com bits fenda: Reta, Cruzado e Torx.<\/p>\n","protected":false},"excerpt":{"rendered":"<h4 style=\"margin: 0px;padding: 0px 0px 16px;font-family: Lato, sans-serif;font-weight: bold;line-height: 3rem;color: var(--dark-grey3);font-size: 22px;font-style: normal;letter-spacing: normal;text-align: start;text-indent: 0px;text-transform: none\">Informa\u00e7\u00f5es t\u00e9cnicas<\/h4>\n<p><span style=\"margin: 0px;padding: 0px;font-weight: 450;font-size: 14px;line-height: 21px;color: var(--dark-grey2);font-family: Lato, sans-serif;font-style: normal;letter-spacing: normal;text-align: start;text-indent: 0px;text-transform: none\">Produto: PARAFUSADEIRA\/FUR.2BAT.20V BIV.DEWA<br \/>\nMarca: Dewalt<br \/>\nMaterial:<br \/>\nCor: Amarelo\/Preto<br \/>\nCaracter\u00edsticas<br \/>\n&#8211; 20V MAX*<br \/>\n&#8211; Velocidade sem Carga 0-450 \/ 0-1.500 RPM<br \/>\n&#8211; Mandril de Aperto R\u00e1pido 1\/2&#8243; (13 mm)<br \/>\n&#8211; Posi\u00e7\u00f5es de Torque: 15<br \/>\n&#8211; Capacidade Madeira \u00d8 30 mm<br \/>\n&#8211; Capacidade Alvenaria \u00d8 13 mm<br \/>\n&#8211; Peso: 1,5 Kg<br \/>\n&#8211; Torque M\u00e1ximo: 42 Nm<br \/>\n&#8211; Impactos por Minuto 0-7.650 \/ 0-25.500 IPM<br \/>\n&#8211; Fun\u00e7\u00e3o (Modo) Parafusadeira, Furadeira com Impacto<br \/>\n&#8211; Velocidades Mec\u00e2nicas: 2<br \/>\n&#8211; Capacidade A\u00e7o \u00d8 13 mm<br \/>\n&#8211; Led<br \/>\nInclui<br \/>\n&#8211; 2 baterias 20V Max* 1,3 Ah<br \/>\n&#8211; 1 Carregador Bivolt<br \/>\n&#8211; 1 Maleta pl\u00e1stica.<br \/>\nDimens\u00f5es (A x L x P)<br \/>\n25 x 10 x 25 cm.<\/span><\/p>\n","protected":false},"featured_media":25666,"template":"","meta":{"_joinchat":[]},"product_brand":[],"product_cat":[152],"product_tag":[],"class_list":{"0":"post-16933","1":"product","2":"type-product","3":"status-publish","4":"has-post-thumbnail","6":"product_cat-ferramentas-eletricas","8":"first","9":"outofstock","10":"shipping-taxable","11":"product-type-simple"},"_links":{"self":[{"href":"https:\/\/www.multicasa.com.br\/inicio\/wp-json\/wp\/v2\/product\/16933","targetHints":{"allow":["GET"]}}],"collection":[{"href":"https:\/\/www.multicasa.com.br\/inicio\/wp-json\/wp\/v2\/product"}],"about":[{"href":"https:\/\/www.multicasa.com.br\/inicio\/wp-json\/wp\/v2\/types\/product"}],"wp:featuredmedia":[{"embeddable":true,"href":"https:\/\/www.multicasa.com.br\/inicio\/wp-json\/wp\/v2\/media\/25666"}],"wp:attachment":[{"href":"https:\/\/www.multicasa.com.br\/inicio\/wp-json\/wp\/v2\/media?parent=16933"}],"wp:term":[{"taxonomy":"product_brand","embeddable":true,"href":"https:\/\/www.multicasa.com.br\/inicio\/wp-json\/wp\/v2\/product_brand?post=16933"},{"taxonomy":"product_cat","embeddable":true,"href":"https:\/\/www.multicasa.com.br\/inicio\/wp-json\/wp\/v2\/product_cat?post=16933"},{"taxonomy":"product_tag","embeddable":true,"href":"https:\/\/www.multicasa.com.br\/inicio\/wp-json\/wp\/v2\/product_tag?post=16933"}],"curies":[{"name":"wp","href":"https:\/\/api.w.org\/{rel}","templated":true}]}}