{"id":16965,"date":"2025-06-20T19:15:37","date_gmt":"2025-06-20T23:15:37","guid":{"rendered":"https:\/\/www.multicasa.com.br\/inicio\/?post_type=product&#038;p=16965"},"modified":"2026-03-24T10:20:15","modified_gmt":"2026-03-24T14:20:15","slug":"refletor-led-50w-ip65-preto-6-5k-avant","status":"publish","type":"product","link":"https:\/\/www.multicasa.com.br\/inicio\/produto\/refletor-led-50w-ip65-preto-6-5k-avant\/","title":{"rendered":"Refletor Led 50W Ip65 Preto 6.5K Avant"},"content":{"rendered":"<p>A ilumina\u00e7\u00e3o de \u00e1reas externas pede uma lumin\u00e1ria eficiente, potente e econ\u00f4mica. A linha de refletores Slim da Avant faz esse papel muito bem e ainda possui dimens\u00f5es compactas e design super clean e discreto. Seus usos s\u00e3o os mais diversos: galp\u00f5es, estacionamentos, jardins, quintais, fachadas, quadras, campos de futebol e muito mais.<\/p>\n","protected":false},"excerpt":{"rendered":"<h4 style=\"margin: 0px;padding: 0px 0px 16px;font-family: Lato, sans-serif;font-weight: bold;line-height: 3rem;color: var(--dark-grey3);font-size: 22px;font-style: normal;letter-spacing: normal;text-align: start;text-indent: 0px;text-transform: none\">Informa\u00e7\u00f5es t\u00e9cnicas<\/h4>\n<p><span style=\"margin: 0px;padding: 0px;font-weight: 450;font-size: 14px;line-height: 21px;color: var(--dark-grey2);font-family: Lato, sans-serif;font-style: normal;letter-spacing: normal;text-align: start;text-indent: 0px;text-transform: none\">Produto: REFLETOR LED 50W IP65 PT 6.5K AVANT<br \/>\nMarca: Avant<br \/>\nMaterial: Alum\u00ednio e Vidro.<br \/>\nCor: Preta<br \/>\nCaracter\u00edsticas<br \/>\n\u009b Possui driver incorporado.<br \/>\n\u009b N\u00e3o desbota objetos (n\u00e3o emite ultravioleta).<br \/>\n\u009b Fluxo luminoso constante em toda faixa de tens\u00e3o.<br \/>\n\u009b Constru\u00e7\u00e3o livre de merc\u00fario.<br \/>\n\u009b Baixo consumo de energia.<br \/>\n\u009b Temperatura ambiente: -5\u00b0C a 40\u00b0C.<br \/>\n\u009b Tens\u00e3o de entrada: 100V a 240V.<br \/>\n\u009b Tipo de Instala\u00e7\u00e3o: Sobrepor.<\/p>\n<p>Dimens\u00f5es(mm)<br \/>\nA: 172 mm<br \/>\nB: 152 mm<br \/>\nC: 31,5 mm<\/span><\/p>\n","protected":false},"featured_media":25905,"template":"","meta":{"_joinchat":[]},"product_brand":[],"product_cat":[145],"product_tag":[],"class_list":{"0":"post-16965","1":"product","2":"type-product","3":"status-publish","4":"has-post-thumbnail","6":"product_cat-leds-comerciais","8":"first","9":"instock","10":"shipping-taxable","11":"purchasable","12":"product-type-simple"},"_links":{"self":[{"href":"https:\/\/www.multicasa.com.br\/inicio\/wp-json\/wp\/v2\/product\/16965","targetHints":{"allow":["GET"]}}],"collection":[{"href":"https:\/\/www.multicasa.com.br\/inicio\/wp-json\/wp\/v2\/product"}],"about":[{"href":"https:\/\/www.multicasa.com.br\/inicio\/wp-json\/wp\/v2\/types\/product"}],"wp:featuredmedia":[{"embeddable":true,"href":"https:\/\/www.multicasa.com.br\/inicio\/wp-json\/wp\/v2\/media\/25905"}],"wp:attachment":[{"href":"https:\/\/www.multicasa.com.br\/inicio\/wp-json\/wp\/v2\/media?parent=16965"}],"wp:term":[{"taxonomy":"product_brand","embeddable":true,"href":"https:\/\/www.multicasa.com.br\/inicio\/wp-json\/wp\/v2\/product_brand?post=16965"},{"taxonomy":"product_cat","embeddable":true,"href":"https:\/\/www.multicasa.com.br\/inicio\/wp-json\/wp\/v2\/product_cat?post=16965"},{"taxonomy":"product_tag","embeddable":true,"href":"https:\/\/www.multicasa.com.br\/inicio\/wp-json\/wp\/v2\/product_tag?post=16965"}],"curies":[{"name":"wp","href":"https:\/\/api.w.org\/{rel}","templated":true}]}}

<p>A iluminação de áreas externas pede uma luminária eficiente, potente e econômica. A linha de refletores Slim da Avant faz esse papel muito bem e ainda possui dimensões compactas e design super clean e discreto. Seus usos são os mais diversos: galpões, estacionamentos, jardins, quintais, fachadas, quadras, campos de futebol e muito mais.</p>

<h4 style="margin: 0px;padding: 0px 0px 16px;font-family: Lato, sans-serif;font-weight: bold;line-height: 3rem;color: var(--dark-grey3);font-size: 22px;font-style: normal;letter-spacing: normal;text-align: start;text-indent: 0px;text-transform: none">Informações técnicas</h4>
<p><span style="margin: 0px;padding: 0px;font-weight: 450;font-size: 14px;line-height: 21px;color: var(--dark-grey2);font-family: Lato, sans-serif;font-style: normal;letter-spacing: normal;text-align: start;text-indent: 0px;text-transform: none">Produto: REFLETOR LED 50W IP65 PT 6.5K AVANT<br />
Marca: Avant<br />
Material: Alumínio e Vidro.<br />
Cor: Preta<br />
Características<br />
 Possui driver incorporado.<br />
 Não desbota objetos (não emite ultravioleta).<br />
 Fluxo luminoso constante em toda faixa de tensão.<br />
 Construção livre de mercúrio.<br />
 Baixo consumo de energia.<br />
 Temperatura ambiente: -5°C a 40°C.<br />
 Tensão de entrada: 100V a 240V.<br />
 Tipo de Instalação: Sobrepor.</p>
<p>Dimensões(mm)<br />
A: 172 mm<br />
B: 152 mm<br />
C: 31,5 mm</span></p>
