{"id":17000,"date":"2025-06-20T19:15:58","date_gmt":"2025-06-20T23:15:58","guid":{"rendered":"https:\/\/www.multicasa.com.br\/inicio\/?post_type=product&#038;p=17000"},"modified":"2025-08-17T19:05:07","modified_gmt":"2025-08-17T23:05:07","slug":"plafon-led-embuir-quadrada-24w-bivolt-4-0k-demi","status":"publish","type":"product","link":"https:\/\/www.multicasa.com.br\/inicio\/produto\/plafon-led-embuir-quadrada-24w-bivolt-4-0k-demi\/","title":{"rendered":"Plafon Led Embuir Quadrada 24W Bivolt 4.0K Demi"},"content":{"rendered":"<p>Lumin\u00e1rias Pain\u00e9is de Embutir, em alum\u00ednio, com LED integrado, com acess\u00f3rios de fixa\u00e7\u00e3o, Ilumina\u00e7\u00e3o difusa. Ideais para forros de gesso, PVC e madeira. Para todo tipo de ambiente.<\/p>\n","protected":false},"excerpt":{"rendered":"<h4 style=\"margin: 0px;padding: 0px 0px 16px;font-family: Lato, sans-serif;font-weight: bold;line-height: 3rem;color: var(--dark-grey3);font-size: 22px;font-style: normal;letter-spacing: normal;text-align: start;text-indent: 0px;text-transform: none\">Informa\u00e7\u00f5es t\u00e9cnicas<\/h4>\n<p><span style=\"margin: 0px;padding: 0px;font-weight: 450;font-size: 14px;line-height: 21px;color: var(--dark-grey2);font-family: Lato, sans-serif;font-style: normal;letter-spacing: normal;text-align: start;text-indent: 0px;text-transform: none\">Produto: PLAFON LED EMB.QD.24W BIV.4.0K DEMI<br \/>\nMarca: Demi<br \/>\nMaterial: Alum\u00ednio<br \/>\nCor: Branco<br \/>\nCaracter\u00edsticas<br \/>\n&#8211; Economia de energia de at\u00e9 85%;<br \/>\n&#8211; Vida \u00fatil 25.000h;<br \/>\n&#8211; Autovolt 100-240V;<br \/>\n&#8211; Frequ\u00eancia: 50\/60Hz;<br \/>\n&#8211; \u00c2ngulo de abertura: 120\u00b0;<br \/>\n&#8211; IRC 80;<br \/>\n&#8211; Dimeriza\u00e7\u00e3o: n\u00e3o permite;<br \/>\n&#8211; Pot\u00eancia: 24W;<br \/>\n&#8211; Fluxo luminoso: 1.800lm;<br \/>\n&#8211; Efici\u00eancia luminosa: 75lm\/W;<br \/>\n&#8211; Temperatura de cor: 4.000K. <\/p>\n<p>Dimens\u00f5es:<br \/>\n300 x 300 mm<\/span><\/p>\n","protected":false},"featured_media":25741,"template":"","meta":{"_joinchat":[]},"product_brand":[],"product_cat":[157],"product_tag":[],"class_list":{"0":"post-17000","1":"product","2":"type-product","3":"status-publish","4":"has-post-thumbnail","6":"product_cat-leds-decorativos","8":"first","9":"outofstock","10":"shipping-taxable","11":"purchasable","12":"product-type-simple"},"_links":{"self":[{"href":"https:\/\/www.multicasa.com.br\/inicio\/wp-json\/wp\/v2\/product\/17000","targetHints":{"allow":["GET"]}}],"collection":[{"href":"https:\/\/www.multicasa.com.br\/inicio\/wp-json\/wp\/v2\/product"}],"about":[{"href":"https:\/\/www.multicasa.com.br\/inicio\/wp-json\/wp\/v2\/types\/product"}],"wp:featuredmedia":[{"embeddable":true,"href":"https:\/\/www.multicasa.com.br\/inicio\/wp-json\/wp\/v2\/media\/25741"}],"wp:attachment":[{"href":"https:\/\/www.multicasa.com.br\/inicio\/wp-json\/wp\/v2\/media?parent=17000"}],"wp:term":[{"taxonomy":"product_brand","embeddable":true,"href":"https:\/\/www.multicasa.com.br\/inicio\/wp-json\/wp\/v2\/product_brand?post=17000"},{"taxonomy":"product_cat","embeddable":true,"href":"https:\/\/www.multicasa.com.br\/inicio\/wp-json\/wp\/v2\/product_cat?post=17000"},{"taxonomy":"product_tag","embeddable":true,"href":"https:\/\/www.multicasa.com.br\/inicio\/wp-json\/wp\/v2\/product_tag?post=17000"}],"curies":[{"name":"wp","href":"https:\/\/api.w.org\/{rel}","templated":true}]}}