{"id":17002,"date":"2025-06-20T19:15:58","date_gmt":"2025-06-20T23:15:58","guid":{"rendered":"https:\/\/www.multicasa.com.br\/inicio\/?post_type=product&#038;p=17002"},"modified":"2025-06-23T10:27:16","modified_gmt":"2025-06-23T14:27:16","slug":"plafon-led-sobrepor-quadrada-18w-biv-6-5k-pix","status":"publish","type":"product","link":"https:\/\/www.multicasa.com.br\/inicio\/produto\/plafon-led-sobrepor-quadrada-18w-biv-6-5k-pix\/","title":{"rendered":"Plafon Led Sobrepor Quadrada 18W Biv.6.5K Pix"},"content":{"rendered":"<p>A maior vantagem do plafon led sobrepor quadrado pix \u00e9 a sua facilidade de instala\u00e7\u00e3o. Ela \u00e9 parafusada na caixa de luz diretamente na laje, ficando para fora e escondendo totalmete o ponto e a fia\u00e7\u00e3o. Sua espessura \u00e9 de aproximadamente 4,5 cm e usada sobreposto ao teto.<\/p>\n","protected":false},"excerpt":{"rendered":"<h4 style=\"margin: 0px;padding: 0px 0px 16px;font-family: Lato, sans-serif;font-weight: bold;line-height: 3rem;color: var(--dark-grey3);font-size: 22px;font-style: normal;letter-spacing: normal;text-align: start;text-indent: 0px;text-transform: none\">Informa\u00e7\u00f5es t\u00e9cnicas<\/h4>\n<p><span style=\"margin: 0px;padding: 0px;font-weight: 450;font-size: 14px;line-height: 21px;color: var(--dark-grey2);font-family: Lato, sans-serif;font-style: normal;letter-spacing: normal;text-align: start;text-indent: 0px;text-transform: none\">Produto: PLAFON LED SOB.QD.18W BIV.6.5K PIX<br \/>\nMarca: Pix<br \/>\nMaterial: Alum\u00ednio<br \/>\nCor: Branca<br \/>\nCaracter\u00edsticas<br \/>\n&#8211; Tens\u00e3o: Bivolt<br \/>\n&#8211; IRC&gt;80<br \/>\n&#8211; \u00c2ngulo: 120\u00b0<br \/>\n&#8211; Prote\u00e7\u00e3o: IP20<br \/>\n&#8211; Temperatura: 6500K<br \/>\n&#8211; Fluxo: 1350lm<br \/>\n&#8211; Estrutura de alum\u00ednio e LGP em vidro<\/p>\n<p>Dimens\u00f5es:<br \/>\n209 X 209 X 28MM<\/span><\/p>\n","protected":false},"featured_media":25753,"template":"","meta":{"_joinchat":[]},"product_brand":[],"product_cat":[157],"product_tag":[],"class_list":{"0":"post-17002","1":"product","2":"type-product","3":"status-publish","4":"has-post-thumbnail","6":"product_cat-leds-decorativos","8":"first","9":"outofstock","10":"shipping-taxable","11":"product-type-simple"},"_links":{"self":[{"href":"https:\/\/www.multicasa.com.br\/inicio\/wp-json\/wp\/v2\/product\/17002","targetHints":{"allow":["GET"]}}],"collection":[{"href":"https:\/\/www.multicasa.com.br\/inicio\/wp-json\/wp\/v2\/product"}],"about":[{"href":"https:\/\/www.multicasa.com.br\/inicio\/wp-json\/wp\/v2\/types\/product"}],"wp:featuredmedia":[{"embeddable":true,"href":"https:\/\/www.multicasa.com.br\/inicio\/wp-json\/wp\/v2\/media\/25753"}],"wp:attachment":[{"href":"https:\/\/www.multicasa.com.br\/inicio\/wp-json\/wp\/v2\/media?parent=17002"}],"wp:term":[{"taxonomy":"product_brand","embeddable":true,"href":"https:\/\/www.multicasa.com.br\/inicio\/wp-json\/wp\/v2\/product_brand?post=17002"},{"taxonomy":"product_cat","embeddable":true,"href":"https:\/\/www.multicasa.com.br\/inicio\/wp-json\/wp\/v2\/product_cat?post=17002"},{"taxonomy":"product_tag","embeddable":true,"href":"https:\/\/www.multicasa.com.br\/inicio\/wp-json\/wp\/v2\/product_tag?post=17002"}],"curies":[{"name":"wp","href":"https:\/\/api.w.org\/{rel}","templated":true}]}}