{"id":17012,"date":"2025-06-20T19:16:00","date_gmt":"2025-06-20T23:16:00","guid":{"rendered":"https:\/\/www.multicasa.com.br\/inicio\/?post_type=product&#038;p=17012"},"modified":"2026-04-25T11:30:22","modified_gmt":"2026-04-25T15:30:22","slug":"cabo-rede-lan-cat5ecmxcxaz-multil","status":"publish","type":"product","link":"https:\/\/www.multicasa.com.br\/inicio\/produto\/cabo-rede-lan-cat5ecmxcxaz-multil\/","title":{"rendered":"Cabo Rede Lan Cat5Ecmx(Cx)Az Multil"},"content":{"rendered":"<p>O cabo CAT5E da multilan pode ser aplicado tanto em instala\u00e7\u00e3o horizontal interna, ou externa com prote\u00e7\u00e3o UV ou dupla capa. A partir do cabo CAT5E \u00e9 poss\u00edvel transmitir dados \u0096 ou frequ\u00eancia \u0096 de at\u00e9 100 MHz, sendo essa categoria considerada uma das mais altas velocidades para as redes de padr\u00e3o Ethernet.<\/p>\n","protected":false},"excerpt":{"rendered":"<h4 style=\"margin: 0px;padding: 0px 0px 16px;font-family: Lato, sans-serif;font-weight: bold;line-height: 3rem;color: var(--dark-grey3);font-size: 22px;font-style: normal;letter-spacing: normal;text-align: start;text-indent: 0px;text-transform: none\">Informa\u00e7\u00f5es t\u00e9cnicas<\/h4>\n<p><span style=\"margin: 0px;padding: 0px;font-weight: 450;font-size: 14px;line-height: 21px;color: var(--dark-grey2);font-family: Lato, sans-serif;font-style: normal;letter-spacing: normal;text-align: start;text-indent: 0px;text-transform: none\">Produto: CABO REDE LAN CAT5ECMX(CX)AZ MULTIL<br \/>\nMarca: Multilan<br \/>\nMaterial: Cobre nu.<br \/>\nCor: Azul<br \/>\nCaracter\u00edsticas<br \/>\n&#8211; Categoria do Cabo: CAT 5e<br \/>\n&#8211; Capa: Constitu\u00eddo por PVC \/ CM retardante a chama (Anti-chama)<br \/>\n&#8211; Tipo de Cabo: 4 pares de cabo (tran\u00e7ado) U\/UTP CM<br \/>\n&#8211; Bitola: 24 AWG<br \/>\n&#8211; Constru\u00e7\u00e3o: U\/UTP \u0096 4 pares tran\u00e7ados compostos de condutores s\u00f3lidos de cobre nu, 24 AWG, isolados em polietileno especial<br \/>\n&#8211; Ambiente de Instala\u00e7\u00e3o: Interno<\/span><\/p>\n","protected":false},"featured_media":24823,"template":"","meta":{"_joinchat":[]},"product_brand":[],"product_cat":[121],"product_tag":[],"class_list":{"0":"post-17012","1":"product","2":"type-product","3":"status-publish","4":"has-post-thumbnail","6":"product_cat-fios-e-cabo","8":"first","9":"outofstock","10":"shipping-taxable","11":"purchasable","12":"product-type-simple"},"_links":{"self":[{"href":"https:\/\/www.multicasa.com.br\/inicio\/wp-json\/wp\/v2\/product\/17012","targetHints":{"allow":["GET"]}}],"collection":[{"href":"https:\/\/www.multicasa.com.br\/inicio\/wp-json\/wp\/v2\/product"}],"about":[{"href":"https:\/\/www.multicasa.com.br\/inicio\/wp-json\/wp\/v2\/types\/product"}],"wp:featuredmedia":[{"embeddable":true,"href":"https:\/\/www.multicasa.com.br\/inicio\/wp-json\/wp\/v2\/media\/24823"}],"wp:attachment":[{"href":"https:\/\/www.multicasa.com.br\/inicio\/wp-json\/wp\/v2\/media?parent=17012"}],"wp:term":[{"taxonomy":"product_brand","embeddable":true,"href":"https:\/\/www.multicasa.com.br\/inicio\/wp-json\/wp\/v2\/product_brand?post=17012"},{"taxonomy":"product_cat","embeddable":true,"href":"https:\/\/www.multicasa.com.br\/inicio\/wp-json\/wp\/v2\/product_cat?post=17012"},{"taxonomy":"product_tag","embeddable":true,"href":"https:\/\/www.multicasa.com.br\/inicio\/wp-json\/wp\/v2\/product_tag?post=17012"}],"curies":[{"name":"wp","href":"https:\/\/api.w.org\/{rel}","templated":true}]}}