{"id":17019,"date":"2025-06-20T19:16:00","date_gmt":"2025-06-20T23:16:00","guid":{"rendered":"https:\/\/www.multicasa.com.br\/inicio\/?post_type=product&#038;p=17019"},"modified":"2025-08-17T19:05:42","modified_gmt":"2025-08-17T23:05:42","slug":"torneira-cozinha-parede-bica-flexivel-preta-hydra-deca","status":"publish","type":"product","link":"https:\/\/www.multicasa.com.br\/inicio\/produto\/torneira-cozinha-parede-bica-flexivel-preta-hydra-deca\/","title":{"rendered":"Torneira Cozinha Parede Bica Flex\u00edvel Preta Hydra Deca"},"content":{"rendered":"<p>A Hydra Motion chega para dar vida e funcionalidade a cozinha. Torneiras em diferentes cores podem ajudar a compor o ambiente, com beleza e ousadia. A bica flex\u00edvel emborrachada possui estrutura male\u00e1vel e alongada permitindo movimento de 360\u00b0.<\/p>\n","protected":false},"excerpt":{"rendered":"<h4 style=\"margin: 0px;padding: 0px 0px 16px;font-family: Lato, sans-serif;font-weight: bold;line-height: 3rem;color: var(--dark-grey3);font-size: 22px;font-style: normal;letter-spacing: normal;text-align: start;text-indent: 0px;text-transform: none\">Informa\u00e7\u00f5es t\u00e9cnicas<\/h4>\n<p><span style=\"margin: 0px;padding: 0px;font-weight: 450;font-size: 14px;line-height: 21px;color: var(--dark-grey2);font-family: Lato, sans-serif;font-style: normal;letter-spacing: normal;text-align: start;text-indent: 0px;text-transform: none\">Produto: TORNEIRA FLEX\u00cdVEL DE PAREDE P\/ COZINHA<br \/>\nMarca: Hydra Deca<br \/>\nMaterial: Abs, Metal<br \/>\nCor: Preto<br \/>\nCaracter\u00edsticas<br \/>\n&#8211; Registro de 1\/4 de volta;<br \/>\n&#8211; F\u00e1cil instala\u00e7\u00e3o, basta encaixar a torneira, rosquear e pronto;<br \/>\n&#8211; Jato aerado para dar mais agilidade e praticidade na realiza\u00e7\u00e3o das tarefas di\u00e1rias. <\/span><\/p>\n","protected":false},"featured_media":26121,"template":"","meta":{"_joinchat":[]},"product_brand":[],"product_cat":[67],"product_tag":[],"class_list":{"0":"post-17019","1":"product","2":"type-product","3":"status-publish","4":"has-post-thumbnail","6":"product_cat-torneiras-e-cia","8":"first","9":"outofstock","10":"shipping-taxable","11":"purchasable","12":"product-type-simple"},"_links":{"self":[{"href":"https:\/\/www.multicasa.com.br\/inicio\/wp-json\/wp\/v2\/product\/17019","targetHints":{"allow":["GET"]}}],"collection":[{"href":"https:\/\/www.multicasa.com.br\/inicio\/wp-json\/wp\/v2\/product"}],"about":[{"href":"https:\/\/www.multicasa.com.br\/inicio\/wp-json\/wp\/v2\/types\/product"}],"wp:featuredmedia":[{"embeddable":true,"href":"https:\/\/www.multicasa.com.br\/inicio\/wp-json\/wp\/v2\/media\/26121"}],"wp:attachment":[{"href":"https:\/\/www.multicasa.com.br\/inicio\/wp-json\/wp\/v2\/media?parent=17019"}],"wp:term":[{"taxonomy":"product_brand","embeddable":true,"href":"https:\/\/www.multicasa.com.br\/inicio\/wp-json\/wp\/v2\/product_brand?post=17019"},{"taxonomy":"product_cat","embeddable":true,"href":"https:\/\/www.multicasa.com.br\/inicio\/wp-json\/wp\/v2\/product_cat?post=17019"},{"taxonomy":"product_tag","embeddable":true,"href":"https:\/\/www.multicasa.com.br\/inicio\/wp-json\/wp\/v2\/product_tag?post=17019"}],"curies":[{"name":"wp","href":"https:\/\/api.w.org\/{rel}","templated":true}]}}