{"id":17042,"date":"2025-06-20T19:16:11","date_gmt":"2025-06-20T23:16:11","guid":{"rendered":"https:\/\/www.multicasa.com.br\/inicio\/?post_type=product&#038;p=17042"},"modified":"2025-07-01T13:57:18","modified_gmt":"2025-07-01T17:57:18","slug":"protetor-porta-impermeavel-90cm-daniel","status":"publish","type":"product","link":"https:\/\/www.multicasa.com.br\/inicio\/produto\/protetor-porta-impermeavel-90cm-daniel\/","title":{"rendered":"Protetor Porta Impermeavel 90Cm Daniel"},"content":{"rendered":"<p>O protetor de porta impermeavel de 90 cm da marca Daniel. Al\u00e9m de impedir a entrada de p\u00f3, o protetor de porta protege sua casa ou os c\u00f4modos escolhidos, de visitas indesejadas como insetos e animais pe\u00e7onhentos. \u00d3timo aliado para prote\u00e7\u00e3o e para sujar menos o ambiente vedando a entrada do p\u00f3 por baixo da porta.<\/p>\n","protected":false},"excerpt":{"rendered":"<h4 style=\"margin: 0px;padding: 0px 0px 16px;font-family: Lato, sans-serif;font-weight: bold;line-height: 3rem;color: var(--dark-grey3);font-size: 22px;font-style: normal;letter-spacing: normal;text-align: start;text-indent: 0px;text-transform: none\">Informa\u00e7\u00f5es t\u00e9cnicas<\/h4>\n<p><span style=\"margin: 0px;padding: 0px;font-weight: 450;font-size: 14px;line-height: 21px;color: var(--dark-grey2);font-family: Lato, sans-serif;font-style: normal;letter-spacing: normal;text-align: start;text-indent: 0px;text-transform: none\">Produto: PROTETOR PORTA IMPERM.90CM DANIEL<br \/>\nMarca: Daniel<br \/>\nMaterial: Policloreto de Vinila e Poliuretano.<br \/>\nCor: Preta<br \/>\nCaracter\u00edsticas<br \/>\n&#8211; \u00d3tima qualidade e acabamento;<br \/>\n&#8211; Indicado para portas com 90 cm de largura;<br \/>\n&#8211; O imperme\u00e1vel de policloreto de vinila \u00e9 muito mais resistente e eficiente;<br \/>\n&#8211; O enchimento em esponja, parecendo um macarr\u00e3o de piscina proporciona maior durabilidade do produto.<\/p>\n<p>Dimens\u00f5es do Produto<br \/>\n90 cm.<\/span><\/p>\n","protected":false},"featured_media":27455,"template":"","meta":{"_joinchat":[]},"product_brand":[],"product_cat":[141],"product_tag":[],"class_list":{"0":"post-17042","1":"product","2":"type-product","3":"status-publish","4":"has-post-thumbnail","6":"product_cat-marcenaria","8":"first","9":"outofstock","10":"shipping-taxable","11":"product-type-simple"},"_links":{"self":[{"href":"https:\/\/www.multicasa.com.br\/inicio\/wp-json\/wp\/v2\/product\/17042","targetHints":{"allow":["GET"]}}],"collection":[{"href":"https:\/\/www.multicasa.com.br\/inicio\/wp-json\/wp\/v2\/product"}],"about":[{"href":"https:\/\/www.multicasa.com.br\/inicio\/wp-json\/wp\/v2\/types\/product"}],"wp:featuredmedia":[{"embeddable":true,"href":"https:\/\/www.multicasa.com.br\/inicio\/wp-json\/wp\/v2\/media\/27455"}],"wp:attachment":[{"href":"https:\/\/www.multicasa.com.br\/inicio\/wp-json\/wp\/v2\/media?parent=17042"}],"wp:term":[{"taxonomy":"product_brand","embeddable":true,"href":"https:\/\/www.multicasa.com.br\/inicio\/wp-json\/wp\/v2\/product_brand?post=17042"},{"taxonomy":"product_cat","embeddable":true,"href":"https:\/\/www.multicasa.com.br\/inicio\/wp-json\/wp\/v2\/product_cat?post=17042"},{"taxonomy":"product_tag","embeddable":true,"href":"https:\/\/www.multicasa.com.br\/inicio\/wp-json\/wp\/v2\/product_tag?post=17042"}],"curies":[{"name":"wp","href":"https:\/\/api.w.org\/{rel}","templated":true}]}}

<p>O protetor de porta impermeavel de 90 cm da marca Daniel. Além de impedir a entrada de pó, o protetor de porta protege sua casa ou os cômodos escolhidos, de visitas indesejadas como insetos e animais peçonhentos. Ótimo aliado para proteção e para sujar menos o ambiente vedando a entrada do pó por baixo da porta.</p>

<h4 style="margin: 0px;padding: 0px 0px 16px;font-family: Lato, sans-serif;font-weight: bold;line-height: 3rem;color: var(--dark-grey3);font-size: 22px;font-style: normal;letter-spacing: normal;text-align: start;text-indent: 0px;text-transform: none">Informações técnicas</h4>
<p><span style="margin: 0px;padding: 0px;font-weight: 450;font-size: 14px;line-height: 21px;color: var(--dark-grey2);font-family: Lato, sans-serif;font-style: normal;letter-spacing: normal;text-align: start;text-indent: 0px;text-transform: none">Produto: PROTETOR PORTA IMPERM.90CM DANIEL<br />
Marca: Daniel<br />
Material: Policloreto de Vinila e Poliuretano.<br />
Cor: Preta<br />
Características<br />
&#8211; Ótima qualidade e acabamento;<br />
&#8211; Indicado para portas com 90 cm de largura;<br />
&#8211; O impermeável de policloreto de vinila é muito mais resistente e eficiente;<br />
&#8211; O enchimento em esponja, parecendo um macarrão de piscina proporciona maior durabilidade do produto.</p>
<p>Dimensões do Produto<br />
90 cm.</span></p>
