{"id":17043,"date":"2025-06-20T19:16:11","date_gmt":"2025-06-20T23:16:11","guid":{"rendered":"https:\/\/www.multicasa.com.br\/inicio\/?post_type=product&#038;p=17043"},"modified":"2025-08-17T19:06:26","modified_gmt":"2025-08-17T23:06:26","slug":"lampada-led-alta-potencia-150w-6-5k-avant","status":"publish","type":"product","link":"https:\/\/www.multicasa.com.br\/inicio\/produto\/lampada-led-alta-potencia-150w-6-5k-avant\/","title":{"rendered":"L\u00e2mpada Led Alta Pot\u00eancia 150W 6.5K Avant"},"content":{"rendered":"<p>A L\u00e2mpada led bulbo alta pot\u00eancia substitui uma l\u00e2mpada incandescente de 1200W. Sua durabilidade \u00e9 superior as l\u00e2mpadas convencionais, durando at\u00e9 25 mil horas sem ter redu\u00e7\u00e3o de seu fluxo luminoso, e sem gerar calor no ambiente. Sua aplica\u00e7\u00e3o \u00e9 perfeita para iluminar galp\u00f5es, estoques, e grandes ambientes como sal\u00f5es de festas, escrit\u00f3rios, empresas, garagens, industrias, barrac\u00f5es, etc. <\/p>\n","protected":false},"excerpt":{"rendered":"<h4 style=\"margin: 0px;padding: 0px 0px 16px;font-family: Lato, sans-serif;font-weight: bold;line-height: 3rem;color: var(--dark-grey3);font-size: 22px;font-style: normal;letter-spacing: normal;text-align: start;text-indent: 0px;text-transform: none\">Informa\u00e7\u00f5es t\u00e9cnicas<\/h4>\n<p><span style=\"margin: 0px;padding: 0px;font-weight: 450;font-size: 14px;line-height: 21px;color: var(--dark-grey2);font-family: Lato, sans-serif;font-style: normal;letter-spacing: normal;text-align: start;text-indent: 0px;text-transform: none\">Produto: L\u00c2MPADA LED ALTA POT\u00caNCIA 150W 6.5K<br \/>\nMarca:  AVANT<br \/>\nMaterial: Pl\u00e1stico e alum\u00ednio<br \/>\nCor: Branca<br \/>\nCaracter\u00edsticas<br \/>\n&#8211; Pot\u00eancia de 150W;<br \/>\n&#8211; Fluxo luminoso: 12000lm;<br \/>\n&#8211; Temperatura de cor: Branco frio 6500k;<br \/>\n&#8211; Base: Soquete E27\/ Com adaptador para E40;<br \/>\n&#8211; Tens\u00e3o: 85v \/ 265v Bivolt;<br \/>\n&#8211; \u00c2ngulo de abertura: 130;<br \/>\n&#8211; Frequ\u00eancia: 50\/60Hz;<br \/>\n&#8211; IRC: 80;<br \/>\n&#8211; Baixo consumo de energia;<br \/>\n&#8211; Uso interno (n\u00e3o pode ficar exposta ao tempo);<br \/>\n&#8211; Produto n\u00e3o dimerizavel;<br \/>\n&#8211; Vida \u00fatil de 25.000 horas.<br \/>\nDimens\u00f5es aproximadas: 16cm x 27cm.<\/span><\/p>\n","protected":false},"featured_media":27359,"template":"","meta":{"_joinchat":[]},"product_brand":[],"product_cat":[80],"product_tag":[],"class_list":{"0":"post-17043","1":"product","2":"type-product","3":"status-publish","4":"has-post-thumbnail","6":"product_cat-lampadas","8":"first","9":"outofstock","10":"shipping-taxable","11":"purchasable","12":"product-type-simple"},"_links":{"self":[{"href":"https:\/\/www.multicasa.com.br\/inicio\/wp-json\/wp\/v2\/product\/17043","targetHints":{"allow":["GET"]}}],"collection":[{"href":"https:\/\/www.multicasa.com.br\/inicio\/wp-json\/wp\/v2\/product"}],"about":[{"href":"https:\/\/www.multicasa.com.br\/inicio\/wp-json\/wp\/v2\/types\/product"}],"wp:featuredmedia":[{"embeddable":true,"href":"https:\/\/www.multicasa.com.br\/inicio\/wp-json\/wp\/v2\/media\/27359"}],"wp:attachment":[{"href":"https:\/\/www.multicasa.com.br\/inicio\/wp-json\/wp\/v2\/media?parent=17043"}],"wp:term":[{"taxonomy":"product_brand","embeddable":true,"href":"https:\/\/www.multicasa.com.br\/inicio\/wp-json\/wp\/v2\/product_brand?post=17043"},{"taxonomy":"product_cat","embeddable":true,"href":"https:\/\/www.multicasa.com.br\/inicio\/wp-json\/wp\/v2\/product_cat?post=17043"},{"taxonomy":"product_tag","embeddable":true,"href":"https:\/\/www.multicasa.com.br\/inicio\/wp-json\/wp\/v2\/product_tag?post=17043"}],"curies":[{"name":"wp","href":"https:\/\/api.w.org\/{rel}","templated":true}]}}