{"id":17055,"date":"2025-06-20T19:16:13","date_gmt":"2025-06-20T23:16:13","guid":{"rendered":"https:\/\/www.multicasa.com.br\/inicio\/?post_type=product&#038;p=17055"},"modified":"2025-06-23T10:25:24","modified_gmt":"2025-06-23T14:25:24","slug":"pendente-primus-smooth-1lp-e27-avant","status":"publish","type":"product","link":"https:\/\/www.multicasa.com.br\/inicio\/produto\/pendente-primus-smooth-1lp-e27-avant\/","title":{"rendered":"Pendente Primus Smooth 1Lp E27 Avant"},"content":{"rendered":"<p>Feito em vidro, o Primus \u00e9 um pendente elegante e s\u00f3brio que traz o charme direto para o ambiente. Em duas vers\u00f5es dispon\u00edveis, Smooth com design minimalista e a Alba, com listras que d\u00e3o um toque de beleza a mais na pe\u00e7a.<\/p>\n","protected":false},"excerpt":{"rendered":"<h4 style=\"margin: 0px;padding: 0px 0px 16px;font-family: Lato, sans-serif;font-weight: bold;line-height: 3rem;color: var(--dark-grey3);font-size: 22px;font-style: normal;letter-spacing: normal;text-align: start;text-indent: 0px;text-transform: none\">Informa\u00e7\u00f5es t\u00e9cnicas<\/h4>\n<p><span style=\"margin: 0px;padding: 0px;font-weight: 450;font-size: 14px;line-height: 21px;color: var(--dark-grey2);font-family: Lato, sans-serif;font-style: normal;letter-spacing: normal;text-align: start;text-indent: 0px;text-transform: none\">Produto: PENDENTE PRIMUS SMOOTH 1LP E27 AVAN<br \/>\nMarca: Avant<br \/>\nMaterial: vidro<\/p>\n<p>Caracter\u00edsticas<br \/>\n&#8211; Cabo ajust\u00e1vel em at\u00e9 800mm;<br \/>\n&#8211; Pendentes em vidro fosco e duas op\u00e7\u00f5es<br \/>\nde acabamento: liso ou com listras;<br \/>\n&#8211; Canopla com acabamento preto fosco;<br \/>\n&#8211; L\u00e2mpadas Indicadas: Bolinha G45, Tubular<br \/>\nT30, Pera A60 e Pera ST64 todas da linha<br \/>\nRetr\u00f4 LED.<\/p>\n<p>Dimens\u00f5es:<br \/>\nDi\u00e2metro 200 x 100 x 800 x 120mm<br \/>\n<\/span><\/p>\n","protected":false},"featured_media":25703,"template":"","meta":{"_joinchat":[]},"product_brand":[],"product_cat":[79],"product_tag":[],"class_list":{"0":"post-17055","1":"product","2":"type-product","3":"status-publish","4":"has-post-thumbnail","6":"product_cat-iluminacao-decorativa","8":"first","9":"outofstock","10":"shipping-taxable","11":"product-type-simple"},"_links":{"self":[{"href":"https:\/\/www.multicasa.com.br\/inicio\/wp-json\/wp\/v2\/product\/17055","targetHints":{"allow":["GET"]}}],"collection":[{"href":"https:\/\/www.multicasa.com.br\/inicio\/wp-json\/wp\/v2\/product"}],"about":[{"href":"https:\/\/www.multicasa.com.br\/inicio\/wp-json\/wp\/v2\/types\/product"}],"wp:featuredmedia":[{"embeddable":true,"href":"https:\/\/www.multicasa.com.br\/inicio\/wp-json\/wp\/v2\/media\/25703"}],"wp:attachment":[{"href":"https:\/\/www.multicasa.com.br\/inicio\/wp-json\/wp\/v2\/media?parent=17055"}],"wp:term":[{"taxonomy":"product_brand","embeddable":true,"href":"https:\/\/www.multicasa.com.br\/inicio\/wp-json\/wp\/v2\/product_brand?post=17055"},{"taxonomy":"product_cat","embeddable":true,"href":"https:\/\/www.multicasa.com.br\/inicio\/wp-json\/wp\/v2\/product_cat?post=17055"},{"taxonomy":"product_tag","embeddable":true,"href":"https:\/\/www.multicasa.com.br\/inicio\/wp-json\/wp\/v2\/product_tag?post=17055"}],"curies":[{"name":"wp","href":"https:\/\/api.w.org\/{rel}","templated":true}]}}

<p>Feito em vidro, o Primus é um pendente elegante e sóbrio que traz o charme direto para o ambiente. Em duas versões disponíveis, Smooth com design minimalista e a Alba, com listras que dão um toque de beleza a mais na peça.</p>

<h4 style="margin: 0px;padding: 0px 0px 16px;font-family: Lato, sans-serif;font-weight: bold;line-height: 3rem;color: var(--dark-grey3);font-size: 22px;font-style: normal;letter-spacing: normal;text-align: start;text-indent: 0px;text-transform: none">Informações técnicas</h4>
<p><span style="margin: 0px;padding: 0px;font-weight: 450;font-size: 14px;line-height: 21px;color: var(--dark-grey2);font-family: Lato, sans-serif;font-style: normal;letter-spacing: normal;text-align: start;text-indent: 0px;text-transform: none">Produto: PENDENTE PRIMUS SMOOTH 1LP E27 AVAN<br />
Marca: Avant<br />
Material: vidro</p>
<p>Características<br />
&#8211; Cabo ajustável em até 800mm;<br />
&#8211; Pendentes em vidro fosco e duas opções<br />
de acabamento: liso ou com listras;<br />
&#8211; Canopla com acabamento preto fosco;<br />
&#8211; Lâmpadas Indicadas: Bolinha G45, Tubular<br />
T30, Pera A60 e Pera ST64 todas da linha<br />
Retrô LED.</p>
<p>Dimensões:<br />
Diâmetro 200 x 100 x 800 x 120mm<br />
</span></p>
