{"id":17091,"date":"2025-06-20T19:16:27","date_gmt":"2025-06-20T23:16:27","guid":{"rendered":"https:\/\/www.multicasa.com.br\/inicio\/?post_type=product&#038;p=17091"},"modified":"2026-02-05T10:50:21","modified_gmt":"2026-02-05T14:50:21","slug":"espeto-led-solar-solis-2w-3000k-2un","status":"publish","type":"product","link":"https:\/\/www.multicasa.com.br\/inicio\/produto\/espeto-led-solar-solis-2w-3000k-2un\/","title":{"rendered":"ESPETO LED SOLAR SOLIS 2W 3000K 2UN"},"content":{"rendered":"<p>Os espetos de jardim s\u00e3o pe\u00e7as indispens\u00e1veis para qualquer jardim ou \u00e1rea externa. O Espeto de Jardim LED \u00e9 extremamente funcional, podendo ser utilizado para ilumina\u00e7\u00e3o de jardim, ambientes residenciais externos, ambientes comerciais externos e \u00e1reas p\u00fablicas com vegeta\u00e7\u00e3o. e seu LED j\u00e1 vem incluso, com pot\u00eancia 2W e temperatura de cor 3000K. este \u00e9 um dos destaques do fabricante Gaya, e pode ser utilizado em praticamente todos os ambientes como \u00e1rea externa. Seu estilo t\u00e9cnico classifica o espeto de jardim como um produto para todo ambiente externo de forma t\u00e9cnica. Para a aplica\u00e7\u00e3o acima, os espetos de jardim est\u00e3o dispon\u00edveis em v\u00e1rias cores &#8211; o item em quest\u00e3o \u00e9 espeto de jardim Preto. O poste conta com f\u00e1cil instala\u00e7\u00e3o e manuten\u00e7\u00e3o. Aposte na efic\u00e1cia e eleg\u00e2ncia que os espetos de jardim oferecem para a sua ilumina\u00e7\u00e3o e opte pela qualidade e durabilidade que s\u00f3 a Gaya traz para voc\u00ea! <\/p>\n","protected":false},"excerpt":{"rendered":"<h4 style=\"margin: 0px;padding: 0px 0px 16px;font-family: Lato, sans-serif;font-weight: bold;line-height: 3rem;color: var(--dark-grey3);font-size: 22px;font-style: normal;letter-spacing: normal;text-align: start;text-indent: 0px;text-transform: none\">Informa\u00e7\u00f5es t\u00e9cnicas<\/h4>\n<p><span style=\"margin: 0px;padding: 0px;font-weight: 450;font-size: 14px;line-height: 21px;color: var(--dark-grey2);font-family: Lato, sans-serif;font-style: normal;letter-spacing: normal;text-align: start;text-indent: 0px;text-transform: none\">Zero utiliza\u00e7\u00e3o de energia !<br \/>\nCaracter\u00edsticas do painel solar : Voltagem &#8211; Dc6v<br \/>\nWatts 0,24w<br \/>\nMedidas do produto : 11,3 x 11,3 x 30,5<br \/>\nComposi\u00e7\u00e3o : Pl\u00e1stico<br \/>\nBateria : 1.2v 400 mAh<br \/>\nTempo de funcionamento de 8 a 10 horas<br \/>\nTempo de carregamento de 6 a 8 horas sob luz solar intensa<br \/>\n6 meses de garantida pela FABRICANTE<\/span><\/p>\n","protected":false},"featured_media":27310,"template":"","meta":{"_joinchat":[]},"product_brand":[],"product_cat":[157],"product_tag":[],"class_list":{"0":"post-17091","1":"product","2":"type-product","3":"status-publish","4":"has-post-thumbnail","6":"product_cat-leds-decorativos","8":"first","9":"instock","10":"shipping-taxable","11":"purchasable","12":"product-type-simple"},"_links":{"self":[{"href":"https:\/\/www.multicasa.com.br\/inicio\/wp-json\/wp\/v2\/product\/17091","targetHints":{"allow":["GET"]}}],"collection":[{"href":"https:\/\/www.multicasa.com.br\/inicio\/wp-json\/wp\/v2\/product"}],"about":[{"href":"https:\/\/www.multicasa.com.br\/inicio\/wp-json\/wp\/v2\/types\/product"}],"wp:featuredmedia":[{"embeddable":true,"href":"https:\/\/www.multicasa.com.br\/inicio\/wp-json\/wp\/v2\/media\/27310"}],"wp:attachment":[{"href":"https:\/\/www.multicasa.com.br\/inicio\/wp-json\/wp\/v2\/media?parent=17091"}],"wp:term":[{"taxonomy":"product_brand","embeddable":true,"href":"https:\/\/www.multicasa.com.br\/inicio\/wp-json\/wp\/v2\/product_brand?post=17091"},{"taxonomy":"product_cat","embeddable":true,"href":"https:\/\/www.multicasa.com.br\/inicio\/wp-json\/wp\/v2\/product_cat?post=17091"},{"taxonomy":"product_tag","embeddable":true,"href":"https:\/\/www.multicasa.com.br\/inicio\/wp-json\/wp\/v2\/product_tag?post=17091"}],"curies":[{"name":"wp","href":"https:\/\/api.w.org\/{rel}","templated":true}]}}