{"id":17107,"date":"2025-06-20T19:16:39","date_gmt":"2025-06-20T23:16:39","guid":{"rendered":"https:\/\/www.multicasa.com.br\/inicio\/?post_type=product&#038;p=17107"},"modified":"2025-08-18T02:23:25","modified_gmt":"2025-08-18T06:23:25","slug":"pendente-constelacao-6lp-preta-avant","status":"publish","type":"product","link":"https:\/\/www.multicasa.com.br\/inicio\/produto\/pendente-constelacao-6lp-preta-avant\/","title":{"rendered":"Pendente Constela\u00e7\u00e3o 6LP Preta Avant"},"content":{"rendered":"<p>A cole\u00e7\u00e3o P\u00e9rola \u00e9 sin\u00f4nimo de design e sofistica\u00e7\u00e3o. A linha de produtos possui diversas solu\u00e7\u00f5es: Lumin\u00e1ria de mesa, Lumin\u00e1ria de coluna, Arandela, al\u00e9m das op\u00e7\u00f5es personalizadas de pendentes. Toda linha possui c\u00fapula em vidro e estrutura em a\u00e7o com tr\u00eas op\u00e7\u00f5es acabamentos: Preto Fosco, Cobre Brilho e Ouro Brilho.<\/p>\n","protected":false},"excerpt":{"rendered":"<h4 style=\"margin: 0px;padding: 0px 0px 16px;font-family: Lato, sans-serif;font-weight: bold;line-height: 3rem;color: var(--dark-grey3);font-size: 22px;font-style: normal;letter-spacing: normal;text-align: start;text-indent: 0px;text-transform: none\">Informa\u00e7\u00f5es t\u00e9cnicas<\/h4>\n<p><span style=\"margin: 0px;padding: 0px;font-weight: 450;font-size: 14px;line-height: 21px;color: var(--dark-grey2);font-family: Lato, sans-serif;font-style: normal;letter-spacing: normal;text-align: start;text-indent: 0px;text-transform: none\">Produto: Pendente P\u00e9rola Constela\u00e7\u00e3o<br \/>\nMarca: Avant<br \/>\nCaracter\u00edsticas:<br \/>\n&#8211; Corpo em a\u00e7o<br \/>\n&#8211; C\u00fapula de vidro<br \/>\n&#8211; Cor: preto fosco<br \/>\n&#8211; L\u00e2mpada indicada: bolinha G45<br \/>\nEspecifica\u00e7\u00f5es t\u00e9cnicas:<br \/>\n&#8211; IP20<br \/>\n&#8211; BIVOLT 110V- 240V<br \/>\n&#8211; N\u00e3o dimeriz\u00e1vel<br \/>\n&#8211; Uso interno<br \/>\n&#8211; E27<br \/>\n&#8211; Peso: 2,5kg<\/span><\/p>\n","protected":false},"featured_media":25700,"template":"","meta":{"_joinchat":[]},"product_brand":[],"product_cat":[79],"product_tag":[],"class_list":{"0":"post-17107","1":"product","2":"type-product","3":"status-publish","4":"has-post-thumbnail","6":"product_cat-iluminacao-decorativa","8":"first","9":"instock","10":"shipping-taxable","11":"purchasable","12":"product-type-simple"},"_links":{"self":[{"href":"https:\/\/www.multicasa.com.br\/inicio\/wp-json\/wp\/v2\/product\/17107","targetHints":{"allow":["GET"]}}],"collection":[{"href":"https:\/\/www.multicasa.com.br\/inicio\/wp-json\/wp\/v2\/product"}],"about":[{"href":"https:\/\/www.multicasa.com.br\/inicio\/wp-json\/wp\/v2\/types\/product"}],"wp:featuredmedia":[{"embeddable":true,"href":"https:\/\/www.multicasa.com.br\/inicio\/wp-json\/wp\/v2\/media\/25700"}],"wp:attachment":[{"href":"https:\/\/www.multicasa.com.br\/inicio\/wp-json\/wp\/v2\/media?parent=17107"}],"wp:term":[{"taxonomy":"product_brand","embeddable":true,"href":"https:\/\/www.multicasa.com.br\/inicio\/wp-json\/wp\/v2\/product_brand?post=17107"},{"taxonomy":"product_cat","embeddable":true,"href":"https:\/\/www.multicasa.com.br\/inicio\/wp-json\/wp\/v2\/product_cat?post=17107"},{"taxonomy":"product_tag","embeddable":true,"href":"https:\/\/www.multicasa.com.br\/inicio\/wp-json\/wp\/v2\/product_tag?post=17107"}],"curies":[{"name":"wp","href":"https:\/\/api.w.org\/{rel}","templated":true}]}}

Pendente Constelação 6LP Preta Avant

<p>A coleção Pérola é sinônimo de design e sofisticação. A linha de produtos possui diversas soluções: Luminária de mesa, Luminária de coluna, Arandela, além das opções personalizadas de pendentes. Toda linha possui cúpula em vidro e estrutura em aço com três opções acabamentos: Preto Fosco, Cobre Brilho e Ouro Brilho.</p>

<h4 style="margin: 0px;padding: 0px 0px 16px;font-family: Lato, sans-serif;font-weight: bold;line-height: 3rem;color: var(--dark-grey3);font-size: 22px;font-style: normal;letter-spacing: normal;text-align: start;text-indent: 0px;text-transform: none">Informações técnicas</h4>
<p><span style="margin: 0px;padding: 0px;font-weight: 450;font-size: 14px;line-height: 21px;color: var(--dark-grey2);font-family: Lato, sans-serif;font-style: normal;letter-spacing: normal;text-align: start;text-indent: 0px;text-transform: none">Produto: Pendente Pérola Constelação<br />
Marca: Avant<br />
Características:<br />
&#8211; Corpo em aço<br />
&#8211; Cúpula de vidro<br />
&#8211; Cor: preto fosco<br />
&#8211; Lâmpada indicada: bolinha G45<br />
Especificações técnicas:<br />
&#8211; IP20<br />
&#8211; BIVOLT 110V- 240V<br />
&#8211; Não dimerizável<br />
&#8211; Uso interno<br />
&#8211; E27<br />
&#8211; Peso: 2,5kg</span></p>
