{"id":17270,"date":"2025-06-20T19:17:41","date_gmt":"2025-06-20T23:17:41","guid":{"rendered":"https:\/\/www.multicasa.com.br\/inicio\/?post_type=product&#038;p=17270"},"modified":"2026-04-24T15:50:57","modified_gmt":"2026-04-24T19:50:57","slug":"cabo-de-rede-lan-cat5e-cmx-m-azul-sohoplus","status":"publish","type":"product","link":"https:\/\/www.multicasa.com.br\/inicio\/produto\/cabo-de-rede-lan-cat5e-cmx-m-azul-sohoplus\/","title":{"rendered":"Cabo De Rede Lan Cat5E Cmx (M) Azul Sohoplus"},"content":{"rendered":"<p>Condutor de cobre nu, coberto por polietileno adequado. Os condutores s\u00e3o tran\u00e7ados em pares. Capa externa em material n\u00e3o propagante a chama.<\/p>\n","protected":false},"excerpt":{"rendered":"<h4 style=\"margin: 0px;padding: 0px 0px 16px;font-family: Lato, sans-serif;font-weight: bold;line-height: 3rem;color: var(--dark-grey3);font-size: 22px;font-style: normal;letter-spacing: normal;text-align: start;text-indent: 0px;text-transform: none\">Informa\u00e7\u00f5es t\u00e9cnicas<\/h4>\n<p><span style=\"margin: 0px;padding: 0px;font-weight: 450;font-size: 14px;line-height: 21px;color: var(--dark-grey2);font-family: Lato, sans-serif;font-style: normal;letter-spacing: normal;text-align: start;text-indent: 0px;text-transform: none\">PPRODUTO: CABO DE REDE LAN CAT5E CMX (M)<br \/>\nMARCA: Soho Plus<br \/>\nCARACTER\u00cdSTICAS:<br \/>\n\u0095 Marca: Furukawa<br \/>\n\u0095 Modelo: 23200099<br \/>\nESPECIFICA\u00c7\u00d5ES:<br \/>\n\u0095 Tipo: Cabo LAN<br \/>\n\u0095 Ambiente de Instala\u00e7\u00e3o: Interno<br \/>\n\u0095 Ambiente de Opera\u00e7\u00e3o: N\u00e3o agressivo<br \/>\nCONSTRU\u00c7\u00c3O:<br \/>\n\u0095 RoHS Compliant<br \/>\n\u0095 Categoria 5e<br \/>\n\u0095 U\/UTP (n\u00e3o blindado)<br \/>\n\u0095 PVC &#8211; CMX<br \/>\nAPLICA\u00c7\u00d5ES:<br \/>\n\u0095 Pode ser utilizado com os seguintes padr\u00f5es atuais de redes citados abaixo:<br \/>\na. ATM -155 (UTP), AF-PHY-OO15.000 y AF-PHY-0018.000, 155\/51\/25 Mbps<br \/>\nb. TP-PMD , ANSI X3T9.5, 100 Mbps<br \/>\nc. GIGABIT ETHERNET, IEEE 802.3z, 1000 Mbps<br \/>\nd. 100BASE-TX, IEEE 802.3u, 100 Mbps<br \/>\ne. 100BASE-T4, IEEE 802.3u ,100 Mbps<br \/>\nf. 100vg-AnyLAN, IEEE802.12, 100 Mbps<br \/>\ng. 10BASE-T , IEEE802.3, 10 Mbps<br \/>\nh. TOKEN RING, IEEE802.5 , 4\/16 Mbps<br \/>\ni. 3X-AS400, IBM, 10 Mbps<br \/>\n2. Solu\u00e7\u00f5es Relacionadas: Industrias, Elevadores, Armaz\u00e9ns<br \/>\nNORMAS APLIC\u00c1VEIS:<br \/>\n\u0095 TIA-568-C.2 e seus complementos, ANSI\/TIA-569, ISO\/IEC DIS 11801, UL 444<br \/>\nCERTIFICA\u00c7\u00c3O: Anatel: 0036-08-0256<br \/>\nCONSTRUTIVAS:<br \/>\n\u0095 Condutor: Cobre n\u00fa com di\u00e2metro nominal de 24AWG<br \/>\n\u0095 Isolamento: Poliolefina com di\u00e2metro nominal 0.9mm<br \/>\n\u0095 Resist\u00eancia de Isolamento: 10000 MO.km<br \/>\n\u0095 Quantidade de Pares: 4 pares 24 AWG<br \/>\n\u0095 Par: Os condutores isolados s\u00e3o reunidos dois a dois, formando o par. Os passos de torcimento devem ser adequados, de modo a atender os n\u00edveis de diafonia previstos e minimizar o deslocamento relativo entre si.<br \/>\n\u0095 N\u00facleo:Os quatro pares s\u00e3o reunidos com passo adequado, formando o n\u00facleo do cabo.<br \/>\n\u0095 Blindagem: N\u00e3o Blindado (U\/UTP)<br \/>\n\u0095 Capa: Constitu\u00eddo por PVC retardante a chama<br \/>\n\u0095 Di\u00e2metro Nominal: 4,8 mm<br \/>\nF\u00cdSICO:<br \/>\n\u0095 Classe de Flamabilidade: CMX: IEC 60332-1 conforme ABNT NBR 14705.<br \/>\n\u0095 Temperatura de Instala\u00e7\u00e3o 0\u00baC a 50\u00baC<br \/>\n\u0095 Temperatura de Armazenamento -20\u00baC a 70\u00baC<br \/>\n\u0095 Temperatura de Opera\u00e7\u00e3o -20\u00baC a 60\u00baC<br \/>\nEL\u00c9TRICO:<br \/>\n\u0095 Desequil\u00edbrio Resistivo M\u00e1ximo 5%<br \/>\n\u0095 Resist\u00eancia El\u00e9trica CC M\u00e1xima do Condutor de 20\u00baC: 93,8 O\/km<br \/>\n\u0095 Capacit\u00e2ncia Mutua 1kHz &#8211; M\u00e1ximo: 56 pF\/m<br \/>\n\u0095 Desequil\u00edbrio Capacitivo Par x Terra 1kHz &#8211; M\u00e1ximo: 3,3 pF\/m<br \/>\n\u0095 Imped\u00e2ncia Caracter\u00edstica: 100\u00b115% O<br \/>\n\u0095 Atraso de Propaga\u00e7\u00e3o M\u00e1ximo: 545ns\/100m @ 10MHz<br \/>\n\u0095 Diferen\u00e7a entre o Atraso de Propaga\u00e7\u00e3o &#8211; M\u00e1ximo: 45ns\/100m<br \/>\n\u0095 Prova de Tens\u00e3o El\u00e9trica entre Condutores: 2500 VDC\/3s<br \/>\n\u0095 Velocidade de Propaga\u00e7\u00e3o Nominal: 68% <\/span><\/p>\n","protected":false},"featured_media":24749,"template":"","meta":{"_joinchat":[]},"product_brand":[],"product_cat":[121],"product_tag":[],"class_list":{"0":"post-17270","1":"product","2":"type-product","3":"status-publish","4":"has-post-thumbnail","6":"product_cat-fios-e-cabo","8":"first","9":"instock","10":"shipping-taxable","11":"purchasable","12":"product-type-simple"},"_links":{"self":[{"href":"https:\/\/www.multicasa.com.br\/inicio\/wp-json\/wp\/v2\/product\/17270","targetHints":{"allow":["GET"]}}],"collection":[{"href":"https:\/\/www.multicasa.com.br\/inicio\/wp-json\/wp\/v2\/product"}],"about":[{"href":"https:\/\/www.multicasa.com.br\/inicio\/wp-json\/wp\/v2\/types\/product"}],"wp:featuredmedia":[{"embeddable":true,"href":"https:\/\/www.multicasa.com.br\/inicio\/wp-json\/wp\/v2\/media\/24749"}],"wp:attachment":[{"href":"https:\/\/www.multicasa.com.br\/inicio\/wp-json\/wp\/v2\/media?parent=17270"}],"wp:term":[{"taxonomy":"product_brand","embeddable":true,"href":"https:\/\/www.multicasa.com.br\/inicio\/wp-json\/wp\/v2\/product_brand?post=17270"},{"taxonomy":"product_cat","embeddable":true,"href":"https:\/\/www.multicasa.com.br\/inicio\/wp-json\/wp\/v2\/product_cat?post=17270"},{"taxonomy":"product_tag","embeddable":true,"href":"https:\/\/www.multicasa.com.br\/inicio\/wp-json\/wp\/v2\/product_tag?post=17270"}],"curies":[{"name":"wp","href":"https:\/\/api.w.org\/{rel}","templated":true}]}}