{"id":17274,"date":"2025-06-20T19:17:41","date_gmt":"2025-06-20T23:17:41","guid":{"rendered":"https:\/\/www.multicasa.com.br\/inicio\/?post_type=product&#038;p=17274"},"modified":"2025-06-23T10:19:57","modified_gmt":"2025-06-23T14:19:57","slug":"manta-asf-viaflex-3kg-1x10m-viapol","status":"publish","type":"product","link":"https:\/\/www.multicasa.com.br\/inicio\/produto\/manta-asf-viaflex-3kg-1x10m-viapol\/","title":{"rendered":"Manta Asf.Viaflex 3Kg 1X10M Viapol"},"content":{"rendered":"<p>Viaflex Fita \u00e9 uma fita imperme\u00e1vel auto-adesiva composta de uma camada de adesivo asf\u00e1ltico, recoberta com uma l\u00e2mina de alum\u00ednio flex\u00edvel e protegida por um filme pl\u00e1stico. Material de f\u00e1cil aplica\u00e7\u00e3o que proporcionando solu\u00e7\u00e3o imediata em reparos, goteiras e infiltra\u00e7\u00f5es.<\/p>\n","protected":false},"excerpt":{"rendered":"<h4 style=\"margin: 0px;padding: 0px 0px 16px;font-family: Lato, sans-serif;font-weight: bold;line-height: 3rem;color: var(--dark-grey3);font-size: 22px;font-style: normal;letter-spacing: normal;text-align: start;text-indent: 0px;text-transform: none\">Informa\u00e7\u00f5es t\u00e9cnicas<\/h4>\n<p><span style=\"margin: 0px;padding: 0px;font-weight: 450;font-size: 14px;line-height: 21px;color: var(--dark-grey2);font-family: Lato, sans-serif;font-style: normal;letter-spacing: normal;text-align: start;text-indent: 0px;text-transform: none\">Produto: MANTA ASF.VIAFLEX 3KG 1X10M VIAPOL<br \/>\nMarca: VIAPOL<\/p>\n<p>VANTAGENS :<br \/>\n&#8211; Aplica\u00e7\u00e3o r\u00e1pida e f\u00e1cil;<br \/>\n&#8211; Imperme\u00e1vel e resistente \u00e0 \u00e1gua;<br \/>\n&#8211; Boa resist\u00eancia aos raios solares;<br \/>\n&#8211; Flex\u00edvel;<br \/>\n&#8211; Ader\u00eancia na maioria dos materiais utilizados na constru\u00e7\u00e3o civil, como concreto,  argamassa, tijolos, telhas, alum\u00ednio, etc;<br \/>\n&#8211; N\u00e3o necessita de ferramentas especiais para a aplica\u00e7\u00e3o.<\/p>\n<p>UTILIZA\u00c7\u00c3O :<br \/>\n&#8211; Telhas (met\u00e1licas: fibrocimento e concreto);<br \/>\n&#8211; Rufos e calhas met\u00e1licas;<br \/>\n&#8211; Prote\u00e7\u00e3o de tubula\u00e7\u00e3o PVC exposta ao tempo;<br \/>\n&#8211; Dutos de ventila\u00e7\u00e3o e ar condicionado;<br \/>\n&#8211; Cantoneiras, furg\u00f5es, carrocerias ba\u00fa;<br \/>\n&#8211; Barraca de camping;<br \/>\n&#8211; Fechamento das sobreposi\u00e7\u00f5es em sistema de subcobertura.<br \/>\n<\/span><\/p>\n","protected":false},"featured_media":25543,"template":"","meta":{"_joinchat":[]},"product_brand":[],"product_cat":[155],"product_tag":[],"class_list":{"0":"post-17274","1":"product","2":"type-product","3":"status-publish","4":"has-post-thumbnail","6":"product_cat-impermeabilizantes-e-cia","8":"first","9":"outofstock","10":"shipping-taxable","11":"product-type-simple"},"_links":{"self":[{"href":"https:\/\/www.multicasa.com.br\/inicio\/wp-json\/wp\/v2\/product\/17274","targetHints":{"allow":["GET"]}}],"collection":[{"href":"https:\/\/www.multicasa.com.br\/inicio\/wp-json\/wp\/v2\/product"}],"about":[{"href":"https:\/\/www.multicasa.com.br\/inicio\/wp-json\/wp\/v2\/types\/product"}],"wp:featuredmedia":[{"embeddable":true,"href":"https:\/\/www.multicasa.com.br\/inicio\/wp-json\/wp\/v2\/media\/25543"}],"wp:attachment":[{"href":"https:\/\/www.multicasa.com.br\/inicio\/wp-json\/wp\/v2\/media?parent=17274"}],"wp:term":[{"taxonomy":"product_brand","embeddable":true,"href":"https:\/\/www.multicasa.com.br\/inicio\/wp-json\/wp\/v2\/product_brand?post=17274"},{"taxonomy":"product_cat","embeddable":true,"href":"https:\/\/www.multicasa.com.br\/inicio\/wp-json\/wp\/v2\/product_cat?post=17274"},{"taxonomy":"product_tag","embeddable":true,"href":"https:\/\/www.multicasa.com.br\/inicio\/wp-json\/wp\/v2\/product_tag?post=17274"}],"curies":[{"name":"wp","href":"https:\/\/api.w.org\/{rel}","templated":true}]}}