{"id":17293,"date":"2025-06-20T19:17:52","date_gmt":"2025-06-20T23:17:52","guid":{"rendered":"https:\/\/www.multicasa.com.br\/inicio\/?post_type=product&#038;p=17293"},"modified":"2025-08-17T19:13:55","modified_gmt":"2025-08-17T23:13:55","slug":"escada-alum-exten-2x8-botafogo","status":"publish","type":"product","link":"https:\/\/www.multicasa.com.br\/inicio\/produto\/escada-alum-exten-2x8-botafogo\/","title":{"rendered":"Escada Alum.Exten.2X8 Botafogo"},"content":{"rendered":"<p>Escada \u00e1gil de alum\u00ednio, o que lhe confere extrema leveza e resist\u00eancia. \u00c9 indicada para servi\u00e7os em geral, podendo ser utilizada de duas formas: estendida, e no formato pintor. Possui barras estabilizadoras. Sua carga m\u00e1xima de trabalho \u00e9 de 150 Kg.<\/p>\n","protected":false},"excerpt":{"rendered":"<h4 style=\"margin: 0px;padding: 0px 0px 16px;font-family: Lato, sans-serif;font-weight: bold;line-height: 3rem;color: var(--dark-grey3);font-size: 22px;font-style: normal;letter-spacing: normal;text-align: start;text-indent: 0px;text-transform: none\">Informa\u00e7\u00f5es t\u00e9cnicas<\/h4>\n<p><span style=\"margin: 0px;padding: 0px;font-weight: 450;font-size: 14px;line-height: 21px;color: var(--dark-grey2);font-family: Lato, sans-serif;font-style: normal;letter-spacing: normal;text-align: start;text-indent: 0px;text-transform: none\">Produto: ESCADA ALUM.EXTEN.2X8 BOTAFOGO<br \/>\nMarca: BOTA FOGO<\/p>\n<p>Descri\u00e7\u00e3o do Produto:<br \/>\n&#8211; Escada \u00e1gil, feita com ligas especiais de alum\u00ednio, o que lhe confere extrema leveza e resist\u00eancia<br \/>\n&#8211; Sendo indicada para servi\u00e7os em geral, podendo ser utilizada de duas formas: extendida e no formato pintor<br \/>\n&#8211; Possui sapatas antiderrapantes, barras estabilizadoras e rod\u00edzios em polipropileno<br \/>\n&#8211; Sua carga m\u00e1xima de trabalho \u00e9 de 150Kg<\/p>\n<p>&#8211; Dimens\u00f5es:<br \/>\n:: Fechada (L x C x H): 0,58 x 0,12 x 2,69 m<br \/>\n:: Aberta em V (L x C x H): 0,64 x 1,74 x 2,25 m<br \/>\n:: Extendido (L x C x H): 0,64 x 13,5 x 3,88 m<\/p>\n<p>&#8211; Garantia: 12 meses (3 meses de garantia legal por lei, contando a partir da data de emiss\u00e3o da Nota Fiscal de Venda e 9 meses de garantia concedido pelo fabricante contra defeito de fabrica\u00e7\u00e3o)<\/span><\/p>\n","protected":false},"featured_media":25112,"template":"","meta":{"_joinchat":[]},"product_brand":[],"product_cat":[156],"product_tag":[],"class_list":{"0":"post-17293","1":"product","2":"type-product","3":"status-publish","4":"has-post-thumbnail","6":"product_cat-escadas","8":"first","9":"outofstock","10":"shipping-taxable","11":"purchasable","12":"product-type-simple"},"_links":{"self":[{"href":"https:\/\/www.multicasa.com.br\/inicio\/wp-json\/wp\/v2\/product\/17293","targetHints":{"allow":["GET"]}}],"collection":[{"href":"https:\/\/www.multicasa.com.br\/inicio\/wp-json\/wp\/v2\/product"}],"about":[{"href":"https:\/\/www.multicasa.com.br\/inicio\/wp-json\/wp\/v2\/types\/product"}],"wp:featuredmedia":[{"embeddable":true,"href":"https:\/\/www.multicasa.com.br\/inicio\/wp-json\/wp\/v2\/media\/25112"}],"wp:attachment":[{"href":"https:\/\/www.multicasa.com.br\/inicio\/wp-json\/wp\/v2\/media?parent=17293"}],"wp:term":[{"taxonomy":"product_brand","embeddable":true,"href":"https:\/\/www.multicasa.com.br\/inicio\/wp-json\/wp\/v2\/product_brand?post=17293"},{"taxonomy":"product_cat","embeddable":true,"href":"https:\/\/www.multicasa.com.br\/inicio\/wp-json\/wp\/v2\/product_cat?post=17293"},{"taxonomy":"product_tag","embeddable":true,"href":"https:\/\/www.multicasa.com.br\/inicio\/wp-json\/wp\/v2\/product_tag?post=17293"}],"curies":[{"name":"wp","href":"https:\/\/api.w.org\/{rel}","templated":true}]}}