{"id":17294,"date":"2025-06-20T19:17:52","date_gmt":"2025-06-20T23:17:52","guid":{"rendered":"https:\/\/www.multicasa.com.br\/inicio\/?post_type=product&#038;p=17294"},"modified":"2025-08-17T19:13:56","modified_gmt":"2025-08-17T23:13:56","slug":"escada-alum-exten-2x9-botafogo","status":"publish","type":"product","link":"https:\/\/www.multicasa.com.br\/inicio\/produto\/escada-alum-exten-2x9-botafogo\/","title":{"rendered":"Escada Alum.Exten.2X9 Botafogo"},"content":{"rendered":"<p>Escada \u00e1gil de alum\u00ednio, o que lhe confere extrema leveza e resist\u00eancia. \u00c9 indicada para servi\u00e7os em geral, podendo ser utilizada de duas formas: estendida, e no formato pintor. Possui barras estabilizadoras. Sua carga m\u00e1xima de trabalho \u00e9 de 150 Kg.<\/p>\n","protected":false},"excerpt":{"rendered":"<h4 style=\"margin: 0px;padding: 0px 0px 16px;font-family: Lato, sans-serif;font-weight: bold;line-height: 3rem;color: var(--dark-grey3);font-size: 22px;font-style: normal;letter-spacing: normal;text-align: start;text-indent: 0px;text-transform: none\">Informa\u00e7\u00f5es t\u00e9cnicas<\/h4>\n<p><span style=\"margin: 0px;padding: 0px;font-weight: 450;font-size: 14px;line-height: 21px;color: var(--dark-grey2);font-family: Lato, sans-serif;font-style: normal;letter-spacing: normal;text-align: start;text-indent: 0px;text-transform: none\">Produto: ESCADA ALUM.EXTEN.2X8 BOTAFOGO<br \/>\nMarca: BOTA FOGO<\/p>\n<p>Descri\u00e7\u00e3o do Produto:<br \/>\n&#8211; Escada de abrir;<br \/>\n&#8211; Resist\u00eancia que n\u00e3o pesa;<br \/>\n&#8211; Rodas na extremidade superior, para suave extens\u00e3o apoiada na parede;<br \/>\n&#8211; Pr\u00e1tico e suave sistema de articula\u00e7\u00e3o para fechar e estender;<br \/>\n&#8211; Feita 100% de liga especial de alum\u00ednio;<br \/>\n&#8211; Super resistente;<br \/>\n&#8211; 150 Kg com carga;<br \/>\n&#8211; Sapata 100% de borracha com desenho especial para melhor ader\u00eancia;<br \/>\n&#8211; Degraus com apoio plano para os p\u00e9s;<br \/>\n&#8211; Travamento autom\u00e1tico na extens\u00e3o;<br \/>\n&#8211; N\u00famero de Degraus: 09 degraus de cada lado, ou estendida totalizando 18 degraus;<br \/>\n&#8211; Peso aprox.: 10 Kg;<br \/>\n&#8211; Altura fechada: 2,68 m;<br \/>\n&#8211; Altura Aberta: 2,51 m;<br \/>\n&#8211; Altura Esticada: 4,44 m.<br \/>\n<\/span><\/p>\n","protected":false},"featured_media":25113,"template":"","meta":{"_joinchat":[]},"product_brand":[],"product_cat":[156],"product_tag":[],"class_list":{"0":"post-17294","1":"product","2":"type-product","3":"status-publish","4":"has-post-thumbnail","6":"product_cat-escadas","8":"first","9":"outofstock","10":"shipping-taxable","11":"purchasable","12":"product-type-simple"},"_links":{"self":[{"href":"https:\/\/www.multicasa.com.br\/inicio\/wp-json\/wp\/v2\/product\/17294","targetHints":{"allow":["GET"]}}],"collection":[{"href":"https:\/\/www.multicasa.com.br\/inicio\/wp-json\/wp\/v2\/product"}],"about":[{"href":"https:\/\/www.multicasa.com.br\/inicio\/wp-json\/wp\/v2\/types\/product"}],"wp:featuredmedia":[{"embeddable":true,"href":"https:\/\/www.multicasa.com.br\/inicio\/wp-json\/wp\/v2\/media\/25113"}],"wp:attachment":[{"href":"https:\/\/www.multicasa.com.br\/inicio\/wp-json\/wp\/v2\/media?parent=17294"}],"wp:term":[{"taxonomy":"product_brand","embeddable":true,"href":"https:\/\/www.multicasa.com.br\/inicio\/wp-json\/wp\/v2\/product_brand?post=17294"},{"taxonomy":"product_cat","embeddable":true,"href":"https:\/\/www.multicasa.com.br\/inicio\/wp-json\/wp\/v2\/product_cat?post=17294"},{"taxonomy":"product_tag","embeddable":true,"href":"https:\/\/www.multicasa.com.br\/inicio\/wp-json\/wp\/v2\/product_tag?post=17294"}],"curies":[{"name":"wp","href":"https:\/\/api.w.org\/{rel}","templated":true}]}}