{"id":17303,"date":"2025-06-20T19:17:53","date_gmt":"2025-06-20T23:17:53","guid":{"rendered":"https:\/\/www.multicasa.com.br\/inicio\/?post_type=product&#038;p=17303"},"modified":"2025-06-23T10:17:54","modified_gmt":"2025-06-23T14:17:54","slug":"lona-plastica-6x100m-32kg-preta-lonax","status":"publish","type":"product","link":"https:\/\/www.multicasa.com.br\/inicio\/produto\/lona-plastica-6x100m-32kg-preta-lonax\/","title":{"rendered":"Lona Pl\u00e1stica 6X100M 32Kg Preta Lonax"},"content":{"rendered":"<p>As lonas da Linha Preta Original s\u00e3o indicadas para o uso geral na constru\u00e7\u00e3o civil e no agroneg\u00f3cio. De acordo com suas diferentes espessuras, t\u00eam diversos usos, como na cobertura de materiais em obras e jardinagem, materiais pontiagudos, sacaria e telhados (provisoriamente). Tamb\u00e9m se aplicam \u00e0 constru\u00e7\u00e3o de galp\u00e3o em canteiro de obras e barracas para eventos.<\/p>\n<p>As lonas da Linha preta podem tamb\u00e9m ser utilizadas na forra\u00e7\u00e3o de pisos em pinturas e para secagem de gr\u00e3os, de solo em contrapiso, de andaimes e fachadas de edif\u00edcios, e carrocerias. Tamb\u00e9m se prestam \u00e0 prote\u00e7\u00e3o de barracas de camping, \u00e0 conten\u00e7\u00e3o de deslizamentos e eros\u00e3o, prote\u00e7\u00e3o de encostas e sinaliza\u00e7\u00e3o de \u00e1reas de risco.<\/p>\n","protected":false},"excerpt":{"rendered":"<h4 style=\"margin: 0px;padding: 0px 0px 16px;font-family: Lato, sans-serif;font-weight: bold;line-height: 3rem;color: var(--dark-grey3);font-size: 22px;font-style: normal;letter-spacing: normal;text-align: start;text-indent: 0px;text-transform: none\">Informa\u00e7\u00f5es t\u00e9cnicas<\/h4>\n<p><span style=\"margin: 0px;padding: 0px;font-weight: 450;font-size: 14px;line-height: 21px;color: var(--dark-grey2);font-family: Lato, sans-serif;font-style: normal;letter-spacing: normal;text-align: start;text-indent: 0px;text-transform: none\">Produto: LONA PL\u00c1STICA 6X100M 32KG<br \/>\nMarca: LONAX<\/p>\n<p>Caracteristicas:<br \/>\n&#8211; 6M metros de largura<br \/>\n&#8211; 100M<br \/>\n&#8211; 32KG<br \/>\n&#8211; Cor: Preto<\/span><\/p>\n","protected":false},"featured_media":25477,"template":"","meta":{"_joinchat":[]},"product_brand":[],"product_cat":[147],"product_tag":[],"class_list":{"0":"post-17303","1":"product","2":"type-product","3":"status-publish","4":"has-post-thumbnail","6":"product_cat-basicos","8":"first","9":"outofstock","10":"shipping-taxable","11":"product-type-simple"},"_links":{"self":[{"href":"https:\/\/www.multicasa.com.br\/inicio\/wp-json\/wp\/v2\/product\/17303","targetHints":{"allow":["GET"]}}],"collection":[{"href":"https:\/\/www.multicasa.com.br\/inicio\/wp-json\/wp\/v2\/product"}],"about":[{"href":"https:\/\/www.multicasa.com.br\/inicio\/wp-json\/wp\/v2\/types\/product"}],"wp:featuredmedia":[{"embeddable":true,"href":"https:\/\/www.multicasa.com.br\/inicio\/wp-json\/wp\/v2\/media\/25477"}],"wp:attachment":[{"href":"https:\/\/www.multicasa.com.br\/inicio\/wp-json\/wp\/v2\/media?parent=17303"}],"wp:term":[{"taxonomy":"product_brand","embeddable":true,"href":"https:\/\/www.multicasa.com.br\/inicio\/wp-json\/wp\/v2\/product_brand?post=17303"},{"taxonomy":"product_cat","embeddable":true,"href":"https:\/\/www.multicasa.com.br\/inicio\/wp-json\/wp\/v2\/product_cat?post=17303"},{"taxonomy":"product_tag","embeddable":true,"href":"https:\/\/www.multicasa.com.br\/inicio\/wp-json\/wp\/v2\/product_tag?post=17303"}],"curies":[{"name":"wp","href":"https:\/\/api.w.org\/{rel}","templated":true}]}}