{"id":17312,"date":"2025-06-20T19:17:54","date_gmt":"2025-06-20T23:17:54","guid":{"rendered":"https:\/\/www.multicasa.com.br\/inicio\/?post_type=product&#038;p=17312"},"modified":"2026-02-19T11:18:51","modified_gmt":"2026-02-19T15:18:51","slug":"umidificador-de-ar-u-04-37l-ventisol","status":"publish","type":"product","link":"https:\/\/www.multicasa.com.br\/inicio\/produto\/umidificador-de-ar-u-04-37l-ventisol\/","title":{"rendered":"Umidificador de Ar U-04 3,7L Ventisol"},"content":{"rendered":"<p>Ar mais \u00famido, refrescante e saud\u00e1vel para voc\u00ea e sua fam\u00edlia.<br \/>\nSe voc\u00ea deseja um ambiente mais agrad\u00e1vel, o Umidificador Residencial Ventisol U-04 \u00e9 ideal.<br \/>\nBivolt autom\u00e1tico com baixo consumo de energia \u00e9 ideal para ambientes com baixa umidade do ar e ambientes climatizados por ar condicionado.<\/p>\n","protected":false},"excerpt":{"rendered":"<h4 style=\"margin: 0px;padding: 0px 0px 16px;font-family: Lato, sans-serif;font-weight: bold;line-height: 3rem;color: var(--dark-grey3);font-size: 22px;font-style: normal;letter-spacing: normal;text-align: start;text-indent: 0px;text-transform: none\">Informa\u00e7\u00f5es t\u00e9cnicas<\/h4>\n<p><span style=\"margin: 0px;padding: 0px;font-weight: 450;font-size: 14px;line-height: 21px;color: var(--dark-grey2);font-family: Lato, sans-serif;font-style: normal;letter-spacing: normal;text-align: start;text-indent: 0px;text-transform: none\">Baixo consumo de energia<br \/>\nControle de n\u00e9voa em bico duplo: O n\u00edvel de intensidade e a dire\u00e7\u00e3o da n\u00e9voa podem ser controlados.<br \/>\nReservat\u00f3rio de 3,7L: Proporciona at\u00e9 10h de funcionamento na pot\u00eancia m\u00e1xima. At\u00e9 24 horas de uso em velocidade m\u00e9dia.<br \/>\nStandby Autom\u00e1tico: Sem \u00e1gua no reservat\u00f3rio, o umidificador entra em standby.<br \/>\nMarca: Ventisol<br \/>\nCor: azul<br \/>\nVoltagem: Bivolt<br \/>\nFrequ\u00eancia 60HZ<br \/>\nPeso L\u00edquido:0,85Kg<br \/>\nMaterial: Pl\u00e1stico.<\/span><\/p>\n","protected":false},"featured_media":26203,"template":"","meta":{"_joinchat":[]},"product_brand":[],"product_cat":[100],"product_tag":[],"class_list":{"0":"post-17312","1":"product","2":"type-product","3":"status-publish","4":"has-post-thumbnail","6":"product_cat-eletros","8":"first","9":"outofstock","10":"shipping-taxable","11":"product-type-simple"},"_links":{"self":[{"href":"https:\/\/www.multicasa.com.br\/inicio\/wp-json\/wp\/v2\/product\/17312","targetHints":{"allow":["GET"]}}],"collection":[{"href":"https:\/\/www.multicasa.com.br\/inicio\/wp-json\/wp\/v2\/product"}],"about":[{"href":"https:\/\/www.multicasa.com.br\/inicio\/wp-json\/wp\/v2\/types\/product"}],"wp:featuredmedia":[{"embeddable":true,"href":"https:\/\/www.multicasa.com.br\/inicio\/wp-json\/wp\/v2\/media\/26203"}],"wp:attachment":[{"href":"https:\/\/www.multicasa.com.br\/inicio\/wp-json\/wp\/v2\/media?parent=17312"}],"wp:term":[{"taxonomy":"product_brand","embeddable":true,"href":"https:\/\/www.multicasa.com.br\/inicio\/wp-json\/wp\/v2\/product_brand?post=17312"},{"taxonomy":"product_cat","embeddable":true,"href":"https:\/\/www.multicasa.com.br\/inicio\/wp-json\/wp\/v2\/product_cat?post=17312"},{"taxonomy":"product_tag","embeddable":true,"href":"https:\/\/www.multicasa.com.br\/inicio\/wp-json\/wp\/v2\/product_tag?post=17312"}],"curies":[{"name":"wp","href":"https:\/\/api.w.org\/{rel}","templated":true}]}}