{"id":17375,"date":"2025-06-20T19:18:16","date_gmt":"2025-06-20T23:18:16","guid":{"rendered":"https:\/\/www.multicasa.com.br\/inicio\/?post_type=product&#038;p=17375"},"modified":"2025-06-23T09:50:56","modified_gmt":"2025-06-23T13:50:56","slug":"barbante-de-algodao-valtex-151m","status":"publish","type":"product","link":"https:\/\/www.multicasa.com.br\/inicio\/produto\/barbante-de-algodao-valtex-151m\/","title":{"rendered":"Barbante de Algod\u00e3o Valtex 151m"},"content":{"rendered":"<p>Deixe suas atividades de artesanato, confec\u00e7\u00e3o de panos de prato, decora\u00e7\u00e3o, atividades escolares e outras mais charmosas. O barbante de algod\u00e3o da Valtex mede 151 metros, \u00e9 super vers\u00e1til e tem f\u00e1cil utiliza\u00e7\u00e3o. Pode auxiliar tamb\u00e9m em atividades de cozinha. Use com criatividade e sempre que for necess\u00e1rio.<\/p>\n","protected":false},"excerpt":{"rendered":"<h4 style=\"margin: 0px;padding: 0px 0px 16px;font-family: Lato, sans-serif;font-weight: bold;line-height: 3rem;color: var(--dark-grey3);font-size: 22px;font-style: normal;letter-spacing: normal;text-align: start;text-indent: 0px;text-transform: none\">Informa\u00e7\u00f5es t\u00e9cnicas<\/h4>\n<p><span style=\"margin: 0px;padding: 0px;font-weight: 450;font-size: 14px;line-height: 21px;color: var(--dark-grey2);font-family: Lato, sans-serif;font-style: normal;letter-spacing: normal;text-align: start;text-indent: 0px;text-transform: none\">Produto: Barbante<br \/>\nMarca: Valtex<br \/>\nMaterial: 100% Algod\u00e3o<br \/>\nItens inclusos: 1 Barbante<br \/>\nDimens\u00f5es do produto (L): 151m<br \/>\n<\/span><\/p>\n","protected":false},"featured_media":24662,"template":"","meta":{"_joinchat":[]},"product_brand":[],"product_cat":[63],"product_tag":[],"class_list":{"0":"post-17375","1":"product","2":"type-product","3":"status-publish","4":"has-post-thumbnail","6":"product_cat-utilidades-do-lar","8":"first","9":"outofstock","10":"shipping-taxable","11":"product-type-simple"},"_links":{"self":[{"href":"https:\/\/www.multicasa.com.br\/inicio\/wp-json\/wp\/v2\/product\/17375","targetHints":{"allow":["GET"]}}],"collection":[{"href":"https:\/\/www.multicasa.com.br\/inicio\/wp-json\/wp\/v2\/product"}],"about":[{"href":"https:\/\/www.multicasa.com.br\/inicio\/wp-json\/wp\/v2\/types\/product"}],"wp:featuredmedia":[{"embeddable":true,"href":"https:\/\/www.multicasa.com.br\/inicio\/wp-json\/wp\/v2\/media\/24662"}],"wp:attachment":[{"href":"https:\/\/www.multicasa.com.br\/inicio\/wp-json\/wp\/v2\/media?parent=17375"}],"wp:term":[{"taxonomy":"product_brand","embeddable":true,"href":"https:\/\/www.multicasa.com.br\/inicio\/wp-json\/wp\/v2\/product_brand?post=17375"},{"taxonomy":"product_cat","embeddable":true,"href":"https:\/\/www.multicasa.com.br\/inicio\/wp-json\/wp\/v2\/product_cat?post=17375"},{"taxonomy":"product_tag","embeddable":true,"href":"https:\/\/www.multicasa.com.br\/inicio\/wp-json\/wp\/v2\/product_tag?post=17375"}],"curies":[{"name":"wp","href":"https:\/\/api.w.org\/{rel}","templated":true}]}}