{"id":17434,"date":"2025-06-20T19:19:02","date_gmt":"2025-06-20T23:19:02","guid":{"rendered":"https:\/\/www.multicasa.com.br\/inicio\/?post_type=product&#038;p=17434"},"modified":"2025-06-20T19:19:57","modified_gmt":"2025-06-20T23:19:57","slug":"caixa-organizadora-com-tampa-azul-hana-ordene-85l","status":"publish","type":"product","link":"https:\/\/www.multicasa.com.br\/inicio\/produto\/caixa-organizadora-com-tampa-azul-hana-ordene-85l\/","title":{"rendered":"Caixa Organizadora com Tampa Azul Hana Ordene 8,5L"},"content":{"rendered":"<p>Ideal apra deixar ambientes em ordem, a Caixa Organizadora com Tampa Hana Ordene tem campacidade para at\u00e9 8,5 litros. De cor azul, sua tampa ventilada mant\u00e9m objetos arejados e pode ser utilizada em quartos, banheiros, salas e onde mais houver necessidade. Com deisgn sofisticado e pr\u00e1tico, tem f\u00e1cil higieniza\u00e7\u00e3o e leva charme \u00e0 decora\u00e7\u00e3o.<\/p>\n","protected":false},"excerpt":{"rendered":"<h4 style=\"margin: 0px;padding: 0px 0px 16px;font-family: Lato, sans-serif;font-weight: bold;line-height: 3rem;color: var(--dark-grey3);font-size: 22px;font-style: normal;letter-spacing: normal;text-align: start;text-indent: 0px;text-transform: none\">Informa\u00e7\u00f5es t\u00e9cnicas<\/h4>\n<p><span style=\"margin: 0px;padding: 0px;font-weight: 450;font-size: 14px;line-height: 21px;color: var(--dark-grey2);font-family: Lato, sans-serif;font-style: normal;letter-spacing: normal;text-align: start;text-indent: 0px;text-transform: none\">Produto: Caixa Organizadora com Tampa 8,5L<br \/>\nMarca: Ordene<br \/>\nMaterial: Pl\u00e1stico<br \/>\nCor: Azul<br \/>\nCaracter\u00edsticas: linha Hana, com tampa ventilada<br \/>\nItens Inclusos: 1 Caixa Organizadora<br \/>\nDimens\u00f5es do produto (A x L x P): 6,2 x 31,5 x 20cm<\/span><\/p>\n","protected":false},"featured_media":17501,"template":"","meta":{"_joinchat":[]},"product_brand":[],"product_cat":[98],"product_tag":[],"class_list":{"0":"post-17434","1":"product","2":"type-product","3":"status-publish","4":"has-post-thumbnail","6":"product_cat-organizadores","8":"first","9":"outofstock","10":"shipping-taxable","11":"product-type-simple"},"_links":{"self":[{"href":"https:\/\/www.multicasa.com.br\/inicio\/wp-json\/wp\/v2\/product\/17434","targetHints":{"allow":["GET"]}}],"collection":[{"href":"https:\/\/www.multicasa.com.br\/inicio\/wp-json\/wp\/v2\/product"}],"about":[{"href":"https:\/\/www.multicasa.com.br\/inicio\/wp-json\/wp\/v2\/types\/product"}],"wp:featuredmedia":[{"embeddable":true,"href":"https:\/\/www.multicasa.com.br\/inicio\/wp-json\/wp\/v2\/media\/17501"}],"wp:attachment":[{"href":"https:\/\/www.multicasa.com.br\/inicio\/wp-json\/wp\/v2\/media?parent=17434"}],"wp:term":[{"taxonomy":"product_brand","embeddable":true,"href":"https:\/\/www.multicasa.com.br\/inicio\/wp-json\/wp\/v2\/product_brand?post=17434"},{"taxonomy":"product_cat","embeddable":true,"href":"https:\/\/www.multicasa.com.br\/inicio\/wp-json\/wp\/v2\/product_cat?post=17434"},{"taxonomy":"product_tag","embeddable":true,"href":"https:\/\/www.multicasa.com.br\/inicio\/wp-json\/wp\/v2\/product_tag?post=17434"}],"curies":[{"name":"wp","href":"https:\/\/api.w.org\/{rel}","templated":true}]}}

<p>Ideal apra deixar ambientes em ordem, a Caixa Organizadora com Tampa Hana Ordene tem campacidade para até 8,5 litros. De cor azul, sua tampa ventilada mantém objetos arejados e pode ser utilizada em quartos, banheiros, salas e onde mais houver necessidade. Com deisgn sofisticado e prático, tem fácil higienização e leva charme à decoração.</p>

<h4 style="margin: 0px;padding: 0px 0px 16px;font-family: Lato, sans-serif;font-weight: bold;line-height: 3rem;color: var(--dark-grey3);font-size: 22px;font-style: normal;letter-spacing: normal;text-align: start;text-indent: 0px;text-transform: none">Informações técnicas</h4>
<p><span style="margin: 0px;padding: 0px;font-weight: 450;font-size: 14px;line-height: 21px;color: var(--dark-grey2);font-family: Lato, sans-serif;font-style: normal;letter-spacing: normal;text-align: start;text-indent: 0px;text-transform: none">Produto: Caixa Organizadora com Tampa 8,5L<br />
Marca: Ordene<br />
Material: Plástico<br />
Cor: Azul<br />
Características: linha Hana, com tampa ventilada<br />
Itens Inclusos: 1 Caixa Organizadora<br />
Dimensões do produto (A x L x P): 6,2 x 31,5 x 20cm</span></p>
