{"id":17436,"date":"2025-06-20T19:19:02","date_gmt":"2025-06-20T23:19:02","guid":{"rendered":"https:\/\/www.multicasa.com.br\/inicio\/?post_type=product&#038;p=17436"},"modified":"2025-06-20T19:20:06","modified_gmt":"2025-06-20T23:20:06","slug":"suporte-universal-fixo-para-tv-lcd-led-de-10-a-71-pix","status":"publish","type":"product","link":"https:\/\/www.multicasa.com.br\/inicio\/produto\/suporte-universal-fixo-para-tv-lcd-led-de-10-a-71-pix\/","title":{"rendered":"Suporte Universal Fixo para TV LCD\/LED de 10&#8243; a 71&#8243; Pix"},"content":{"rendered":"<p>O Suporte Universal Fixo para TV LCD\/LED de 10&#8243;&#8221; a 71&#8243;&#8221; Pix, proporciona uma vis\u00e3o frontal, al\u00e9m de ser f\u00e1cil de instalar. Produzido em metal e pintura preta, tem capacidade de carga de 40kg, compat\u00edvel com o padr\u00e3o vesa. Acompanha parafusos e buchas para fixar na parede.<\/p>\n","protected":false},"excerpt":{"rendered":"<h4 style=\"margin: 0px;padding: 0px 0px 16px;font-family: Lato, sans-serif;font-weight: bold;line-height: 3rem;color: var(--dark-grey3);font-size: 22px;font-style: normal;letter-spacing: normal;text-align: start;text-indent: 0px;text-transform: none\">Informa\u00e7\u00f5es t\u00e9cnicas<\/h4>\n<p><span style=\"margin: 0px;padding: 0px;font-weight: 450;font-size: 14px;line-height: 21px;color: var(--dark-grey2);font-family: Lato, sans-serif;font-style: normal;letter-spacing: normal;text-align: start;text-indent: 0px;text-transform: none\">Produto: Suporte para TV<br \/>\nTipo: Fixo<br \/>\nMarca: Pix<br \/>\nMaterial: Metal<br \/>\nCor: Preto<br \/>\nUso indicado: Fixar TV\u0092s de 10 a 71 polegadas<br \/>\nCaracter\u00edsticas: Suporta at\u00e9 40kg, padr\u00e3o VESA<br \/>\nItens Inclusos: 1 Suporte de TV com parafusos e buchas inclusas<br \/>\nDimens\u00f5es do produto (A X L X P): 15,5 x 10,5 x 4,5cm                                                                                                       Peso: 0,23kg                                                                                                                                                                     Garantia: 5 anos<\/span><\/p>\n","protected":false},"featured_media":17509,"template":"","meta":{"_joinchat":[]},"product_brand":[],"product_cat":[150],"product_tag":[],"class_list":{"0":"post-17436","1":"product","2":"type-product","3":"status-publish","4":"has-post-thumbnail","6":"product_cat-antenas-e-cia","8":"first","9":"outofstock","10":"shipping-taxable","11":"product-type-simple"},"_links":{"self":[{"href":"https:\/\/www.multicasa.com.br\/inicio\/wp-json\/wp\/v2\/product\/17436","targetHints":{"allow":["GET"]}}],"collection":[{"href":"https:\/\/www.multicasa.com.br\/inicio\/wp-json\/wp\/v2\/product"}],"about":[{"href":"https:\/\/www.multicasa.com.br\/inicio\/wp-json\/wp\/v2\/types\/product"}],"wp:featuredmedia":[{"embeddable":true,"href":"https:\/\/www.multicasa.com.br\/inicio\/wp-json\/wp\/v2\/media\/17509"}],"wp:attachment":[{"href":"https:\/\/www.multicasa.com.br\/inicio\/wp-json\/wp\/v2\/media?parent=17436"}],"wp:term":[{"taxonomy":"product_brand","embeddable":true,"href":"https:\/\/www.multicasa.com.br\/inicio\/wp-json\/wp\/v2\/product_brand?post=17436"},{"taxonomy":"product_cat","embeddable":true,"href":"https:\/\/www.multicasa.com.br\/inicio\/wp-json\/wp\/v2\/product_cat?post=17436"},{"taxonomy":"product_tag","embeddable":true,"href":"https:\/\/www.multicasa.com.br\/inicio\/wp-json\/wp\/v2\/product_tag?post=17436"}],"curies":[{"name":"wp","href":"https:\/\/api.w.org\/{rel}","templated":true}]}}