{"id":17490,"date":"2025-06-20T19:19:49","date_gmt":"2025-06-20T23:19:49","guid":{"rendered":"https:\/\/www.multicasa.com.br\/inicio\/?post_type=product&#038;p=17490"},"modified":"2025-06-20T19:20:47","modified_gmt":"2025-06-20T23:20:47","slug":"tubo-extensivel-para-cortina-de-banheiro-aluminio-cinza-maxeb-140-a-210m","status":"publish","type":"product","link":"https:\/\/www.multicasa.com.br\/inicio\/produto\/tubo-extensivel-para-cortina-de-banheiro-aluminio-cinza-maxeb-140-a-210m\/","title":{"rendered":"Tubo Extens\u00edvel para Cortina de Banheiro Alum\u00ednio Cinza Maxeb 1,40 a 2,10m"},"content":{"rendered":"<p>O Tubo Extens\u00edvel para Cortina de Banheiro da Maxeb de alum\u00ednio, vem com um acabamento em pintura cinza. Seu telesc\u00f3pico proporciona maior resist\u00eancia. O suporte para cortinas \u00e9 de f\u00e1cil fixa\u00e7\u00e3o, extens\u00edvel de 1,40m a 2,10m.<\/p>\n","protected":false},"excerpt":{"rendered":"<h4 style=\"margin: 0px;padding: 0px 0px 16px;font-family: Lato, sans-serif;font-weight: bold;line-height: 3rem;color: var(--dark-grey3);font-size: 22px;font-style: normal;letter-spacing: normal;text-align: start;text-indent: 0px;text-transform: none\">Informa\u00e7\u00f5es t\u00e9cnicas<\/h4>\n<p><span style=\"margin: 0px;padding: 0px;font-weight: 450;font-size: 14px;line-height: 21px;color: var(--dark-grey2);font-family: Lato, sans-serif;font-style: normal;letter-spacing: normal;text-align: start;text-indent: 0px;text-transform: none\">Produto: Tubo para cortina<br \/>\nMarca: Maxeb<br \/>\nMaterial: Alum\u00ednio                                                                                                                                           Acabamento: Natural<br \/>\nCor: Cinza<br \/>\nCaracter\u00edsticas: F\u00e1cil fixa\u00e7\u00e3o, extens\u00edvel de 1,40 a 2,10m<br \/>\nItens inclusos: 1 tubo para cortina<br \/>\nDimens\u00f5es do produto (A x L x P): 2,5 x 6,5 x 140cm                                                                                                   Peso: 0,465kg                                                                                                                                                     Garantia: 3 meses<\/span><\/p>\n","protected":false},"featured_media":17558,"template":"","meta":{"_joinchat":[]},"product_brand":[],"product_cat":[69],"product_tag":[],"class_list":{"0":"post-17490","1":"product","2":"type-product","3":"status-publish","4":"has-post-thumbnail","6":"product_cat-acessorios-para-banheiro","8":"first","9":"outofstock","10":"shipping-taxable","11":"product-type-simple"},"_links":{"self":[{"href":"https:\/\/www.multicasa.com.br\/inicio\/wp-json\/wp\/v2\/product\/17490","targetHints":{"allow":["GET"]}}],"collection":[{"href":"https:\/\/www.multicasa.com.br\/inicio\/wp-json\/wp\/v2\/product"}],"about":[{"href":"https:\/\/www.multicasa.com.br\/inicio\/wp-json\/wp\/v2\/types\/product"}],"wp:featuredmedia":[{"embeddable":true,"href":"https:\/\/www.multicasa.com.br\/inicio\/wp-json\/wp\/v2\/media\/17558"}],"wp:attachment":[{"href":"https:\/\/www.multicasa.com.br\/inicio\/wp-json\/wp\/v2\/media?parent=17490"}],"wp:term":[{"taxonomy":"product_brand","embeddable":true,"href":"https:\/\/www.multicasa.com.br\/inicio\/wp-json\/wp\/v2\/product_brand?post=17490"},{"taxonomy":"product_cat","embeddable":true,"href":"https:\/\/www.multicasa.com.br\/inicio\/wp-json\/wp\/v2\/product_cat?post=17490"},{"taxonomy":"product_tag","embeddable":true,"href":"https:\/\/www.multicasa.com.br\/inicio\/wp-json\/wp\/v2\/product_tag?post=17490"}],"curies":[{"name":"wp","href":"https:\/\/api.w.org\/{rel}","templated":true}]}}