{"id":17495,"date":"2025-06-20T19:19:49","date_gmt":"2025-06-20T23:19:49","guid":{"rendered":"https:\/\/www.multicasa.com.br\/inicio\/?post_type=product&#038;p=17495"},"modified":"2025-06-20T19:20:59","modified_gmt":"2025-06-20T23:20:59","slug":"hub-usb-2-0-4-portas-com-led-indicador-hoopson","status":"publish","type":"product","link":"https:\/\/www.multicasa.com.br\/inicio\/produto\/hub-usb-2-0-4-portas-com-led-indicador-hoopson\/","title":{"rendered":"Hub USB 2.0 4 Portas com Led Indicador Hoopson"},"content":{"rendered":"<p>O Hub da Hoopson possui 4 portas USB 2.0 de alta velocidade. Vem com bot\u00f5es: chave seletora por porta e led indicador. Com tecnologia plug and play, transfere at\u00e9 480 Mbps.<\/p>\n","protected":false},"excerpt":{"rendered":"<h4 style=\"margin: 0px;padding: 0px 0px 16px;font-family: Lato, sans-serif;font-weight: bold;line-height: 3rem;color: var(--dark-grey3);font-size: 22px;font-style: normal;letter-spacing: normal;text-align: start;text-indent: 0px;text-transform: none\">Informa\u00e7\u00f5es t\u00e9cnicas<\/h4>\n<p><span style=\"margin: 0px;padding: 0px;font-weight: 450;font-size: 14px;line-height: 21px;color: var(--dark-grey2);font-family: Lato, sans-serif;font-style: normal;letter-spacing: normal;text-align: start;text-indent: 0px;text-transform: none\">Produto: Hub USB<br \/>\nMarca: Hoopson<br \/>\nModelo: HUB-004<br \/>\nCor: Preto<br \/>\nCaracter\u00edsticas: Led indicador de porta, 4 portas; USB 2.0 de alta velocidade; bot\u00f5es de chave seletora por porta, transfer\u00eancia de at\u00e9 480 Mbps<br \/>\nItens Inclusos: 1 hub usb<br \/>\nDimens\u00f5es do produto (A X L X P) X (C): 2,5 x 3,5 x 10,5cm<br \/>\nPeso: 200g<\/span><\/p>\n","protected":false},"featured_media":17562,"template":"","meta":{"_joinchat":[]},"product_brand":[],"product_cat":[130],"product_tag":[],"class_list":{"0":"post-17495","1":"product","2":"type-product","3":"status-publish","4":"has-post-thumbnail","6":"product_cat-informatica","8":"first","9":"outofstock","10":"shipping-taxable","11":"product-type-simple"},"_links":{"self":[{"href":"https:\/\/www.multicasa.com.br\/inicio\/wp-json\/wp\/v2\/product\/17495","targetHints":{"allow":["GET"]}}],"collection":[{"href":"https:\/\/www.multicasa.com.br\/inicio\/wp-json\/wp\/v2\/product"}],"about":[{"href":"https:\/\/www.multicasa.com.br\/inicio\/wp-json\/wp\/v2\/types\/product"}],"wp:featuredmedia":[{"embeddable":true,"href":"https:\/\/www.multicasa.com.br\/inicio\/wp-json\/wp\/v2\/media\/17562"}],"wp:attachment":[{"href":"https:\/\/www.multicasa.com.br\/inicio\/wp-json\/wp\/v2\/media?parent=17495"}],"wp:term":[{"taxonomy":"product_brand","embeddable":true,"href":"https:\/\/www.multicasa.com.br\/inicio\/wp-json\/wp\/v2\/product_brand?post=17495"},{"taxonomy":"product_cat","embeddable":true,"href":"https:\/\/www.multicasa.com.br\/inicio\/wp-json\/wp\/v2\/product_cat?post=17495"},{"taxonomy":"product_tag","embeddable":true,"href":"https:\/\/www.multicasa.com.br\/inicio\/wp-json\/wp\/v2\/product_tag?post=17495"}],"curies":[{"name":"wp","href":"https:\/\/api.w.org\/{rel}","templated":true}]}}