{"id":17539,"date":"2025-06-20T19:20:35","date_gmt":"2025-06-20T23:20:35","guid":{"rendered":"https:\/\/www.multicasa.com.br\/inicio\/?post_type=product&#038;p=17539"},"modified":"2025-08-18T03:04:27","modified_gmt":"2025-08-18T07:04:27","slug":"alcool-isopropilico-implastec-110ml","status":"publish","type":"product","link":"https:\/\/www.multicasa.com.br\/inicio\/produto\/alcool-isopropilico-implastec-110ml\/","title":{"rendered":"\u00c1lcool Isoprop\u00edlico Implastec 110ml"},"content":{"rendered":"<p>N\u00e3o corrosivo, o \u00c1lcool L\u00edquido Isoprop\u00edlico Implastec \u00e9 um solvente com alta capacidade de limpeza, ideal para higienizar eletroeletr\u00f4nicos.<\/p>\n","protected":false},"excerpt":{"rendered":"<h4 style=\"margin: 0px;padding: 0px 0px 16px;font-family: Lato, sans-serif;font-weight: bold;line-height: 3rem;color: var(--dark-grey3);font-size: 22px;font-style: normal;letter-spacing: normal;text-align: start;text-indent: 0px;text-transform: none\">Informa\u00e7\u00f5es t\u00e9cnicas<\/h4>\n<p><span style=\"margin: 0px;padding: 0px;font-weight: 450;font-size: 14px;line-height: 21px;color: var(--dark-grey2);font-family: Lato, sans-serif;font-style: normal;letter-spacing: normal;text-align: start;text-indent: 0px;text-transform: none\">Produto: \u00c1lcool Isoprop\u00edlico<br \/>\nMarca: Implastec<br \/>\nConte\u00fado: 110ml<br \/>\nCor: Transparente<br \/>\nUso Indicado: Limpeza de eletroeletr\u00f4nicos<br \/>\nDimens\u00f5es do produto (A x L): 12,7 x 4,6cm<br \/>\n<\/span><\/p>\n","protected":false},"featured_media":17585,"template":"","meta":{"_joinchat":[]},"product_brand":[],"product_cat":[147],"product_tag":[],"class_list":{"0":"post-17539","1":"product","2":"type-product","3":"status-publish","4":"has-post-thumbnail","6":"product_cat-basicos","8":"first","9":"outofstock","10":"shipping-taxable","11":"purchasable","12":"product-type-simple"},"_links":{"self":[{"href":"https:\/\/www.multicasa.com.br\/inicio\/wp-json\/wp\/v2\/product\/17539","targetHints":{"allow":["GET"]}}],"collection":[{"href":"https:\/\/www.multicasa.com.br\/inicio\/wp-json\/wp\/v2\/product"}],"about":[{"href":"https:\/\/www.multicasa.com.br\/inicio\/wp-json\/wp\/v2\/types\/product"}],"wp:featuredmedia":[{"embeddable":true,"href":"https:\/\/www.multicasa.com.br\/inicio\/wp-json\/wp\/v2\/media\/17585"}],"wp:attachment":[{"href":"https:\/\/www.multicasa.com.br\/inicio\/wp-json\/wp\/v2\/media?parent=17539"}],"wp:term":[{"taxonomy":"product_brand","embeddable":true,"href":"https:\/\/www.multicasa.com.br\/inicio\/wp-json\/wp\/v2\/product_brand?post=17539"},{"taxonomy":"product_cat","embeddable":true,"href":"https:\/\/www.multicasa.com.br\/inicio\/wp-json\/wp\/v2\/product_cat?post=17539"},{"taxonomy":"product_tag","embeddable":true,"href":"https:\/\/www.multicasa.com.br\/inicio\/wp-json\/wp\/v2\/product_tag?post=17539"}],"curies":[{"name":"wp","href":"https:\/\/api.w.org\/{rel}","templated":true}]}}