{"id":17543,"date":"2025-06-20T19:20:36","date_gmt":"2025-06-20T23:20:36","guid":{"rendered":"https:\/\/www.multicasa.com.br\/inicio\/?post_type=product&#038;p=17543"},"modified":"2025-12-12T10:35:03","modified_gmt":"2025-12-12T14:35:03","slug":"valvula-para-lavatorio-sem-ladrao-metal-cromado-esteves","status":"publish","type":"product","link":"https:\/\/www.multicasa.com.br\/inicio\/produto\/valvula-para-lavatorio-sem-ladrao-metal-cromado-esteves\/","title":{"rendered":"V\u00e1lvula para Lavat\u00f3rio sem Ladr\u00e3o Metal Cromado Esteves"},"content":{"rendered":"<p>A V\u00e1lvula para Lavat\u00f3rio sem ladr\u00e3o de 2.3\/8&#8243; x 1&#8243; da Esteves \u00e9 feita de metal e acabamento cromado.<\/p>\n","protected":false},"excerpt":{"rendered":"<h4 style=\"margin: 0px;padding: 0px 0px 16px;font-family: Lato, sans-serif;font-weight: bold;line-height: 3rem;color: var(--dark-grey3);font-size: 22px;font-style: normal;letter-spacing: normal;text-align: start;text-indent: 0px;text-transform: none\">Informa\u00e7\u00f5es t\u00e9cnicas<\/h4>\n<p><span style=\"margin: 0px;padding: 0px;font-weight: 450;font-size: 14px;line-height: 21px;color: var(--dark-grey2);font-family: Lato, sans-serif;font-style: normal;letter-spacing: normal;text-align: start;text-indent: 0px;text-transform: none\">Produto: V\u00e1lvula Lavat\u00f3rio<br \/>\nMarca: Esteves<br \/>\nMaterial: Liga de cobre, pl\u00e1stico engenharia, zamac e elast\u00f4meros<br \/>\nAcabamento: Cromado<br \/>\nItens inclusos: 1 v\u00e1lvula lavat\u00f3rio<br \/>\nDimens\u00f5es do produto (A X L X P): 8 x 5 x 5cm<br \/>\nPeso: 0,16kg                                                                                                                                                       Garantia: 15 anos<\/span><\/p>\n","protected":false},"featured_media":17591,"template":"","meta":{"_joinchat":[]},"product_brand":[],"product_cat":[69],"product_tag":[],"class_list":{"0":"post-17543","1":"product","2":"type-product","3":"status-publish","4":"has-post-thumbnail","6":"product_cat-acessorios-para-banheiro","8":"first","9":"outofstock","10":"shipping-taxable","11":"purchasable","12":"product-type-simple"},"_links":{"self":[{"href":"https:\/\/www.multicasa.com.br\/inicio\/wp-json\/wp\/v2\/product\/17543","targetHints":{"allow":["GET"]}}],"collection":[{"href":"https:\/\/www.multicasa.com.br\/inicio\/wp-json\/wp\/v2\/product"}],"about":[{"href":"https:\/\/www.multicasa.com.br\/inicio\/wp-json\/wp\/v2\/types\/product"}],"wp:featuredmedia":[{"embeddable":true,"href":"https:\/\/www.multicasa.com.br\/inicio\/wp-json\/wp\/v2\/media\/17591"}],"wp:attachment":[{"href":"https:\/\/www.multicasa.com.br\/inicio\/wp-json\/wp\/v2\/media?parent=17543"}],"wp:term":[{"taxonomy":"product_brand","embeddable":true,"href":"https:\/\/www.multicasa.com.br\/inicio\/wp-json\/wp\/v2\/product_brand?post=17543"},{"taxonomy":"product_cat","embeddable":true,"href":"https:\/\/www.multicasa.com.br\/inicio\/wp-json\/wp\/v2\/product_cat?post=17543"},{"taxonomy":"product_tag","embeddable":true,"href":"https:\/\/www.multicasa.com.br\/inicio\/wp-json\/wp\/v2\/product_tag?post=17543"}],"curies":[{"name":"wp","href":"https:\/\/api.w.org\/{rel}","templated":true}]}}