{"id":17578,"date":"2025-06-20T19:21:01","date_gmt":"2025-06-20T23:21:01","guid":{"rendered":"https:\/\/www.multicasa.com.br\/inicio\/?post_type=product&#038;p=17578"},"modified":"2025-06-20T19:21:40","modified_gmt":"2025-06-20T23:21:40","slug":"cabo-transferencia-de-dados-usb-c-para-usb-3-1-cinza-geonav-15m","status":"publish","type":"product","link":"https:\/\/www.multicasa.com.br\/inicio\/produto\/cabo-transferencia-de-dados-usb-c-para-usb-3-1-cinza-geonav-15m\/","title":{"rendered":"Cabo Transfer\u00eancia de Dados USB-C para USB 3.1 Cinza Geonav 1,5m"},"content":{"rendered":"<p>O Cabo USB-C para USB 3.1 Geonav permite r\u00e1pida transfer\u00eancia de dados e carregamento r\u00e1pido e seguro. Suporta at\u00e9 5 gbps de velocidade de transfer\u00eancia de dados, at\u00e9 10 vezes mais r\u00e1pido que usb 2.0 (480 mbps) e 6 vezes mais r\u00e1pido do que o firewire 800. \u00c9 compat\u00edvel com qualquer dispositivo com sa\u00edda usb-c. O conector usb-c \u00e9 revers\u00edvel, permitindo a utiliza\u00e7\u00e3o dos dois lados. O cabo \u00e9 confeccionado em nylon tran\u00e7ado refor\u00e7ado na cor cinza com 1,5 m de comprimento.<\/p>\n","protected":false},"excerpt":{"rendered":"<h4 style=\"margin: 0px;padding: 0px 0px 16px;font-family: Lato, sans-serif;font-weight: bold;line-height: 3rem;color: var(--dark-grey3);font-size: 22px;font-style: normal;letter-spacing: normal;text-align: start;text-indent: 0px;text-transform: none\">Informa\u00e7\u00f5es t\u00e9cnicas<\/h4>\n<p><span style=\"margin: 0px;padding: 0px;font-weight: 450;font-size: 14px;line-height: 21px;color: var(--dark-grey2);font-family: Lato, sans-serif;font-style: normal;letter-spacing: normal;text-align: start;text-indent: 0px;text-transform: none\">Produto: Cabo USB<br \/>\nTipo: C<br \/>\nMarca: Geonav<br \/>\nMaterial: Nylon Tran\u00e7ado<br \/>\nCor: Cinza<br \/>\nVers\u00f5es compat\u00edveis: 3.1<br \/>\nCaracter\u00edsticas: Faz carga e transfer\u00eancia de dados<br \/>\nUSB-C para USB 3.1<br \/>\nAlta velocidade<br \/>\nTransfer\u00eancia m\u00e1xima 5gbps<br \/>\nSa\u00edda at\u00e9: 3a<br \/>\nConector Revers\u00edvel<br \/>\nItens inclusos: 1 Cabo USB<br \/>\nDimens\u00f5es do produto (C): 1,5m<\/span><\/p>\n","protected":false},"featured_media":17623,"template":"","meta":{"_joinchat":[]},"product_brand":[],"product_cat":[130],"product_tag":[],"class_list":{"0":"post-17578","1":"product","2":"type-product","3":"status-publish","4":"has-post-thumbnail","6":"product_cat-informatica","8":"first","9":"outofstock","10":"shipping-taxable","11":"product-type-simple"},"_links":{"self":[{"href":"https:\/\/www.multicasa.com.br\/inicio\/wp-json\/wp\/v2\/product\/17578","targetHints":{"allow":["GET"]}}],"collection":[{"href":"https:\/\/www.multicasa.com.br\/inicio\/wp-json\/wp\/v2\/product"}],"about":[{"href":"https:\/\/www.multicasa.com.br\/inicio\/wp-json\/wp\/v2\/types\/product"}],"wp:featuredmedia":[{"embeddable":true,"href":"https:\/\/www.multicasa.com.br\/inicio\/wp-json\/wp\/v2\/media\/17623"}],"wp:attachment":[{"href":"https:\/\/www.multicasa.com.br\/inicio\/wp-json\/wp\/v2\/media?parent=17578"}],"wp:term":[{"taxonomy":"product_brand","embeddable":true,"href":"https:\/\/www.multicasa.com.br\/inicio\/wp-json\/wp\/v2\/product_brand?post=17578"},{"taxonomy":"product_cat","embeddable":true,"href":"https:\/\/www.multicasa.com.br\/inicio\/wp-json\/wp\/v2\/product_cat?post=17578"},{"taxonomy":"product_tag","embeddable":true,"href":"https:\/\/www.multicasa.com.br\/inicio\/wp-json\/wp\/v2\/product_tag?post=17578"}],"curies":[{"name":"wp","href":"https:\/\/api.w.org\/{rel}","templated":true}]}}