{"id":17601,"date":"2025-06-20T19:21:23","date_gmt":"2025-06-20T23:21:23","guid":{"rendered":"https:\/\/www.multicasa.com.br\/inicio\/?post_type=product&#038;p=17601"},"modified":"2026-02-03T10:30:18","modified_gmt":"2026-02-03T14:30:18","slug":"mini-varal-redondo-com-16-prendedores-flashlimp","status":"publish","type":"product","link":"https:\/\/www.multicasa.com.br\/inicio\/produto\/mini-varal-redondo-com-16-prendedores-flashlimp\/","title":{"rendered":"Mini Varal Redondo com 16 Prendedores Flashlimp"},"content":{"rendered":"<p>O Mini Varal Redondo Flashlimp deixa seu dia a dia mais pr\u00e1tico na hora de secar roupas pequenas e delicadas. Produzido em pl\u00e1stico verde e cinza, conta com 16 prendedores, ideais para pendurar meias, cuecas e lingeries. Possui gancho girat\u00f3rio para pendurar na corda, facilitando o manuseio.<\/p>\n","protected":false},"excerpt":{"rendered":"<h4 style=\"margin: 0px;padding: 0px 0px 16px;font-family: Lato, sans-serif;font-weight: bold;line-height: 3rem;color: var(--dark-grey3);font-size: 22px;font-style: normal;letter-spacing: normal;text-align: start;text-indent: 0px;text-transform: none\">Informa\u00e7\u00f5es t\u00e9cnicas<\/h4>\n<p><span style=\"margin: 0px;padding: 0px;font-weight: 450;font-size: 14px;line-height: 21px;color: var(--dark-grey2);font-family: Lato, sans-serif;font-style: normal;letter-spacing: normal;text-align: start;text-indent: 0px;text-transform: none\">Produto: Mini Varal<br \/>\nMarca: Flashlimp<br \/>\nMaterial: Pl\u00e1stico<br \/>\nCor: Verde e cinza<br \/>\nCaracter\u00edsticas: 16 prendedores<br \/>\nItens Inclusoss: 1 mini varal<br \/>\nDimens\u00f5es do produto (A X L): 4 x 35cm<br \/>\n<\/span><\/p>\n","protected":false},"featured_media":25565,"template":"","meta":{"_joinchat":[]},"product_brand":[],"product_cat":[95],"product_tag":[],"class_list":{"0":"post-17601","1":"product","2":"type-product","3":"status-publish","4":"has-post-thumbnail","6":"product_cat-lavanderia","8":"first","9":"instock","10":"shipping-taxable","11":"purchasable","12":"product-type-simple"},"_links":{"self":[{"href":"https:\/\/www.multicasa.com.br\/inicio\/wp-json\/wp\/v2\/product\/17601","targetHints":{"allow":["GET"]}}],"collection":[{"href":"https:\/\/www.multicasa.com.br\/inicio\/wp-json\/wp\/v2\/product"}],"about":[{"href":"https:\/\/www.multicasa.com.br\/inicio\/wp-json\/wp\/v2\/types\/product"}],"wp:featuredmedia":[{"embeddable":true,"href":"https:\/\/www.multicasa.com.br\/inicio\/wp-json\/wp\/v2\/media\/25565"}],"wp:attachment":[{"href":"https:\/\/www.multicasa.com.br\/inicio\/wp-json\/wp\/v2\/media?parent=17601"}],"wp:term":[{"taxonomy":"product_brand","embeddable":true,"href":"https:\/\/www.multicasa.com.br\/inicio\/wp-json\/wp\/v2\/product_brand?post=17601"},{"taxonomy":"product_cat","embeddable":true,"href":"https:\/\/www.multicasa.com.br\/inicio\/wp-json\/wp\/v2\/product_cat?post=17601"},{"taxonomy":"product_tag","embeddable":true,"href":"https:\/\/www.multicasa.com.br\/inicio\/wp-json\/wp\/v2\/product_tag?post=17601"}],"curies":[{"name":"wp","href":"https:\/\/api.w.org\/{rel}","templated":true}]}}