{"id":17610,"date":"2025-06-20T19:21:24","date_gmt":"2025-06-20T23:21:24","guid":{"rendered":"https:\/\/www.multicasa.com.br\/inicio\/?post_type=product&#038;p=17610"},"modified":"2026-02-03T15:20:08","modified_gmt":"2026-02-03T19:20:08","slug":"rolo-adesivo-lavavel-verde-flashlimp","status":"publish","type":"product","link":"https:\/\/www.multicasa.com.br\/inicio\/produto\/rolo-adesivo-lavavel-verde-flashlimp\/","title":{"rendered":"Rolo Adesivo Lav\u00e1vel Verde Flashlimp"},"content":{"rendered":"<p>O Rolo Adesivo Lav\u00e1vel Flashlimp \u00e9 ideal para remover pelos, fiapos e poeiras dos tecidos. Perfeito para ser utilizado em sof\u00e1s, roupas e outros tecidos at\u00e9 que sua borracha perca a ader\u00eancia, podendo ser lavada em \u00e1gua corrente possibilitando o uso novamente. Produzido em borracha, resina e estireno na cor verde, \u00e9 o item perfeito para garantir a vida prolongada das suas pe\u00e7as.<\/p>\n","protected":false},"excerpt":{"rendered":"<h4 style=\"margin: 0px;padding: 0px 0px 16px;font-family: Lato, sans-serif;font-weight: bold;line-height: 3rem;color: var(--dark-grey3);font-size: 22px;font-style: normal;letter-spacing: normal;text-align: start;text-indent: 0px;text-transform: none\">Informa\u00e7\u00f5es t\u00e9cnicas<\/h4>\n<p><span style=\"margin: 0px;padding: 0px;font-weight: 450;font-size: 14px;line-height: 21px;color: var(--dark-grey2);font-family: Lato, sans-serif;font-style: normal;letter-spacing: normal;text-align: start;text-indent: 0px;text-transform: none\">Produto: Rolo adesivo<br \/>\nMarca: Flashlimp<br \/>\nMaterial: Borracha<br \/>\nResina termopl\u00e1stica<br \/>\nEstireno-estileno<br \/>\nButileno-estireno<br \/>\nPolipropileno<br \/>\nCor: Verde e cinza<br \/>\nUso indicado: Remover fios, pelos e p\u00f3 de tecidos<br \/>\nCaracter\u00edsticas: Lav\u00e1vel<br \/>\nCapa protetora em acr\u00edlico<br \/>\nItens Inclusos: 1 rolo adesivo<br \/>\nDimens\u00f5es do produto (A x L x P): 18,5 x 11,5 x 8cm<br \/>\n<\/span><\/p>\n","protected":false},"featured_media":25943,"template":"","meta":{"_joinchat":[]},"product_brand":[],"product_cat":[96],"product_tag":[],"class_list":{"0":"post-17610","1":"product","2":"type-product","3":"status-publish","4":"has-post-thumbnail","6":"product_cat-limpeza-e-cia","8":"first","9":"instock","10":"shipping-taxable","11":"purchasable","12":"product-type-simple"},"_links":{"self":[{"href":"https:\/\/www.multicasa.com.br\/inicio\/wp-json\/wp\/v2\/product\/17610","targetHints":{"allow":["GET"]}}],"collection":[{"href":"https:\/\/www.multicasa.com.br\/inicio\/wp-json\/wp\/v2\/product"}],"about":[{"href":"https:\/\/www.multicasa.com.br\/inicio\/wp-json\/wp\/v2\/types\/product"}],"wp:featuredmedia":[{"embeddable":true,"href":"https:\/\/www.multicasa.com.br\/inicio\/wp-json\/wp\/v2\/media\/25943"}],"wp:attachment":[{"href":"https:\/\/www.multicasa.com.br\/inicio\/wp-json\/wp\/v2\/media?parent=17610"}],"wp:term":[{"taxonomy":"product_brand","embeddable":true,"href":"https:\/\/www.multicasa.com.br\/inicio\/wp-json\/wp\/v2\/product_brand?post=17610"},{"taxonomy":"product_cat","embeddable":true,"href":"https:\/\/www.multicasa.com.br\/inicio\/wp-json\/wp\/v2\/product_cat?post=17610"},{"taxonomy":"product_tag","embeddable":true,"href":"https:\/\/www.multicasa.com.br\/inicio\/wp-json\/wp\/v2\/product_tag?post=17610"}],"curies":[{"name":"wp","href":"https:\/\/api.w.org\/{rel}","templated":true}]}}