{"id":17633,"date":"2025-06-20T19:21:46","date_gmt":"2025-06-20T23:21:46","guid":{"rendered":"https:\/\/www.multicasa.com.br\/inicio\/?post_type=product&#038;p=17633"},"modified":"2025-06-23T10:23:09","modified_gmt":"2025-06-23T14:23:09","slug":"organizador-de-gaveta-multiuso-colmeia-logic-p-branco-6-divisorias-ou","status":"publish","type":"product","link":"https:\/\/www.multicasa.com.br\/inicio\/produto\/organizador-de-gaveta-multiuso-colmeia-logic-p-branco-6-divisorias-ou\/","title":{"rendered":"Organizador de Gaveta Multiuso Colmeia Logic P Branco 6 Divis\u00f3rias OU"},"content":{"rendered":"<p>Organizador de Gaveta Multiuso Logic P Branco da OU, deixe seu closet mais organizado com a colmeia organizadora logic com design inteligente, o organizador aproveita ao m\u00e1ximo o espa\u00e7o da suas gavetas, tudo se encaixa. \u00c9 s\u00f3 combinar um organizador com outro e preencher sua gaveta do jeito que voc\u00ea quiser. Confeccionada em material resistente e com 06 divis\u00f3rias, a colmeia \u00e9 perfeita para organizar cuecas, calcinhas, meias ou o que mais voc\u00ea quiser. No quarto, na sala ou na cozinha, ir\u00e1 facilitar sua vida.<\/p>\n","protected":false},"excerpt":{"rendered":"<h4 style=\"margin: 0px;padding: 0px 0px 16px;font-family: Lato, sans-serif;font-weight: bold;line-height: 3rem;color: var(--dark-grey3);font-size: 22px;font-style: normal;letter-spacing: normal;text-align: start;text-indent: 0px;text-transform: none\">Informa\u00e7\u00f5es t\u00e9cnicas<\/h4>\n<p><span style=\"margin: 0px;padding: 0px;font-weight: 450;font-size: 14px;line-height: 21px;color: var(--dark-grey2);font-family: Lato, sans-serif;font-style: normal;letter-spacing: normal;text-align: start;text-indent: 0px;text-transform: none\">Produto: Organizador Multiuso<br \/>\nMarca: OU<br \/>\nMaterial: Polipropileno<br \/>\nCor: Branco<br \/>\nCaracter\u00edsticas: 6 divis\u00f3rias<br \/>\nItens Inclusos: 1 organizador Multiuso<br \/>\nDimens\u00f5es do produto (A x L x P): 7,5 x 35 x 10cm<\/span><\/p>\n","protected":false},"featured_media":25639,"template":"","meta":{"_joinchat":[]},"product_brand":[],"product_cat":[98],"product_tag":[],"class_list":{"0":"post-17633","1":"product","2":"type-product","3":"status-publish","4":"has-post-thumbnail","6":"product_cat-organizadores","8":"first","9":"outofstock","10":"shipping-taxable","11":"product-type-simple"},"_links":{"self":[{"href":"https:\/\/www.multicasa.com.br\/inicio\/wp-json\/wp\/v2\/product\/17633","targetHints":{"allow":["GET"]}}],"collection":[{"href":"https:\/\/www.multicasa.com.br\/inicio\/wp-json\/wp\/v2\/product"}],"about":[{"href":"https:\/\/www.multicasa.com.br\/inicio\/wp-json\/wp\/v2\/types\/product"}],"wp:featuredmedia":[{"embeddable":true,"href":"https:\/\/www.multicasa.com.br\/inicio\/wp-json\/wp\/v2\/media\/25639"}],"wp:attachment":[{"href":"https:\/\/www.multicasa.com.br\/inicio\/wp-json\/wp\/v2\/media?parent=17633"}],"wp:term":[{"taxonomy":"product_brand","embeddable":true,"href":"https:\/\/www.multicasa.com.br\/inicio\/wp-json\/wp\/v2\/product_brand?post=17633"},{"taxonomy":"product_cat","embeddable":true,"href":"https:\/\/www.multicasa.com.br\/inicio\/wp-json\/wp\/v2\/product_cat?post=17633"},{"taxonomy":"product_tag","embeddable":true,"href":"https:\/\/www.multicasa.com.br\/inicio\/wp-json\/wp\/v2\/product_tag?post=17633"}],"curies":[{"name":"wp","href":"https:\/\/api.w.org\/{rel}","templated":true}]}}

Organizador de Gaveta Multiuso Colmeia Logic P Branco 6 Divisórias OU

<p>Organizador de Gaveta Multiuso Logic P Branco da OU, deixe seu closet mais organizado com a colmeia organizadora logic com design inteligente, o organizador aproveita ao máximo o espaço da suas gavetas, tudo se encaixa. É só combinar um organizador com outro e preencher sua gaveta do jeito que você quiser. Confeccionada em material resistente e com 06 divisórias, a colmeia é perfeita para organizar cuecas, calcinhas, meias ou o que mais você quiser. No quarto, na sala ou na cozinha, irá facilitar sua vida.</p>

<h4 style="margin: 0px;padding: 0px 0px 16px;font-family: Lato, sans-serif;font-weight: bold;line-height: 3rem;color: var(--dark-grey3);font-size: 22px;font-style: normal;letter-spacing: normal;text-align: start;text-indent: 0px;text-transform: none">Informações técnicas</h4>
<p><span style="margin: 0px;padding: 0px;font-weight: 450;font-size: 14px;line-height: 21px;color: var(--dark-grey2);font-family: Lato, sans-serif;font-style: normal;letter-spacing: normal;text-align: start;text-indent: 0px;text-transform: none">Produto: Organizador Multiuso<br />
Marca: OU<br />
Material: Polipropileno<br />
Cor: Branco<br />
Características: 6 divisórias<br />
Itens Inclusos: 1 organizador Multiuso<br />
Dimensões do produto (A x L x P): 7,5 x 35 x 10cm</span></p>
