{"id":17659,"date":"2025-06-20T19:22:09","date_gmt":"2025-06-20T23:22:09","guid":{"rendered":"https:\/\/www.multicasa.com.br\/inicio\/?post_type=product&#038;p=17659"},"modified":"2025-06-20T19:22:49","modified_gmt":"2025-06-20T23:22:49","slug":"cabo-adaptador-p3-macho-x-2-p2-femea-xcell","status":"publish","type":"product","link":"https:\/\/www.multicasa.com.br\/inicio\/produto\/cabo-adaptador-p3-macho-x-2-p2-femea-xcell\/","title":{"rendered":"Cabo Adaptador P3 Macho X 2 P2 F\u00eamea Xcell"},"content":{"rendered":"<p>Use o cabo adaptador P3 macho x 2 P2 f\u00eamea XCell para usar seu headset com microfone em qualquer entrada P2 que aceite fone e microfone. Compat\u00edvel com celulares, tablets, notebooks, v\u00eddeogames e outros aparelhos, possui 2 plugues P2 ? 2 linhas e 1 sa\u00edda plugue P3 macho ? 3 linhas e converte 3.5 mm stero jack para dual 3.5 mm est\u00e9reo. Feito de borracha e metais, mede 18 cm.<\/p>\n","protected":false},"excerpt":{"rendered":"<h4 style=\"margin: 0px;padding: 0px 0px 16px;font-family: Lato, sans-serif;font-weight: bold;line-height: 3rem;color: var(--dark-grey3);font-size: 22px;font-style: normal;letter-spacing: normal;text-align: start;text-indent: 0px;text-transform: none\">Informa\u00e7\u00f5es t\u00e9cnicas<\/h4>\n<p><span style=\"margin: 0px;padding: 0px;font-weight: 450;font-size: 14px;line-height: 21px;color: var(--dark-grey2);font-family: Lato, sans-serif;font-style: normal;letter-spacing: normal;text-align: start;text-indent: 0px;text-transform: none\">Produto: Cabo Adaptador<br \/>\nMarca: XCell<br \/>\nModelo: XC-ADP-14<br \/>\nMaterial: Borracha<br \/>\nmetais<br \/>\nCor: Branco, vermelho, verde<br \/>\nCaracter\u00edsticas: 2 plugues P2 f\u00eamea (2 linhas)<br \/>\n1 plugue P3 macho (3 linhas)<br \/>\nConverte 3,5mm est\u00e9reo jack para dual 3,5mm est\u00e9reo<br \/>\nItens inclusos: 1 Cabo Adaptador<br \/>\nDimens\u00f5es do produto (C): 18cm<br \/>\n<\/span><\/p>\n","protected":false},"featured_media":17710,"template":"","meta":{"_joinchat":[]},"product_brand":[],"product_cat":[153],"product_tag":[],"class_list":{"0":"post-17659","1":"product","2":"type-product","3":"status-publish","4":"has-post-thumbnail","6":"product_cat-eletronica-e-cia","8":"first","9":"outofstock","10":"shipping-taxable","11":"product-type-simple"},"_links":{"self":[{"href":"https:\/\/www.multicasa.com.br\/inicio\/wp-json\/wp\/v2\/product\/17659","targetHints":{"allow":["GET"]}}],"collection":[{"href":"https:\/\/www.multicasa.com.br\/inicio\/wp-json\/wp\/v2\/product"}],"about":[{"href":"https:\/\/www.multicasa.com.br\/inicio\/wp-json\/wp\/v2\/types\/product"}],"wp:featuredmedia":[{"embeddable":true,"href":"https:\/\/www.multicasa.com.br\/inicio\/wp-json\/wp\/v2\/media\/17710"}],"wp:attachment":[{"href":"https:\/\/www.multicasa.com.br\/inicio\/wp-json\/wp\/v2\/media?parent=17659"}],"wp:term":[{"taxonomy":"product_brand","embeddable":true,"href":"https:\/\/www.multicasa.com.br\/inicio\/wp-json\/wp\/v2\/product_brand?post=17659"},{"taxonomy":"product_cat","embeddable":true,"href":"https:\/\/www.multicasa.com.br\/inicio\/wp-json\/wp\/v2\/product_cat?post=17659"},{"taxonomy":"product_tag","embeddable":true,"href":"https:\/\/www.multicasa.com.br\/inicio\/wp-json\/wp\/v2\/product_tag?post=17659"}],"curies":[{"name":"wp","href":"https:\/\/api.w.org\/{rel}","templated":true}]}}