{"id":17664,"date":"2025-06-20T19:22:09","date_gmt":"2025-06-20T23:22:09","guid":{"rendered":"https:\/\/www.multicasa.com.br\/inicio\/?post_type=product&#038;p=17664"},"modified":"2025-12-16T18:49:05","modified_gmt":"2025-12-16T22:49:05","slug":"chaveiro-de-couro-uny-home-9cm","status":"publish","type":"product","link":"https:\/\/www.multicasa.com.br\/inicio\/produto\/chaveiro-de-couro-uny-home-9cm\/","title":{"rendered":"Chaveiro de Couro Uny Home 9cm"},"content":{"rendered":"<p>Personalize sua chave com eleg\u00e2ncia e charme usando o chaveiro de couro preto da Uny Gift. Com design moderno, mede 9cm e pode ser usado em qualquer tipo de chave. Possui clip mosquet\u00e3o para voc\u00ea pendurar dentro das bolsas, em outros suportes e evitar perdas.<\/p>\n","protected":false},"excerpt":{"rendered":"<h4 style=\"margin: 0px;padding: 0px 0px 16px;font-family: Lato, sans-serif;font-weight: bold;line-height: 3rem;color: var(--dark-grey3);font-size: 22px;font-style: normal;letter-spacing: normal;text-align: start;text-indent: 0px;text-transform: none\">Informa\u00e7\u00f5es t\u00e9cnicas<\/h4>\n<p><span style=\"margin: 0px;padding: 0px;font-weight: 450;font-size: 14px;line-height: 21px;color: var(--dark-grey2);font-family: Lato, sans-serif;font-style: normal;letter-spacing: normal;text-align: start;text-indent: 0px;text-transform: none\">Produto: Chaveiro com Mosquet\u00e3o<br \/>\nMarca: Uny Gift<br \/>\nMaterial: Couro sint\u00e9tico e metal<br \/>\nCor: Preto<br \/>\nQuantidade de itens: 1<br \/>\nItens Inclusos: 1 chaveiro de couro com mosquet\u00e3o<br \/>\nDimens\u00f5es do produto (A): 9cm<\/span><\/p>\n","protected":false},"featured_media":17728,"template":"","meta":{"_joinchat":[]},"product_brand":[],"product_cat":[148],"product_tag":[],"class_list":{"0":"post-17664","1":"product","2":"type-product","3":"status-publish","4":"has-post-thumbnail","6":"product_cat-chaveiros","8":"first","9":"outofstock","10":"shipping-taxable","11":"purchasable","12":"product-type-simple"},"_links":{"self":[{"href":"https:\/\/www.multicasa.com.br\/inicio\/wp-json\/wp\/v2\/product\/17664","targetHints":{"allow":["GET"]}}],"collection":[{"href":"https:\/\/www.multicasa.com.br\/inicio\/wp-json\/wp\/v2\/product"}],"about":[{"href":"https:\/\/www.multicasa.com.br\/inicio\/wp-json\/wp\/v2\/types\/product"}],"wp:featuredmedia":[{"embeddable":true,"href":"https:\/\/www.multicasa.com.br\/inicio\/wp-json\/wp\/v2\/media\/17728"}],"wp:attachment":[{"href":"https:\/\/www.multicasa.com.br\/inicio\/wp-json\/wp\/v2\/media?parent=17664"}],"wp:term":[{"taxonomy":"product_brand","embeddable":true,"href":"https:\/\/www.multicasa.com.br\/inicio\/wp-json\/wp\/v2\/product_brand?post=17664"},{"taxonomy":"product_cat","embeddable":true,"href":"https:\/\/www.multicasa.com.br\/inicio\/wp-json\/wp\/v2\/product_cat?post=17664"},{"taxonomy":"product_tag","embeddable":true,"href":"https:\/\/www.multicasa.com.br\/inicio\/wp-json\/wp\/v2\/product_tag?post=17664"}],"curies":[{"name":"wp","href":"https:\/\/api.w.org\/{rel}","templated":true}]}}