{"id":17724,"date":"2025-06-20T19:22:56","date_gmt":"2025-06-20T23:22:56","guid":{"rendered":"https:\/\/www.multicasa.com.br\/inicio\/?post_type=product&#038;p=17724"},"modified":"2025-06-20T19:23:59","modified_gmt":"2025-06-20T23:23:59","slug":"bucha-de-fixacao-universal-com-parafuso-cabeca-chata-8mm-bemfixa-4-unidades","status":"publish","type":"product","link":"https:\/\/www.multicasa.com.br\/inicio\/produto\/bucha-de-fixacao-universal-com-parafuso-cabeca-chata-8mm-bemfixa-4-unidades\/","title":{"rendered":"Bucha de Fixa\u00e7\u00e3o Universal com Parafuso Cabe\u00e7a Chata 8mm Bemfixa 4 unidades"},"content":{"rendered":"<p>A Bucha de Fixa\u00e7\u00e3o Universal Bemfixa \u00e9 indicada para superf\u00edcies s\u00f3lidas, ocas, gesso e paredes de drywall. S\u00e3o 4 parafusos de cabe\u00e7a chata com encaixe para chaves de fenda e philips produzidas em a\u00e7o e 4 buchas de 8 mm produzidas em nylon com 6 zonas de expans\u00e3o que aumentam em 20% sua capacidade de carga. Suporta carga m\u00e1xima de 104kg para concreto, 90kg para tijolo, 64kg para bloco, 50kg para tijolo baiano, 22kg para cer\u00e2mica e 15kg para drywall.<\/p>\n","protected":false},"excerpt":{"rendered":"<h4 style=\"margin: 0px;padding: 0px 0px 16px;font-family: Lato, sans-serif;font-weight: bold;line-height: 3rem;color: var(--dark-grey3);font-size: 22px;font-style: normal;letter-spacing: normal;text-align: start;text-indent: 0px;text-transform: none\">Informa\u00e7\u00f5es t\u00e9cnicas<\/h4>\n<p><span style=\"margin: 0px;padding: 0px;font-weight: 450;font-size: 14px;line-height: 21px;color: var(--dark-grey2);font-family: Lato, sans-serif;font-style: normal;letter-spacing: normal;text-align: start;text-indent: 0px;text-transform: none\">Produto: Bucha com parafuso<br \/>\nMarca: Bemfixa<br \/>\nMaterial: Bucha em nylon<br \/>\nParafusos em a\u00e7o<br \/>\nCor: Cinza, prata<br \/>\nCaracter\u00edsticas: Parafuso philips cabe\u00e7a chata<br \/>\nCarga suportada de concreto 104kg\/tijolo 90kg\/ bloco 64kg\/ tijolo baiano 50kg\/ cer\u00e2mico 22kg \/ drywall 15kg<br \/>\nQuantidade de pe\u00e7as: 8<br \/>\nItens inclusos: 4 Buchas<br \/>\n4 parafusos<br \/>\nDimens\u00f5es do produto (A X L): Parafuso &#8211; 60 x 5mm<br \/>\nDi\u00e2metro do produto: Bucha &#8211; 8mm<br \/>\n<\/span><\/p>\n","protected":false},"featured_media":17789,"template":"","meta":{"_joinchat":[]},"product_brand":[],"product_cat":[135],"product_tag":[],"class_list":{"0":"post-17724","1":"product","2":"type-product","3":"status-publish","4":"has-post-thumbnail","6":"product_cat-parafusos-e-buchas","8":"first","9":"outofstock","10":"shipping-taxable","11":"product-type-simple"},"_links":{"self":[{"href":"https:\/\/www.multicasa.com.br\/inicio\/wp-json\/wp\/v2\/product\/17724","targetHints":{"allow":["GET"]}}],"collection":[{"href":"https:\/\/www.multicasa.com.br\/inicio\/wp-json\/wp\/v2\/product"}],"about":[{"href":"https:\/\/www.multicasa.com.br\/inicio\/wp-json\/wp\/v2\/types\/product"}],"wp:featuredmedia":[{"embeddable":true,"href":"https:\/\/www.multicasa.com.br\/inicio\/wp-json\/wp\/v2\/media\/17789"}],"wp:attachment":[{"href":"https:\/\/www.multicasa.com.br\/inicio\/wp-json\/wp\/v2\/media?parent=17724"}],"wp:term":[{"taxonomy":"product_brand","embeddable":true,"href":"https:\/\/www.multicasa.com.br\/inicio\/wp-json\/wp\/v2\/product_brand?post=17724"},{"taxonomy":"product_cat","embeddable":true,"href":"https:\/\/www.multicasa.com.br\/inicio\/wp-json\/wp\/v2\/product_cat?post=17724"},{"taxonomy":"product_tag","embeddable":true,"href":"https:\/\/www.multicasa.com.br\/inicio\/wp-json\/wp\/v2\/product_tag?post=17724"}],"curies":[{"name":"wp","href":"https:\/\/api.w.org\/{rel}","templated":true}]}}