{"id":17748,"date":"2025-06-20T19:23:18","date_gmt":"2025-06-20T23:23:18","guid":{"rendered":"https:\/\/www.multicasa.com.br\/inicio\/?post_type=product&#038;p=17748"},"modified":"2025-10-28T17:33:53","modified_gmt":"2025-10-28T21:33:53","slug":"lencos-antimanchas-lave-sem-medo-hiperclean-20-lencos","status":"publish","type":"product","link":"https:\/\/www.multicasa.com.br\/inicio\/produto\/lencos-antimanchas-lave-sem-medo-hiperclean-20-lencos\/","title":{"rendered":"Len\u00e7os Antimanchas Lave Sem Medo Hiperclean 20 Len\u00e7os"},"content":{"rendered":"<p>Os Len\u00e7os Lave Sem Medo Hiperclean permitem que as cores n\u00e3o passem de uma pe\u00e7a para outra na hora da lavagem, possibilitando lavar roupas de cores variadas de uma s\u00f3 vez. Produzidos em tecido sint\u00e9tico de poli\u00e9ster, o pacote conta com 20 len\u00e7os descart\u00e1veis e biodegrad\u00e1veis de aproximadamente 27 x 10cm. Indicados para qualquer tecido, para cada 5kg de roupa voc\u00ea deve incluir de 3 a 4 paninhos na sua carga normal de lavagem, juntamente do sab\u00e3o em p\u00f3 e amaciante. Lave sem medo de manchas causadas por outros tecidos.<\/p>\n","protected":false},"excerpt":{"rendered":"<h4 style=\"margin: 0px;padding: 0px 0px 16px;font-family: Lato, sans-serif;font-weight: bold;line-height: 3rem;color: var(--dark-grey3);font-size: 22px;font-style: normal;letter-spacing: normal;text-align: start;text-indent: 0px;text-transform: none\">Informa\u00e7\u00f5es t\u00e9cnicas<\/h4>\n<p><span style=\"margin: 0px;padding: 0px;font-weight: 450;font-size: 14px;line-height: 21px;color: var(--dark-grey2);font-family: Lato, sans-serif;font-style: normal;letter-spacing: normal;text-align: start;text-indent: 0px;text-transform: none\">Produto: Pano<br \/>\nMarca: Hiperclean<br \/>\nMaterial: Poli\u00e9ster<br \/>\nCor: Branco<br \/>\nCaracter\u00edsticas: Descart\u00e1vel<br \/>\nBiodegrad\u00e1vel<br \/>\nItens Inclusos: 20 panos<br \/>\nDimens\u00f5es do produto (A X L): 27,5 x 10,7cm<br \/>\n<\/span><\/p>\n","protected":false},"featured_media":17815,"template":"","meta":{"_joinchat":[]},"product_brand":[],"product_cat":[96],"product_tag":[],"class_list":{"0":"post-17748","1":"product","2":"type-product","3":"status-publish","4":"has-post-thumbnail","6":"product_cat-limpeza-e-cia","8":"first","9":"outofstock","10":"shipping-taxable","11":"purchasable","12":"product-type-simple"},"_links":{"self":[{"href":"https:\/\/www.multicasa.com.br\/inicio\/wp-json\/wp\/v2\/product\/17748","targetHints":{"allow":["GET"]}}],"collection":[{"href":"https:\/\/www.multicasa.com.br\/inicio\/wp-json\/wp\/v2\/product"}],"about":[{"href":"https:\/\/www.multicasa.com.br\/inicio\/wp-json\/wp\/v2\/types\/product"}],"wp:featuredmedia":[{"embeddable":true,"href":"https:\/\/www.multicasa.com.br\/inicio\/wp-json\/wp\/v2\/media\/17815"}],"wp:attachment":[{"href":"https:\/\/www.multicasa.com.br\/inicio\/wp-json\/wp\/v2\/media?parent=17748"}],"wp:term":[{"taxonomy":"product_brand","embeddable":true,"href":"https:\/\/www.multicasa.com.br\/inicio\/wp-json\/wp\/v2\/product_brand?post=17748"},{"taxonomy":"product_cat","embeddable":true,"href":"https:\/\/www.multicasa.com.br\/inicio\/wp-json\/wp\/v2\/product_cat?post=17748"},{"taxonomy":"product_tag","embeddable":true,"href":"https:\/\/www.multicasa.com.br\/inicio\/wp-json\/wp\/v2\/product_tag?post=17748"}],"curies":[{"name":"wp","href":"https:\/\/api.w.org\/{rel}","templated":true}]}}