{"id":17770,"date":"2025-06-20T19:23:41","date_gmt":"2025-06-20T23:23:41","guid":{"rendered":"https:\/\/www.multicasa.com.br\/inicio\/?post_type=product&#038;p=17770"},"modified":"2025-06-20T19:24:36","modified_gmt":"2025-06-20T23:24:36","slug":"varal-de-chao-buzios-com-abas-em-aco-branco-maxeb-150x56x85cm","status":"publish","type":"product","link":"https:\/\/www.multicasa.com.br\/inicio\/produto\/varal-de-chao-buzios-com-abas-em-aco-branco-maxeb-150x56x85cm\/","title":{"rendered":"Varal de Ch\u00e3o B\u00fazios com Abas em A\u00e7o Branco Maxeb 150x56x85cm"},"content":{"rendered":"<p>O Varal de Ch\u00e3o B\u00fazios com Abas Maxeb \u00e9 perfeito para voc\u00ea deixar suas roupas secarem utilizando pouco espa\u00e7o. Fabricado em a\u00e7o branco com aproximadamente 150x56x85cm, possui p\u00e9s com acabamento antiderrapante que evitam o contato da estrutura direto com o ch\u00e3o e suportam at\u00e9 10kg de roupas. Possui abas laterais que se fecham e permitem que voc\u00ea ocupe menos espa\u00e7o na hora de ser guardado. M\u00f3vel, leve e f\u00e1cil de guardar.<\/p>\n","protected":false},"excerpt":{"rendered":"<h4 style=\"margin: 0px;padding: 0px 0px 16px;font-family: Lato, sans-serif;font-weight: bold;line-height: 3rem;color: var(--dark-grey3);font-size: 22px;font-style: normal;letter-spacing: normal;text-align: start;text-indent: 0px;text-transform: none\">Informa\u00e7\u00f5es t\u00e9cnicas<\/h4>\n<p><span style=\"margin: 0px;padding: 0px;font-weight: 450;font-size: 14px;line-height: 21px;color: var(--dark-grey2);font-family: Lato, sans-serif;font-style: normal;letter-spacing: normal;text-align: start;text-indent: 0px;text-transform: none\">Produto: Varal de ch\u00e3o<br \/>\nMarca: Max Eberhardt<br \/>\nMaterial: A\u00e7o<br \/>\nAcabamento: Pintura eletrost\u00e1tica<br \/>\nCor: Branco e azul<br \/>\nCaracter\u00edsticas: Dobr\u00e1vel, antiaderente, suporta 10kg<br \/>\nItens Inclusoss: 1 varal de ch\u00e3o<br \/>\nDimens\u00f5es do produto (A x L x P): 85 x 150 x 56cm<\/span><\/p>\n","protected":false},"featured_media":17837,"template":"","meta":{"_joinchat":[]},"product_brand":[],"product_cat":[95],"product_tag":[],"class_list":{"0":"post-17770","1":"product","2":"type-product","3":"status-publish","4":"has-post-thumbnail","6":"product_cat-lavanderia","8":"first","9":"outofstock","10":"shipping-taxable","11":"product-type-simple"},"_links":{"self":[{"href":"https:\/\/www.multicasa.com.br\/inicio\/wp-json\/wp\/v2\/product\/17770","targetHints":{"allow":["GET"]}}],"collection":[{"href":"https:\/\/www.multicasa.com.br\/inicio\/wp-json\/wp\/v2\/product"}],"about":[{"href":"https:\/\/www.multicasa.com.br\/inicio\/wp-json\/wp\/v2\/types\/product"}],"wp:featuredmedia":[{"embeddable":true,"href":"https:\/\/www.multicasa.com.br\/inicio\/wp-json\/wp\/v2\/media\/17837"}],"wp:attachment":[{"href":"https:\/\/www.multicasa.com.br\/inicio\/wp-json\/wp\/v2\/media?parent=17770"}],"wp:term":[{"taxonomy":"product_brand","embeddable":true,"href":"https:\/\/www.multicasa.com.br\/inicio\/wp-json\/wp\/v2\/product_brand?post=17770"},{"taxonomy":"product_cat","embeddable":true,"href":"https:\/\/www.multicasa.com.br\/inicio\/wp-json\/wp\/v2\/product_cat?post=17770"},{"taxonomy":"product_tag","embeddable":true,"href":"https:\/\/www.multicasa.com.br\/inicio\/wp-json\/wp\/v2\/product_tag?post=17770"}],"curies":[{"name":"wp","href":"https:\/\/api.w.org\/{rel}","templated":true}]}}