{"id":17773,"date":"2025-06-20T19:23:41","date_gmt":"2025-06-20T23:23:41","guid":{"rendered":"https:\/\/www.multicasa.com.br\/inicio\/?post_type=product&#038;p=17773"},"modified":"2025-06-20T19:24:46","modified_gmt":"2025-06-20T23:24:46","slug":"bacia-oval-hydrus-de-plastico-incolor-sanremo-6l","status":"publish","type":"product","link":"https:\/\/www.multicasa.com.br\/inicio\/produto\/bacia-oval-hydrus-de-plastico-incolor-sanremo-6l\/","title":{"rendered":"Bacia Oval Hydrus de Pl\u00e1stico Incolor Sanremo 6L"},"content":{"rendered":"<p>A Bacia Oval Hydrus de Pl\u00e1stico da Sanremo tem design inconfund\u00edvel e moderno. Feita de material super-resistente, tem capacidade para at\u00e9 6 litros e uso indicado para transportar e organizar os materiais de limpeza. Incolor, transmite a sensa\u00e7\u00e3o de higiene ao seu lar e deixar\u00e1 seu dia-a-dia nos servi\u00e7os da casa mais pr\u00e1tico e \u00e1gil.<\/p>\n","protected":false},"excerpt":{"rendered":"<h4 style=\"margin: 0px;padding: 0px 0px 16px;font-family: Lato, sans-serif;font-weight: bold;line-height: 3rem;color: var(--dark-grey3);font-size: 22px;font-style: normal;letter-spacing: normal;text-align: start;text-indent: 0px;text-transform: none\">Informa\u00e7\u00f5es t\u00e9cnicas<\/h4>\n<p><span style=\"margin: 0px;padding: 0px;font-weight: 450;font-size: 14px;line-height: 21px;color: var(--dark-grey2);font-family: Lato, sans-serif;font-style: normal;letter-spacing: normal;text-align: start;text-indent: 0px;text-transform: none\">Produto: Bacia Hydrus<br \/>\nTipo: Oval<br \/>\nMarca: Sanremo<br \/>\nMaterial: Pl\u00e1stico<br \/>\nCor: incolor<br \/>\nCapacidade: 6L<br \/>\nItens Inclusos: Bacia Hydrus<br \/>\nDimens\u00f5es do produto (A x L x P): 19,3 x 40,5 x 23,4cm<\/span><\/p>\n","protected":false},"featured_media":17846,"template":"","meta":{"_joinchat":[]},"product_brand":[],"product_cat":[96],"product_tag":[],"class_list":{"0":"post-17773","1":"product","2":"type-product","3":"status-publish","4":"has-post-thumbnail","6":"product_cat-limpeza-e-cia","8":"first","9":"outofstock","10":"shipping-taxable","11":"product-type-simple"},"_links":{"self":[{"href":"https:\/\/www.multicasa.com.br\/inicio\/wp-json\/wp\/v2\/product\/17773","targetHints":{"allow":["GET"]}}],"collection":[{"href":"https:\/\/www.multicasa.com.br\/inicio\/wp-json\/wp\/v2\/product"}],"about":[{"href":"https:\/\/www.multicasa.com.br\/inicio\/wp-json\/wp\/v2\/types\/product"}],"wp:featuredmedia":[{"embeddable":true,"href":"https:\/\/www.multicasa.com.br\/inicio\/wp-json\/wp\/v2\/media\/17846"}],"wp:attachment":[{"href":"https:\/\/www.multicasa.com.br\/inicio\/wp-json\/wp\/v2\/media?parent=17773"}],"wp:term":[{"taxonomy":"product_brand","embeddable":true,"href":"https:\/\/www.multicasa.com.br\/inicio\/wp-json\/wp\/v2\/product_brand?post=17773"},{"taxonomy":"product_cat","embeddable":true,"href":"https:\/\/www.multicasa.com.br\/inicio\/wp-json\/wp\/v2\/product_cat?post=17773"},{"taxonomy":"product_tag","embeddable":true,"href":"https:\/\/www.multicasa.com.br\/inicio\/wp-json\/wp\/v2\/product_tag?post=17773"}],"curies":[{"name":"wp","href":"https:\/\/api.w.org\/{rel}","templated":true}]}}