{"id":17777,"date":"2025-06-20T19:23:42","date_gmt":"2025-06-20T23:23:42","guid":{"rendered":"https:\/\/www.multicasa.com.br\/inicio\/?post_type=product&#038;p=17777"},"modified":"2025-06-20T19:24:58","modified_gmt":"2025-06-20T23:24:58","slug":"mini-arco-de-serra-5-laminas-excellent","status":"publish","type":"product","link":"https:\/\/www.multicasa.com.br\/inicio\/produto\/mini-arco-de-serra-5-laminas-excellent\/","title":{"rendered":"Mini Arco de Serra 5 L\u00e2minas Excellent"},"content":{"rendered":"<p>O Mini arco de serra Excellent possui 5 l\u00e2minas de f\u00e1cil instala\u00e7\u00e3o permitindo pequenos trabalhos de marcenaria, serragem, carpintaria, esquadria e outros. Com cabo de pl\u00e1stico ergon\u00f4mico e revestido de p\u00f3 anticorros\u00e3o promovendo maior durabilidade ao produto e ader\u00eancia.<\/p>\n","protected":false},"excerpt":{"rendered":"<h4 style=\"margin: 0px;padding: 0px 0px 16px;font-family: Lato, sans-serif;font-weight: bold;line-height: 3rem;color: var(--dark-grey3);font-size: 22px;font-style: normal;letter-spacing: normal;text-align: start;text-indent: 0px;text-transform: none\">Informa\u00e7\u00f5es t\u00e9cnicas<\/h4>\n<p><span style=\"margin: 0px;padding: 0px;font-weight: 450;font-size: 14px;line-height: 21px;color: var(--dark-grey2);font-family: Lato, sans-serif;font-style: normal;letter-spacing: normal;text-align: start;text-indent: 0px;text-transform: none\">Produto: Arco Serra<br \/>\nMarca: Excellent<br \/>\nMaterial: Cabo em Pl\u00e1stico<br \/>\nSerra em A\u00e7o carbono<br \/>\nCaracter\u00edsticas: L\u00e2mina intercambi\u00e1vel<br \/>\nRevestido de p\u00f3 anti-corros\u00e3o<br \/>\nQuantidade de pe\u00e7as: 6<br \/>\nItens Inclusos: 1 Arco Serra<br \/>\n5 l\u00e2minas<br \/>\nDimens\u00f5es do produto (A x L x P): 29 x 13 x 4cm<\/span><\/p>\n","protected":false},"featured_media":17861,"template":"","meta":{"_joinchat":[]},"product_brand":[],"product_cat":[137],"product_tag":[],"class_list":{"0":"post-17777","1":"product","2":"type-product","3":"status-publish","4":"has-post-thumbnail","6":"product_cat-ferramentas-manuais","8":"first","9":"outofstock","10":"shipping-taxable","11":"product-type-simple"},"_links":{"self":[{"href":"https:\/\/www.multicasa.com.br\/inicio\/wp-json\/wp\/v2\/product\/17777","targetHints":{"allow":["GET"]}}],"collection":[{"href":"https:\/\/www.multicasa.com.br\/inicio\/wp-json\/wp\/v2\/product"}],"about":[{"href":"https:\/\/www.multicasa.com.br\/inicio\/wp-json\/wp\/v2\/types\/product"}],"wp:featuredmedia":[{"embeddable":true,"href":"https:\/\/www.multicasa.com.br\/inicio\/wp-json\/wp\/v2\/media\/17861"}],"wp:attachment":[{"href":"https:\/\/www.multicasa.com.br\/inicio\/wp-json\/wp\/v2\/media?parent=17777"}],"wp:term":[{"taxonomy":"product_brand","embeddable":true,"href":"https:\/\/www.multicasa.com.br\/inicio\/wp-json\/wp\/v2\/product_brand?post=17777"},{"taxonomy":"product_cat","embeddable":true,"href":"https:\/\/www.multicasa.com.br\/inicio\/wp-json\/wp\/v2\/product_cat?post=17777"},{"taxonomy":"product_tag","embeddable":true,"href":"https:\/\/www.multicasa.com.br\/inicio\/wp-json\/wp\/v2\/product_tag?post=17777"}],"curies":[{"name":"wp","href":"https:\/\/api.w.org\/{rel}","templated":true}]}}