{"id":17778,"date":"2025-06-20T19:23:42","date_gmt":"2025-06-20T23:23:42","guid":{"rendered":"https:\/\/www.multicasa.com.br\/inicio\/?post_type=product&#038;p=17778"},"modified":"2025-06-20T19:25:06","modified_gmt":"2025-06-20T23:25:06","slug":"amoeba-massinha-geleca-asca-toys","status":"publish","type":"product","link":"https:\/\/www.multicasa.com.br\/inicio\/produto\/amoeba-massinha-geleca-asca-toys\/","title":{"rendered":"Amoeba Massinha Geleca Asca Toys"},"content":{"rendered":"<p>Com a Amoeba Massinha de Brincar da Asca Toys, a divers\u00e3o das crian\u00e7as est\u00e1 garantida. Com 110g, a amoeba geleca vem em diversas cores, o produto n\u00e3o \u00e9 t\u00f3xico e com ela ser\u00e1 poss\u00edvel esticar, fazer bolhas, grudar e outras brincadeiras.<\/p>\n","protected":false},"excerpt":{"rendered":"<h4 style=\"margin: 0px;padding: 0px 0px 16px;font-family: Lato, sans-serif;font-weight: bold;line-height: 3rem;color: var(--dark-grey3);font-size: 22px;font-style: normal;letter-spacing: normal;text-align: start;text-indent: 0px;text-transform: none\">Informa\u00e7\u00f5es t\u00e9cnicas<\/h4>\n<p><span style=\"margin: 0px;padding: 0px;font-weight: 450;font-size: 14px;line-height: 21px;color: var(--dark-grey2);font-family: Lato, sans-serif;font-style: normal;letter-spacing: normal;text-align: start;text-indent: 0px;text-transform: none\">Produto: Amoeba<br \/>\nMarca: Asca toys<br \/>\nCor: Sortido<br \/>\nConte\u00fado: 110g<br \/>\nCaracter\u00edsticas: N\u00e3o t\u00f3xico<br \/>\nItens Inclusos: 1 pote amoeba<br \/>\nDimens\u00f5es do produto (A X L): 7 x 5,8cm<\/p>\n<p><\/span><\/p>\n","protected":false},"featured_media":17863,"template":"","meta":{"_joinchat":[]},"product_brand":[],"product_cat":[136],"product_tag":[],"class_list":{"0":"post-17778","1":"product","2":"type-product","3":"status-publish","4":"has-post-thumbnail","6":"product_cat-lazer","8":"first","9":"outofstock","10":"shipping-taxable","11":"product-type-simple"},"_links":{"self":[{"href":"https:\/\/www.multicasa.com.br\/inicio\/wp-json\/wp\/v2\/product\/17778","targetHints":{"allow":["GET"]}}],"collection":[{"href":"https:\/\/www.multicasa.com.br\/inicio\/wp-json\/wp\/v2\/product"}],"about":[{"href":"https:\/\/www.multicasa.com.br\/inicio\/wp-json\/wp\/v2\/types\/product"}],"wp:featuredmedia":[{"embeddable":true,"href":"https:\/\/www.multicasa.com.br\/inicio\/wp-json\/wp\/v2\/media\/17863"}],"wp:attachment":[{"href":"https:\/\/www.multicasa.com.br\/inicio\/wp-json\/wp\/v2\/media?parent=17778"}],"wp:term":[{"taxonomy":"product_brand","embeddable":true,"href":"https:\/\/www.multicasa.com.br\/inicio\/wp-json\/wp\/v2\/product_brand?post=17778"},{"taxonomy":"product_cat","embeddable":true,"href":"https:\/\/www.multicasa.com.br\/inicio\/wp-json\/wp\/v2\/product_cat?post=17778"},{"taxonomy":"product_tag","embeddable":true,"href":"https:\/\/www.multicasa.com.br\/inicio\/wp-json\/wp\/v2\/product_tag?post=17778"}],"curies":[{"name":"wp","href":"https:\/\/api.w.org\/{rel}","templated":true}]}}