{"id":17809,"date":"2025-06-20T19:24:06","date_gmt":"2025-06-20T23:24:06","guid":{"rendered":"https:\/\/www.multicasa.com.br\/inicio\/?post_type=product&#038;p=17809"},"modified":"2025-06-20T19:25:43","modified_gmt":"2025-06-20T23:25:43","slug":"varal-de-chao-slim-sem-abas-em-aco-branco-mor-79x45cm","status":"publish","type":"product","link":"https:\/\/www.multicasa.com.br\/inicio\/produto\/varal-de-chao-slim-sem-abas-em-aco-branco-mor-79x45cm\/","title":{"rendered":"Varal de Ch\u00e3o Slim Sem Abas em A\u00e7o Branco Mor 79x45cm"},"content":{"rendered":"<p>O Varal de Ch\u00e3o Slim Sem Abas Mor \u00e9 a maneira perfeita para secar roupas em ambientes pequenos. Produzido em a\u00e7o branco com acabamento de pintura em ep\u00f3xi e pe\u00e7as pl\u00e1sticas de polipropileno suporta aproximadamente 10kg de roupa ou o equivalente a 5,04 metros. Com aproximadamente 79 x 45cm \u00e9 compacto, dobr\u00e1vel e perfeito para guardar com facilidade ap\u00f3s o uso.<\/p>\n","protected":false},"excerpt":{"rendered":"<h4 style=\"margin: 0px;padding: 0px 0px 16px;font-family: Lato, sans-serif;font-weight: bold;line-height: 3rem;color: var(--dark-grey3);font-size: 22px;font-style: normal;letter-spacing: normal;text-align: start;text-indent: 0px;text-transform: none\">Informa\u00e7\u00f5es t\u00e9cnicas<\/h4>\n<p><span style=\"margin: 0px;padding: 0px;font-weight: 450;font-size: 14px;line-height: 21px;color: var(--dark-grey2);font-family: Lato, sans-serif;font-style: normal;letter-spacing: normal;text-align: start;text-indent: 0px;text-transform: none\">Produto: Varal de ch\u00e3o<br \/>\nMarca: Mor<br \/>\nMaterial: A\u00e7o<br \/>\nPolipropileno<br \/>\nAcabamento: Pintura ep\u00f3xi<br \/>\nCor: Branco<br \/>\nCaracter\u00edsticas: Dobr\u00e1vel<br \/>\nEquivale a 5,04 metros de roupa<br \/>\nSuporta 10kg<br \/>\nItens Inclusoss: 1 varal de ch\u00e3o<br \/>\nDimens\u00f5es do produto (A x L x P): 79 x 79 x 42cm<br \/>\n<\/span><\/p>\n","protected":false},"featured_media":17912,"template":"","meta":{"_joinchat":[]},"product_brand":[],"product_cat":[95],"product_tag":[],"class_list":{"0":"post-17809","1":"product","2":"type-product","3":"status-publish","4":"has-post-thumbnail","6":"product_cat-lavanderia","8":"first","9":"outofstock","10":"shipping-taxable","11":"product-type-simple"},"_links":{"self":[{"href":"https:\/\/www.multicasa.com.br\/inicio\/wp-json\/wp\/v2\/product\/17809","targetHints":{"allow":["GET"]}}],"collection":[{"href":"https:\/\/www.multicasa.com.br\/inicio\/wp-json\/wp\/v2\/product"}],"about":[{"href":"https:\/\/www.multicasa.com.br\/inicio\/wp-json\/wp\/v2\/types\/product"}],"wp:featuredmedia":[{"embeddable":true,"href":"https:\/\/www.multicasa.com.br\/inicio\/wp-json\/wp\/v2\/media\/17912"}],"wp:attachment":[{"href":"https:\/\/www.multicasa.com.br\/inicio\/wp-json\/wp\/v2\/media?parent=17809"}],"wp:term":[{"taxonomy":"product_brand","embeddable":true,"href":"https:\/\/www.multicasa.com.br\/inicio\/wp-json\/wp\/v2\/product_brand?post=17809"},{"taxonomy":"product_cat","embeddable":true,"href":"https:\/\/www.multicasa.com.br\/inicio\/wp-json\/wp\/v2\/product_cat?post=17809"},{"taxonomy":"product_tag","embeddable":true,"href":"https:\/\/www.multicasa.com.br\/inicio\/wp-json\/wp\/v2\/product_tag?post=17809"}],"curies":[{"name":"wp","href":"https:\/\/api.w.org\/{rel}","templated":true}]}}