{"id":17831,"date":"2025-06-20T19:24:28","date_gmt":"2025-06-20T23:24:28","guid":{"rendered":"https:\/\/www.multicasa.com.br\/inicio\/?post_type=product&#038;p=17831"},"modified":"2025-12-16T18:27:06","modified_gmt":"2025-12-16T22:27:06","slug":"canivete-de-metal-multiferramentas-11-em-1-uny-home","status":"publish","type":"product","link":"https:\/\/www.multicasa.com.br\/inicio\/produto\/canivete-de-metal-multiferramentas-11-em-1-uny-home\/","title":{"rendered":"Canivete de Metal Multiferramentas 11 em 1 Uny Home"},"content":{"rendered":"<p>Indicado para o dia-a-dia e viagens, o canivete de metal Uny Home possui 11 fun\u00e7\u00f5es: chave Philips, l\u00e2mina de corte, l\u00e2mina de remo\u00e7\u00e3o e limpeza, serrilha para limpar peixe, serra para cortar madeira, mini tesoura, abridor de latas, abridor de garrafas, saca-rolhas, puls\u00e3o para entortar arames e lixa. Com design compacto \u00e9 a solu\u00e7\u00e3o completa que voc\u00ea precisava para resolver qualquer emerg\u00eancia. <\/p>\n","protected":false},"excerpt":{"rendered":"<h4 style=\"margin: 0px;padding: 0px 0px 16px;font-family: Lato, sans-serif;font-weight: bold;line-height: 3rem;color: var(--dark-grey3);font-size: 22px;font-style: normal;letter-spacing: normal;text-align: start;text-indent: 0px;text-transform: none\">Informa\u00e7\u00f5es t\u00e9cnicas<\/h4>\n<p><span style=\"margin: 0px;padding: 0px;font-weight: 450;font-size: 14px;line-height: 21px;color: var(--dark-grey2);font-family: Lato, sans-serif;font-style: normal;letter-spacing: normal;text-align: start;text-indent: 0px;text-transform: none\">Produto: Canivete<br \/>\nMarca: Uny Home<br \/>\nMaterial: Metal<br \/>\nCor: Sortido<br \/>\nCaracter\u00edsticas: Dobr\u00e1vel<br \/>\n11 Fun\u00e7\u00f5es<br \/>\nChave Philips<br \/>\nL\u00e2mina de corte<br \/>\nL\u00e2mina de remo\u00e7\u00e3o e limpeza<br \/>\nSerrilha com scarilhador para limpar peixe<br \/>\nSerra para cortar madeira<br \/>\nMini tesoura<br \/>\nAbridor de latas<br \/>\nAbridor de garrafas<br \/>\nSaca rolhas<br \/>\nPuls\u00e3o para entortar arames<br \/>\nLixa<br \/>\nItens inclusos: 1 Canivete<br \/>\nDimens\u00f5es do produto (L): 11cm<br \/>\n<\/span><\/p>\n","protected":false},"featured_media":17917,"template":"","meta":{"_joinchat":[]},"product_brand":[],"product_cat":[136],"product_tag":[],"class_list":{"0":"post-17831","1":"product","2":"type-product","3":"status-publish","4":"has-post-thumbnail","6":"product_cat-lazer","8":"first","9":"instock","10":"shipping-taxable","11":"purchasable","12":"product-type-simple"},"_links":{"self":[{"href":"https:\/\/www.multicasa.com.br\/inicio\/wp-json\/wp\/v2\/product\/17831","targetHints":{"allow":["GET"]}}],"collection":[{"href":"https:\/\/www.multicasa.com.br\/inicio\/wp-json\/wp\/v2\/product"}],"about":[{"href":"https:\/\/www.multicasa.com.br\/inicio\/wp-json\/wp\/v2\/types\/product"}],"wp:featuredmedia":[{"embeddable":true,"href":"https:\/\/www.multicasa.com.br\/inicio\/wp-json\/wp\/v2\/media\/17917"}],"wp:attachment":[{"href":"https:\/\/www.multicasa.com.br\/inicio\/wp-json\/wp\/v2\/media?parent=17831"}],"wp:term":[{"taxonomy":"product_brand","embeddable":true,"href":"https:\/\/www.multicasa.com.br\/inicio\/wp-json\/wp\/v2\/product_brand?post=17831"},{"taxonomy":"product_cat","embeddable":true,"href":"https:\/\/www.multicasa.com.br\/inicio\/wp-json\/wp\/v2\/product_cat?post=17831"},{"taxonomy":"product_tag","embeddable":true,"href":"https:\/\/www.multicasa.com.br\/inicio\/wp-json\/wp\/v2\/product_tag?post=17831"}],"curies":[{"name":"wp","href":"https:\/\/api.w.org\/{rel}","templated":true}]}}