{"id":17878,"date":"2025-06-20T19:25:15","date_gmt":"2025-06-20T23:25:15","guid":{"rendered":"https:\/\/www.multicasa.com.br\/inicio\/?post_type=product&#038;p=17878"},"modified":"2025-12-16T18:43:20","modified_gmt":"2025-12-16T22:43:20","slug":"ventilador-de-mesa-portatil-ventisol-127v","status":"publish","type":"product","link":"https:\/\/www.multicasa.com.br\/inicio\/produto\/ventilador-de-mesa-portatil-ventisol-127v\/","title":{"rendered":"Ventilador de Mesa Port\u00e1til Ventisol 127v"},"content":{"rendered":"<p>N\u00e3o passe mais calor no seu ambiente de trabalho ou estudo e deixe o ar mais fresco com Ventilador de Mesa Port\u00e1til da Ventisol. Com duas velocidades para voc\u00ea escolher, tem baixo consumo de energia com voltagem de 127v e duas op\u00e7\u00f5es de uso, como ventilador de mesa ou retire sua base e utilize como ventilador de clipe, fixando-o na beirada da mesa e em outras superf\u00edcies. O ventilador port\u00e1til Ventisol mede 20cm de di\u00e2metro e funciona por meio de 3 p\u00e1s ideal que asseguram sua efici\u00eancia durante o uso individual. <\/p>\n","protected":false},"excerpt":{"rendered":"<h4 style=\"margin: 0px;padding: 0px 0px 16px;font-family: Lato, sans-serif;font-weight: bold;line-height: 3rem;color: var(--dark-grey3);font-size: 22px;font-style: normal;letter-spacing: normal;text-align: start;text-indent: 0px;text-transform: none\">Informa\u00e7\u00f5es t\u00e9cnicas<\/h4>\n<p><span style=\"margin: 0px;padding: 0px;font-weight: 450;font-size: 14px;line-height: 21px;color: var(--dark-grey2);font-family: Lato, sans-serif;font-style: normal;letter-spacing: normal;text-align: start;text-indent: 0px;text-transform: none\">Produto: Ventilador de mesa<br \/>\nMarca: Ventisol<br \/>\nMaterial: Pl\u00e1stico, a\u00e7o; ferro<br \/>\nCor: Branco; azul<br \/>\nPot\u00eancia: 18w<br \/>\nAlimenta\u00e7\u00e3o: Bateria recarreg\u00e1vel em tomada 127v<br \/>\nCaracter\u00edsticas: Port\u00e1til; op\u00e7\u00e3o de base de mesa ou clipe; tens\u00e3o el\u00e9trica 127v;<br \/>\nItens Inclusos: 1 Ventilador de mesa<br \/>\nDimens\u00f5es do produto (A X L X C): 32 x 20 x 21; 20cm de di\u00e2metro<\/span><\/p>\n","protected":false},"featured_media":26276,"template":"","meta":{"_joinchat":[]},"product_brand":[],"product_cat":[149],"product_tag":[],"class_list":{"0":"post-17878","1":"product","2":"type-product","3":"status-publish","4":"has-post-thumbnail","6":"product_cat-ventiladores-comerciais","8":"first","9":"outofstock","10":"shipping-taxable","11":"purchasable","12":"product-type-simple"},"_links":{"self":[{"href":"https:\/\/www.multicasa.com.br\/inicio\/wp-json\/wp\/v2\/product\/17878","targetHints":{"allow":["GET"]}}],"collection":[{"href":"https:\/\/www.multicasa.com.br\/inicio\/wp-json\/wp\/v2\/product"}],"about":[{"href":"https:\/\/www.multicasa.com.br\/inicio\/wp-json\/wp\/v2\/types\/product"}],"wp:featuredmedia":[{"embeddable":true,"href":"https:\/\/www.multicasa.com.br\/inicio\/wp-json\/wp\/v2\/media\/26276"}],"wp:attachment":[{"href":"https:\/\/www.multicasa.com.br\/inicio\/wp-json\/wp\/v2\/media?parent=17878"}],"wp:term":[{"taxonomy":"product_brand","embeddable":true,"href":"https:\/\/www.multicasa.com.br\/inicio\/wp-json\/wp\/v2\/product_brand?post=17878"},{"taxonomy":"product_cat","embeddable":true,"href":"https:\/\/www.multicasa.com.br\/inicio\/wp-json\/wp\/v2\/product_cat?post=17878"},{"taxonomy":"product_tag","embeddable":true,"href":"https:\/\/www.multicasa.com.br\/inicio\/wp-json\/wp\/v2\/product_tag?post=17878"}],"curies":[{"name":"wp","href":"https:\/\/api.w.org\/{rel}","templated":true}]}}