{"id":17906,"date":"2025-06-20T19:25:38","date_gmt":"2025-06-20T23:25:38","guid":{"rendered":"https:\/\/www.multicasa.com.br\/inicio\/?post_type=product&#038;p=17906"},"modified":"2025-08-18T01:25:02","modified_gmt":"2025-08-18T05:25:02","slug":"bandeja-organizadora-de-plastico-rosa-hana-ordene-78l","status":"publish","type":"product","link":"https:\/\/www.multicasa.com.br\/inicio\/produto\/bandeja-organizadora-de-plastico-rosa-hana-ordene-78l\/","title":{"rendered":"Bandeja Organizadora de Pl\u00e1stico Rosa Hana Ordene 7,8L"},"content":{"rendered":"<p>Que tal uma forma moderna e pr\u00e1tica de organizar seus acess\u00f3rios? A Bandeja Organizadora de Pl\u00e1stico Rosa da linha Hana \u00e9 ideal para manter ambientes como salas, quartos e banheiros sempre em ordem. Feita de material resistente, \u00e9 f\u00e1cil de ser higienizada e tem dimens\u00f5es 40,5 x 31,5 x 8cm. O tipo de produto que toda casa necessita.<\/p>\n","protected":false},"excerpt":{"rendered":"<h4 style=\"margin: 0px;padding: 0px 0px 16px;font-family: Lato, sans-serif;font-weight: bold;line-height: 3rem;color: var(--dark-grey3);font-size: 22px;font-style: normal;letter-spacing: normal;text-align: start;text-indent: 0px;text-transform: none\">Informa\u00e7\u00f5es t\u00e9cnicas<\/h4>\n<p><span style=\"margin: 0px;padding: 0px;font-weight: 450;font-size: 14px;line-height: 21px;color: var(--dark-grey2);font-family: Lato, sans-serif;font-style: normal;letter-spacing: normal;text-align: start;text-indent: 0px;text-transform: none\">Produto: Bandeja Organizadora<br \/>\nMarca: Ordene<br \/>\nMaterial: Pl\u00e1stico<br \/>\nCapacidade: 7,8L<br \/>\nCor: Rosa<br \/>\nItens Inclusos: 1 Bandeja Organizadora<br \/>\nDimens\u00f5es do produto (A x L x P): 40,5 x 31,5 x 8cm<br \/>\n<\/span><\/p>\n","protected":false},"featured_media":26558,"template":"","meta":{"_joinchat":[]},"product_brand":[],"product_cat":[98],"product_tag":[],"class_list":{"0":"post-17906","1":"product","2":"type-product","3":"status-publish","4":"has-post-thumbnail","6":"product_cat-organizadores","8":"first","9":"instock","10":"shipping-taxable","11":"purchasable","12":"product-type-simple"},"_links":{"self":[{"href":"https:\/\/www.multicasa.com.br\/inicio\/wp-json\/wp\/v2\/product\/17906","targetHints":{"allow":["GET"]}}],"collection":[{"href":"https:\/\/www.multicasa.com.br\/inicio\/wp-json\/wp\/v2\/product"}],"about":[{"href":"https:\/\/www.multicasa.com.br\/inicio\/wp-json\/wp\/v2\/types\/product"}],"wp:featuredmedia":[{"embeddable":true,"href":"https:\/\/www.multicasa.com.br\/inicio\/wp-json\/wp\/v2\/media\/26558"}],"wp:attachment":[{"href":"https:\/\/www.multicasa.com.br\/inicio\/wp-json\/wp\/v2\/media?parent=17906"}],"wp:term":[{"taxonomy":"product_brand","embeddable":true,"href":"https:\/\/www.multicasa.com.br\/inicio\/wp-json\/wp\/v2\/product_brand?post=17906"},{"taxonomy":"product_cat","embeddable":true,"href":"https:\/\/www.multicasa.com.br\/inicio\/wp-json\/wp\/v2\/product_cat?post=17906"},{"taxonomy":"product_tag","embeddable":true,"href":"https:\/\/www.multicasa.com.br\/inicio\/wp-json\/wp\/v2\/product_tag?post=17906"}],"curies":[{"name":"wp","href":"https:\/\/api.w.org\/{rel}","templated":true}]}}