{"id":17907,"date":"2025-06-20T19:25:39","date_gmt":"2025-06-20T23:25:39","guid":{"rendered":"https:\/\/www.multicasa.com.br\/inicio\/?post_type=product&#038;p=17907"},"modified":"2025-11-10T14:04:34","modified_gmt":"2025-11-10T18:04:34","slug":"caixa-organizadora-com-tampa-de-plastico-azul-hana-ordene-78l","status":"publish","type":"product","link":"https:\/\/www.multicasa.com.br\/inicio\/produto\/caixa-organizadora-com-tampa-de-plastico-azul-hana-ordene-78l\/","title":{"rendered":"Caixa Organizadora com Tampa de Pl\u00e1stico Azul Hana Ordene 7,8L"},"content":{"rendered":"<p>A Caixa Organizadora com Tampa de Pl\u00e1stico Azul da linha Hana foi pensada para suprir as suas necessidades na hora de organizar acess\u00f3rios, revistas e outros objetos. A caixa com tampa ventilada medindo 8 x 40,5 x 31,5cm, transmite cuidado, carinho e zelo pelo lar, organizando ambientes com eleg\u00e2ncia.<\/p>\n","protected":false},"excerpt":{"rendered":"<h4 style=\"margin: 0px;padding: 0px 0px 16px;font-family: Lato, sans-serif;font-weight: bold;line-height: 3rem;color: var(--dark-grey3);font-size: 22px;font-style: normal;letter-spacing: normal;text-align: start;text-indent: 0px;text-transform: none\">Informa\u00e7\u00f5es t\u00e9cnicas<\/h4>\n<p><span style=\"margin: 0px;padding: 0px;font-weight: 450;font-size: 14px;line-height: 21px;color: var(--dark-grey2);font-family: Lato, sans-serif;font-style: normal;letter-spacing: normal;text-align: start;text-indent: 0px;text-transform: none\">Produto: Caixa organizadora<br \/>\nMarca: Ordene<br \/>\nMaterial: Pl\u00e1stico<br \/>\nCor: Azul<br \/>\nCapacidade: 7,8L<br \/>\nCaracter\u00edsticas: Transparente<br \/>\nTampa ventilada<br \/>\nItens Inclusos: 1 caixa organizadora<br \/>\nDimens\u00f5es do produto (A x L x P): 8 x 40,5 x 31,5cm<\/span><\/p>\n","protected":false},"featured_media":17970,"template":"","meta":{"_joinchat":[]},"product_brand":[],"product_cat":[98],"product_tag":[],"class_list":{"0":"post-17907","1":"product","2":"type-product","3":"status-publish","4":"has-post-thumbnail","6":"product_cat-organizadores","8":"first","9":"instock","10":"shipping-taxable","11":"purchasable","12":"product-type-simple"},"_links":{"self":[{"href":"https:\/\/www.multicasa.com.br\/inicio\/wp-json\/wp\/v2\/product\/17907","targetHints":{"allow":["GET"]}}],"collection":[{"href":"https:\/\/www.multicasa.com.br\/inicio\/wp-json\/wp\/v2\/product"}],"about":[{"href":"https:\/\/www.multicasa.com.br\/inicio\/wp-json\/wp\/v2\/types\/product"}],"wp:featuredmedia":[{"embeddable":true,"href":"https:\/\/www.multicasa.com.br\/inicio\/wp-json\/wp\/v2\/media\/17970"}],"wp:attachment":[{"href":"https:\/\/www.multicasa.com.br\/inicio\/wp-json\/wp\/v2\/media?parent=17907"}],"wp:term":[{"taxonomy":"product_brand","embeddable":true,"href":"https:\/\/www.multicasa.com.br\/inicio\/wp-json\/wp\/v2\/product_brand?post=17907"},{"taxonomy":"product_cat","embeddable":true,"href":"https:\/\/www.multicasa.com.br\/inicio\/wp-json\/wp\/v2\/product_cat?post=17907"},{"taxonomy":"product_tag","embeddable":true,"href":"https:\/\/www.multicasa.com.br\/inicio\/wp-json\/wp\/v2\/product_tag?post=17907"}],"curies":[{"name":"wp","href":"https:\/\/api.w.org\/{rel}","templated":true}]}}

Caixa Organizadora com Tampa de Plástico Azul Hana Ordene 7,8L

<p>A Caixa Organizadora com Tampa de Plástico Azul da linha Hana foi pensada para suprir as suas necessidades na hora de organizar acessórios, revistas e outros objetos. A caixa com tampa ventilada medindo 8 x 40,5 x 31,5cm, transmite cuidado, carinho e zelo pelo lar, organizando ambientes com elegância.</p>

<h4 style="margin: 0px;padding: 0px 0px 16px;font-family: Lato, sans-serif;font-weight: bold;line-height: 3rem;color: var(--dark-grey3);font-size: 22px;font-style: normal;letter-spacing: normal;text-align: start;text-indent: 0px;text-transform: none">Informações técnicas</h4>
<p><span style="margin: 0px;padding: 0px;font-weight: 450;font-size: 14px;line-height: 21px;color: var(--dark-grey2);font-family: Lato, sans-serif;font-style: normal;letter-spacing: normal;text-align: start;text-indent: 0px;text-transform: none">Produto: Caixa organizadora<br />
Marca: Ordene<br />
Material: Plástico<br />
Cor: Azul<br />
Capacidade: 7,8L<br />
Características: Transparente<br />
Tampa ventilada<br />
Itens Inclusos: 1 caixa organizadora<br />
Dimensões do produto (A x L x P): 8 x 40,5 x 31,5cm</span></p>
