{"id":17981,"date":"2025-06-20T19:26:47","date_gmt":"2025-06-20T23:26:47","guid":{"rendered":"https:\/\/www.multicasa.com.br\/inicio\/?post_type=product&#038;p=17981"},"modified":"2026-03-23T10:50:52","modified_gmt":"2026-03-23T14:50:52","slug":"luminaria-led-noturna-key-west-bivolt","status":"publish","type":"product","link":"https:\/\/www.multicasa.com.br\/inicio\/produto\/luminaria-led-noturna-key-west-bivolt\/","title":{"rendered":"Lumin\u00e1ria Led Noturna Key West Bivolt"},"content":{"rendered":"<p>A Lumin\u00e1ria Led Noturna Key West \u00e9 perfeita para iluminar suavemente o espa\u00e7o, proporcionando conforto e seguran\u00e7a para ambientes com baixa ilumina\u00e7\u00e3o. Com tens\u00e3o el\u00e9trica bivolt e pot\u00eancia de 1w, possui 4 LEDs brancos frios e pode ficar acesa a noite toda, consumindo baix\u00edssima energia. Plugue diretamente na tomada, possui interruptor de liga e desliga.<\/p>\n","protected":false},"excerpt":{"rendered":"<h4 style=\"margin: 0px;padding: 0px 0px 16px;font-family: Lato, sans-serif;font-weight: bold;line-height: 3rem;color: var(--dark-grey3);font-size: 22px;font-style: normal;letter-spacing: normal;text-align: start;text-indent: 0px;text-transform: none\">Informa\u00e7\u00f5es t\u00e9cnicas<\/h4>\n<p><span style=\"margin: 0px;padding: 0px;font-weight: 450;font-size: 14px;line-height: 21px;color: var(--dark-grey2);font-family: Lato, sans-serif;font-style: normal;letter-spacing: normal;text-align: start;text-indent: 0px;text-transform: none\">Produto: Lumin\u00e1ria Noturna<br \/>\nMarca: Keywest<br \/>\nMaterial: Pl\u00e1stico<br \/>\nCor: Branco<br \/>\nCor da Luz: Branco Frio<br \/>\nPot\u00eancia: 1w<br \/>\nTens\u00e3o el\u00e9trica: 127v-220v<br \/>\nCaracter\u00edsticas: 4 Leds<br \/>\nPode ficar acesa a noite toda<br \/>\nBaixo consumo<br \/>\nPossui interruptor<br \/>\nItens Inclusos: 1 Lumin\u00e1ria Noturna<br \/>\nDimens\u00f5es do produto (A X L X P): 3,5 x 8 x 7,5cm<br \/>\n<\/span><\/p>\n","protected":false},"featured_media":18030,"template":"","meta":{"_joinchat":[]},"product_brand":[],"product_cat":[157],"product_tag":[],"class_list":{"0":"post-17981","1":"product","2":"type-product","3":"status-publish","4":"has-post-thumbnail","6":"product_cat-leds-decorativos","8":"first","9":"instock","10":"shipping-taxable","11":"purchasable","12":"product-type-simple"},"_links":{"self":[{"href":"https:\/\/www.multicasa.com.br\/inicio\/wp-json\/wp\/v2\/product\/17981","targetHints":{"allow":["GET"]}}],"collection":[{"href":"https:\/\/www.multicasa.com.br\/inicio\/wp-json\/wp\/v2\/product"}],"about":[{"href":"https:\/\/www.multicasa.com.br\/inicio\/wp-json\/wp\/v2\/types\/product"}],"wp:featuredmedia":[{"embeddable":true,"href":"https:\/\/www.multicasa.com.br\/inicio\/wp-json\/wp\/v2\/media\/18030"}],"wp:attachment":[{"href":"https:\/\/www.multicasa.com.br\/inicio\/wp-json\/wp\/v2\/media?parent=17981"}],"wp:term":[{"taxonomy":"product_brand","embeddable":true,"href":"https:\/\/www.multicasa.com.br\/inicio\/wp-json\/wp\/v2\/product_brand?post=17981"},{"taxonomy":"product_cat","embeddable":true,"href":"https:\/\/www.multicasa.com.br\/inicio\/wp-json\/wp\/v2\/product_cat?post=17981"},{"taxonomy":"product_tag","embeddable":true,"href":"https:\/\/www.multicasa.com.br\/inicio\/wp-json\/wp\/v2\/product_tag?post=17981"}],"curies":[{"name":"wp","href":"https:\/\/api.w.org\/{rel}","templated":true}]}}