{"id":18181,"date":"2025-06-20T19:28:18","date_gmt":"2025-06-20T23:28:18","guid":{"rendered":"https:\/\/www.multicasa.com.br\/inicio\/?post_type=product&#038;p=18181"},"modified":"2026-03-24T10:00:21","modified_gmt":"2026-03-24T14:00:21","slug":"broca-chata-para-madeira-tramontina-1-2","status":"publish","type":"product","link":"https:\/\/www.multicasa.com.br\/inicio\/produto\/broca-chata-para-madeira-tramontina-1-2\/","title":{"rendered":"Broca Chata para Madeira Tramontina 1\/2&#8243;"},"content":{"rendered":"<p>A Broca para Madeira com ponta chata de 1\/2&#8243; x 150mm da Tramontina \u00e9 produzida em a\u00e7o especial temperado e com corpo fosfatizado, com isso evita a corros\u00e3o do produto. Perfeita para realizar perfura\u00e7\u00f5es limpas e precisas em superf\u00edcies de madeira, possui engate r\u00e1pido que permite realizar a troca da broca com agilidade, aumentando a produtividade. Resistente e muito dur\u00e1vel, a broca Tramontina \u00e9 escolha ideal para seus projetos.<\/p>\n","protected":false},"excerpt":{"rendered":"<h4 style=\"margin: 0px;padding: 0px 0px 16px;font-family: Lato, sans-serif;font-weight: bold;line-height: 3rem;color: var(--dark-grey3);font-size: 22px;font-style: normal;letter-spacing: normal;text-align: start;text-indent: 0px;text-transform: none\" data-mce-style=\"margin: 0px; padding: 0px 0px 16px; font-family: Lato, sans-serif; font-weight: bold; line-height: 3rem; color: var(--dark-grey3); font-size: 22px; font-style: normal; letter-spacing: normal; text-align: start; text-indent: 0px; text-transform: none;\">Informa\u00e7\u00f5es t\u00e9cnicas<\/h4>\n<p><span style=\"margin: 0px;padding: 0px;font-weight: 450;font-size: 14px;line-height: 21px;color: var(--dark-grey2);font-family: Lato, sans-serif;font-style: normal;letter-spacing: normal;text-align: start;text-indent: 0px;text-transform: none\" data-mce-style=\"margin: 0px; padding: 0px; font-weight: 450; font-size: 14px; line-height: 21px; color: var(--dark-grey2); font-family: Lato, sans-serif; font-style: normal; letter-spacing: normal; text-align: start; text-indent: 0px; text-transform: none;\">Produto: Broca para Madeira Chata<br \/>Marca: Tramontina<br \/>Material: A\u00e7o especial temperado<br \/>Caracrer\u00edsricas: corpo fosfatizado, t\u00eampera total no corpo<br \/>Itens Inclusos: 1 Broca<br \/>Dimens\u00f5es do produto em polegadas: 1\/2&#8243;<br \/>Dimens\u00f5es do produto (A x L): 150 x 12,70mm<br \/>Peso: 0,04kg<\/span><\/p>\n","protected":false},"featured_media":0,"template":"","meta":{"_joinchat":[]},"product_brand":[],"product_cat":[152],"product_tag":[],"class_list":{"0":"post-18181","1":"product","2":"type-product","3":"status-publish","5":"product_cat-ferramentas-eletricas","7":"first","8":"instock","9":"shipping-taxable","10":"purchasable","11":"product-type-simple"},"_links":{"self":[{"href":"https:\/\/www.multicasa.com.br\/inicio\/wp-json\/wp\/v2\/product\/18181","targetHints":{"allow":["GET"]}}],"collection":[{"href":"https:\/\/www.multicasa.com.br\/inicio\/wp-json\/wp\/v2\/product"}],"about":[{"href":"https:\/\/www.multicasa.com.br\/inicio\/wp-json\/wp\/v2\/types\/product"}],"wp:attachment":[{"href":"https:\/\/www.multicasa.com.br\/inicio\/wp-json\/wp\/v2\/media?parent=18181"}],"wp:term":[{"taxonomy":"product_brand","embeddable":true,"href":"https:\/\/www.multicasa.com.br\/inicio\/wp-json\/wp\/v2\/product_brand?post=18181"},{"taxonomy":"product_cat","embeddable":true,"href":"https:\/\/www.multicasa.com.br\/inicio\/wp-json\/wp\/v2\/product_cat?post=18181"},{"taxonomy":"product_tag","embeddable":true,"href":"https:\/\/www.multicasa.com.br\/inicio\/wp-json\/wp\/v2\/product_tag?post=18181"}],"curies":[{"name":"wp","href":"https:\/\/api.w.org\/{rel}","templated":true}]}}